{"version":"1.0","provider_name":"\u017dilinsk\u00e9 kult\u00farne leto 2025","provider_url":"https:\/\/kulturneleto.eu\/en","title":"Prehliadka Pam\u00e4tnej izby Vrbu a Wetzlera - \u017dilinsk\u00e9 kult\u00farne leto 2025","type":"rich","width":600,"height":338,"html":"<blockquote class=\"wp-embedded-content\" data-secret=\"GiZKg3eBF3\"><a href=\"https:\/\/kulturneleto.eu\/en\/event\/prehliadka-pamatnej-izby-vrbu-a-wetzlera\/\">Prehliadka Pam\u00e4tnej izby Vrbu a Wetzlera<\/a><\/blockquote><iframe sandbox=\"allow-scripts\" security=\"restricted\" src=\"https:\/\/kulturneleto.eu\/en\/event\/prehliadka-pamatnej-izby-vrbu-a-wetzlera\/embed\/#?secret=GiZKg3eBF3\" width=\"600\" height=\"338\" title=\"&#8220;Prehliadka Pam\u00e4tnej izby Vrbu a Wetzlera&#8221; &#8212; \u017dilinsk\u00e9 kult\u00farne leto 2025\" data-secret=\"GiZKg3eBF3\" frameborder=\"0\" marginwidth=\"0\" marginheight=\"0\" scrolling=\"no\" class=\"wp-embedded-content\"><\/iframe><script>\n\/*! This file is auto-generated *\/\n!function(d,l){\"use strict\";l.querySelector&&d.addEventListener&&\"undefined\"!=typeof URL&&(d.wp=d.wp||{},d.wp.receiveEmbedMessage||(d.wp.receiveEmbedMessage=function(e){var t=e.data;if((t||t.secret||t.message||t.value)&&!\/[^a-zA-Z0-9]\/.test(t.secret)){for(var s,r,n,a=l.querySelectorAll('iframe[data-secret=\"'+t.secret+'\"]'),o=l.querySelectorAll('blockquote[data-secret=\"'+t.secret+'\"]'),c=new RegExp(\"^https?:$\",\"i\"),i=0;i<o.length;i++)o[i].style.display=\"none\";for(i=0;i<a.length;i++)s=a[i],e.source===s.contentWindow&&(s.removeAttribute(\"style\"),\"height\"===t.message?(1e3<(r=parseInt(t.value,10))?r=1e3:~~r<200&&(r=200),s.height=r):\"link\"===t.message&&(r=new URL(s.getAttribute(\"src\")),n=new URL(t.value),c.test(n.protocol))&&n.host===r.host&&l.activeElement===s&&(d.top.location.href=t.value))}},d.addEventListener(\"message\",d.wp.receiveEmbedMessage,!1),l.addEventListener(\"DOMContentLoaded\",function(){for(var e,t,s=l.querySelectorAll(\"iframe.wp-embedded-content\"),r=0;r<s.length;r++)(t=(e=s[r]).getAttribute(\"data-secret\"))||(t=Math.random().toString(36).substring(2,12),e.src+=\"#?secret=\"+t,e.setAttribute(\"data-secret\",t)),e.contentWindow.postMessage({message:\"ready\",secret:t},\"*\")},!1)))}(window,document);\n\/\/# sourceURL=https:\/\/kulturneleto.eu\/wp-includes\/js\/wp-embed.min.js\n<\/script>","thumbnail_url":"https:\/\/kulturneleto.eu\/wp-content\/uploads\/2023\/06\/Pamatna-izba-Vrba-Wetzler.jpg","thumbnail_width":1000,"thumbnail_height":667,"description":"Zozn\u00e1mte sa s\u00a0miestom, kde v roku 1944 vypovedali ute\u010denci z Osvien\u010dimu-Birkenau, Rudolf Vrba a Alfr\u00e9d Wetzler, o hr\u00f4zach koncentra\u010dn\u00fdch t\u00e1borov. Po\u010das n\u00e1v\u0161tevy pam\u00e4tnej izby 11. augusta o\u00a017.30 sa obozn\u00e1mite s historick\u00fdm kontextom udalost\u00ed, ktor\u00e9 s\u00favisia so vznikom spr\u00e1vy. Na prehliadku je potrebn\u00e9 sa vopred objedna\u0165 telefonicky na +421 907 845 567 alebo e-mailom na\u00a0info@tikzilina.eu. Vstup [&hellip;]"}

Žilinské kultúrne leto 2025

Prehliadka Pamätnej izby Vrbu a Wetzlera - Žilinské kultúrne leto 2025

<blockquote class="wp-embedded-content" data-secret="GiZKg3eBF3"><a href="https://kulturneleto.eu/en/event/prehliadka-pamatnej-izby-vrbu-a-wetzlera/">Prehliadka Pamätnej izby Vrbu a Wetzlera</a></blockquote><iframe sandbox="allow-scripts" security="restricted" src="https://kulturneleto.eu/en/event/prehliadka-pamatnej-izby-vrbu-a-wetzlera/embed/#?secret=GiZKg3eBF3" width="600" height="338" title="&#8220;Prehliadka Pamätnej izby Vrbu a Wetzlera&#8221; &#8212; Žilinské kultúrne leto 2025" data-secret="GiZKg3eBF3" frameborder="0" marginwidth="0" marginheight="0" scrolling="no" class="wp-embedded-content"></iframe><script>
/*! This file is auto-generated */
!function(d,l){"use strict";l.querySelector&&d.addEventListener&&"undefined"!=typeof URL&&(d.wp=d.wp||{},d.wp.receiveEmbedMessage||(d.wp.receiveEmbedMessage=function(e){var t=e.data;if((t||t.secret||t.message||t.value)&&!/[^a-zA-Z0-9]/.test(t.secret)){for(var s,r,n,a=l.querySelectorAll('iframe[data-secret="'+t.secret+'"]'),o=l.querySelectorAll('blockquote[data-secret="'+t.secret+'"]'),c=new RegExp("^https?:$","i"),i=0;i<o.length;i++)o[i].style.display="none";for(i=0;i<a.length;i++)s=a[i],e.source===s.contentWindow&&(s.removeAttribute("style"),"height"===t.message?(1e3<(r=parseInt(t.value,10))?r=1e3:~~r<200&&(r=200),s.height=r):"link"===t.message&&(r=new URL(s.getAttribute("src")),n=new URL(t.value),c.test(n.protocol))&&n.host===r.host&&l.activeElement===s&&(d.top.location.href=t.value))}},d.addEventListener("message",d.wp.receiveEmbedMessage,!1),l.addEventListener("DOMContentLoaded",function(){for(var e,t,s=l.querySelectorAll("iframe.wp-embedded-content"),r=0;r<s.length;r++)(t=(e=s[r]).getAttribute("data-secret"))||(t=Math.random().toString(36).substring(2,12),e.src+="#?secret="+t,e.setAttribute("data-secret",t)),e.contentWindow.postMessage({message:"ready",secret:t},"*")},!1)))}(window,document);
//# sourceURL=https://kulturneleto.eu/wp-includes/js/wp-embed.min.js
</script>

Zoznámte sa s miestom, kde v roku 1944 vypovedali utečenci z Osvienčimu-Birkenau, Rudolf Vrba a Alfréd Wetzler, o hrôzach koncentračných táborov. Počas návštevy pamätnej izby 11. augusta o 17.30 sa oboznámite s historickým kontextom udalostí, ktoré súvisia so vznikom správy. Na prehliadku je potrebné sa vopred objednať telefonicky na +421 907 845 567 alebo e-mailom na info@tikzilina.eu. Vstup [&hellip;]
