{"version":"1.0","provider_name":"\u017dilinsk\u00e9 kult\u00farne leto 2025","provider_url":"https:\/\/kulturneleto.eu\/en","title":"Z\u00e1vere\u010dn\u00e1 \/ Dni eur\u00f3pskeho kult\u00farneho dedi\u010dstva - \u017dilinsk\u00e9 kult\u00farne leto 2025","type":"rich","width":600,"height":338,"html":"<blockquote class=\"wp-embedded-content\" data-secret=\"ckcadSlqap\"><a href=\"https:\/\/kulturneleto.eu\/en\/event\/zaverecna\/\">Z\u00e1vere\u010dn\u00e1 \/ Dni eur\u00f3pskeho kult\u00farneho dedi\u010dstva<\/a><\/blockquote><iframe sandbox=\"allow-scripts\" security=\"restricted\" src=\"https:\/\/kulturneleto.eu\/en\/event\/zaverecna\/embed\/#?secret=ckcadSlqap\" width=\"600\" height=\"338\" title=\"&#8220;Z\u00e1vere\u010dn\u00e1 \/ Dni eur\u00f3pskeho kult\u00farneho dedi\u010dstva&#8221; &#8212; \u017dilinsk\u00e9 kult\u00farne leto 2025\" data-secret=\"ckcadSlqap\" frameborder=\"0\" marginwidth=\"0\" marginheight=\"0\" scrolling=\"no\" class=\"wp-embedded-content\"><\/iframe><script>\n\/*! This file is auto-generated *\/\n!function(d,l){\"use strict\";l.querySelector&&d.addEventListener&&\"undefined\"!=typeof URL&&(d.wp=d.wp||{},d.wp.receiveEmbedMessage||(d.wp.receiveEmbedMessage=function(e){var t=e.data;if((t||t.secret||t.message||t.value)&&!\/[^a-zA-Z0-9]\/.test(t.secret)){for(var s,r,n,a=l.querySelectorAll('iframe[data-secret=\"'+t.secret+'\"]'),o=l.querySelectorAll('blockquote[data-secret=\"'+t.secret+'\"]'),c=new RegExp(\"^https?:$\",\"i\"),i=0;i<o.length;i++)o[i].style.display=\"none\";for(i=0;i<a.length;i++)s=a[i],e.source===s.contentWindow&&(s.removeAttribute(\"style\"),\"height\"===t.message?(1e3<(r=parseInt(t.value,10))?r=1e3:~~r<200&&(r=200),s.height=r):\"link\"===t.message&&(r=new URL(s.getAttribute(\"src\")),n=new URL(t.value),c.test(n.protocol))&&n.host===r.host&&l.activeElement===s&&(d.top.location.href=t.value))}},d.addEventListener(\"message\",d.wp.receiveEmbedMessage,!1),l.addEventListener(\"DOMContentLoaded\",function(){for(var e,t,s=l.querySelectorAll(\"iframe.wp-embedded-content\"),r=0;r<s.length;r++)(t=(e=s[r]).getAttribute(\"data-secret\"))||(t=Math.random().toString(36).substring(2,12),e.src+=\"#?secret=\"+t,e.setAttribute(\"data-secret\",t)),e.contentWindow.postMessage({message:\"ready\",secret:t},\"*\")},!1)))}(window,document);\n\/\/# sourceURL=https:\/\/kulturneleto.eu\/wp-includes\/js\/wp-embed.min.js\n<\/script>","thumbnail_url":"https:\/\/kulturneleto.eu\/wp-content\/uploads\/2023\/07\/dni_kulturneho_dedicstva_A2-724x1024.jpg","thumbnail_width":724,"thumbnail_height":1024,"description":"Otv\u00e1rac\u00ed de\u0148 DN\u00cd EUR\u00d3PSKEHO KULT\u00daRNEHO DEDI\u010cSTVA 2023. &nbsp; Dni eur\u00f3pskeho kult\u00farneho dedi\u010dstva sa konaj\u00fa ka\u017edoro\u010dne po\u010das septembra s cie\u013eom propagova\u0165 kult\u00farne dedi\u010dstvo v kontexte vybranej t\u00e9my. Tohtoro\u010dnou celoeur\u00f3pskou t\u00e9mou je \u201eLiving heritage!\u201c, v preklade \u201eDedi\u010dstvo \u017ei!\u201c. Ob\u013e\u00faben\u00e9 podujatie bude tento rok na Slovensku hosti\u0165 mesto \u017dilina. S\u00fa\u010das\u0165ou Dn\u00ed eur\u00f3pskeho kult\u00farneho dedi\u010dstva bud\u00fa v\u00fdstavy, komentovan\u00e9 prehliadky [&hellip;]"}

Žilinské kultúrne leto 2025

Záverečná / Dni európskeho kultúrneho dedičstva - Žilinské kultúrne leto 2025

<blockquote class="wp-embedded-content" data-secret="ckcadSlqap"><a href="https://kulturneleto.eu/en/event/zaverecna/">Záverečná / Dni európskeho kultúrneho dedičstva</a></blockquote><iframe sandbox="allow-scripts" security="restricted" src="https://kulturneleto.eu/en/event/zaverecna/embed/#?secret=ckcadSlqap" width="600" height="338" title="&#8220;Záverečná / Dni európskeho kultúrneho dedičstva&#8221; &#8212; Žilinské kultúrne leto 2025" data-secret="ckcadSlqap" frameborder="0" marginwidth="0" marginheight="0" scrolling="no" class="wp-embedded-content"></iframe><script>
/*! This file is auto-generated */
!function(d,l){"use strict";l.querySelector&&d.addEventListener&&"undefined"!=typeof URL&&(d.wp=d.wp||{},d.wp.receiveEmbedMessage||(d.wp.receiveEmbedMessage=function(e){var t=e.data;if((t||t.secret||t.message||t.value)&&!/[^a-zA-Z0-9]/.test(t.secret)){for(var s,r,n,a=l.querySelectorAll('iframe[data-secret="'+t.secret+'"]'),o=l.querySelectorAll('blockquote[data-secret="'+t.secret+'"]'),c=new RegExp("^https?:$","i"),i=0;i<o.length;i++)o[i].style.display="none";for(i=0;i<a.length;i++)s=a[i],e.source===s.contentWindow&&(s.removeAttribute("style"),"height"===t.message?(1e3<(r=parseInt(t.value,10))?r=1e3:~~r<200&&(r=200),s.height=r):"link"===t.message&&(r=new URL(s.getAttribute("src")),n=new URL(t.value),c.test(n.protocol))&&n.host===r.host&&l.activeElement===s&&(d.top.location.href=t.value))}},d.addEventListener("message",d.wp.receiveEmbedMessage,!1),l.addEventListener("DOMContentLoaded",function(){for(var e,t,s=l.querySelectorAll("iframe.wp-embedded-content"),r=0;r<s.length;r++)(t=(e=s[r]).getAttribute("data-secret"))||(t=Math.random().toString(36).substring(2,12),e.src+="#?secret="+t,e.setAttribute("data-secret",t)),e.contentWindow.postMessage({message:"ready",secret:t},"*")},!1)))}(window,document);
//# sourceURL=https://kulturneleto.eu/wp-includes/js/wp-embed.min.js
</script>

Otvárací deň DNÍ EURÓPSKEHO KULTÚRNEHO DEDIČSTVA 2023. &nbsp; Dni európskeho kultúrneho dedičstva sa konajú každoročne počas septembra s cieľom propagovať kultúrne dedičstvo v kontexte vybranej témy. Tohtoročnou celoeurópskou témou je „Living heritage!“, v preklade „Dedičstvo ži!“. Obľúbené podujatie bude tento rok na Slovensku hostiť mesto Žilina. Súčasťou Dní európskeho kultúrneho dedičstva budú výstavy, komentované prehliadky [&hellip;]
