{"version":"1.0","provider_name":"\u017dilinsk\u00e9 kult\u00farne leto 2025","provider_url":"https:\/\/kulturneleto.eu\/en","title":"\u017dilinsk\u00e1 plaveck\u00e1 \u0161tafeta - \u017dilinsk\u00e9 kult\u00farne leto 2025","type":"rich","width":600,"height":338,"html":"<blockquote class=\"wp-embedded-content\" data-secret=\"llYvUIXxfY\"><a href=\"https:\/\/kulturneleto.eu\/en\/event\/zilinska-plavecka-stafeta-2\/\">\u017dilinsk\u00e1 plaveck\u00e1 \u0161tafeta<\/a><\/blockquote><iframe sandbox=\"allow-scripts\" security=\"restricted\" src=\"https:\/\/kulturneleto.eu\/en\/event\/zilinska-plavecka-stafeta-2\/embed\/#?secret=llYvUIXxfY\" width=\"600\" height=\"338\" title=\"&#8220;\u017dilinsk\u00e1 plaveck\u00e1 \u0161tafeta&#8221; &#8212; \u017dilinsk\u00e9 kult\u00farne leto 2025\" data-secret=\"llYvUIXxfY\" frameborder=\"0\" marginwidth=\"0\" marginheight=\"0\" scrolling=\"no\" class=\"wp-embedded-content\"><\/iframe><script>\n\/*! This file is auto-generated *\/\n!function(d,l){\"use strict\";l.querySelector&&d.addEventListener&&\"undefined\"!=typeof URL&&(d.wp=d.wp||{},d.wp.receiveEmbedMessage||(d.wp.receiveEmbedMessage=function(e){var t=e.data;if((t||t.secret||t.message||t.value)&&!\/[^a-zA-Z0-9]\/.test(t.secret)){for(var s,r,n,a=l.querySelectorAll('iframe[data-secret=\"'+t.secret+'\"]'),o=l.querySelectorAll('blockquote[data-secret=\"'+t.secret+'\"]'),c=new RegExp(\"^https?:$\",\"i\"),i=0;i<o.length;i++)o[i].style.display=\"none\";for(i=0;i<a.length;i++)s=a[i],e.source===s.contentWindow&&(s.removeAttribute(\"style\"),\"height\"===t.message?(1e3<(r=parseInt(t.value,10))?r=1e3:~~r<200&&(r=200),s.height=r):\"link\"===t.message&&(r=new URL(s.getAttribute(\"src\")),n=new URL(t.value),c.test(n.protocol))&&n.host===r.host&&l.activeElement===s&&(d.top.location.href=t.value))}},d.addEventListener(\"message\",d.wp.receiveEmbedMessage,!1),l.addEventListener(\"DOMContentLoaded\",function(){for(var e,t,s=l.querySelectorAll(\"iframe.wp-embedded-content\"),r=0;r<s.length;r++)(t=(e=s[r]).getAttribute(\"data-secret\"))||(t=Math.random().toString(36).substring(2,12),e.src+=\"#?secret=\"+t,e.setAttribute(\"data-secret\",t)),e.contentWindow.postMessage({message:\"ready\",secret:t},\"*\")},!1)))}(window,document);\n\/\/# sourceURL=https:\/\/kulturneleto.eu\/wp-includes\/js\/wp-embed.min.js\n<\/script>","thumbnail_url":"https:\/\/kulturneleto.eu\/wp-content\/uploads\/2023\/07\/plavecka_stafeta_2023_A2.jpg","thumbnail_width":1300,"thumbnail_height":1839,"description":"Mesto \u017dilina a Mestsk\u00e1 kryt\u00e1 plav\u00e1re\u0148 v \u017diline pripravili u\u017e v porad\u00ed 15. ro\u010dn\u00edk podujatia s n\u00e1zvom \u017dilinsk\u00e1 plaveck\u00e1 \u0161tafeta.\u00a0Cie\u013eom podujatia je zapoji\u0165 do \u0161portovej aktivity \u010do najviac obyvate\u013eov n\u00e1\u0161ho mesta, prekona\u0165 minuloro\u010dn\u00fd rekord a zv\u00ed\u0165azi\u0165 medzi ostatn\u00fdmi slovensk\u00fdmi mestami. Vstup na plav\u00e1re\u0148 je po\u010das podujatia zdarma a ka\u017ed\u00fd \u00fa\u010dastn\u00edk dostane \u010fal\u0161iu vo\u013en\u00fa vstupenku, dar\u010dek [&hellip;]"}

Žilinské kultúrne leto 2025

Žilinská plavecká štafeta - Žilinské kultúrne leto 2025

<blockquote class="wp-embedded-content" data-secret="llYvUIXxfY"><a href="https://kulturneleto.eu/en/event/zilinska-plavecka-stafeta-2/">Žilinská plavecká štafeta</a></blockquote><iframe sandbox="allow-scripts" security="restricted" src="https://kulturneleto.eu/en/event/zilinska-plavecka-stafeta-2/embed/#?secret=llYvUIXxfY" width="600" height="338" title="&#8220;Žilinská plavecká štafeta&#8221; &#8212; Žilinské kultúrne leto 2025" data-secret="llYvUIXxfY" frameborder="0" marginwidth="0" marginheight="0" scrolling="no" class="wp-embedded-content"></iframe><script>
/*! This file is auto-generated */
!function(d,l){"use strict";l.querySelector&&d.addEventListener&&"undefined"!=typeof URL&&(d.wp=d.wp||{},d.wp.receiveEmbedMessage||(d.wp.receiveEmbedMessage=function(e){var t=e.data;if((t||t.secret||t.message||t.value)&&!/[^a-zA-Z0-9]/.test(t.secret)){for(var s,r,n,a=l.querySelectorAll('iframe[data-secret="'+t.secret+'"]'),o=l.querySelectorAll('blockquote[data-secret="'+t.secret+'"]'),c=new RegExp("^https?:$","i"),i=0;i<o.length;i++)o[i].style.display="none";for(i=0;i<a.length;i++)s=a[i],e.source===s.contentWindow&&(s.removeAttribute("style"),"height"===t.message?(1e3<(r=parseInt(t.value,10))?r=1e3:~~r<200&&(r=200),s.height=r):"link"===t.message&&(r=new URL(s.getAttribute("src")),n=new URL(t.value),c.test(n.protocol))&&n.host===r.host&&l.activeElement===s&&(d.top.location.href=t.value))}},d.addEventListener("message",d.wp.receiveEmbedMessage,!1),l.addEventListener("DOMContentLoaded",function(){for(var e,t,s=l.querySelectorAll("iframe.wp-embedded-content"),r=0;r<s.length;r++)(t=(e=s[r]).getAttribute("data-secret"))||(t=Math.random().toString(36).substring(2,12),e.src+="#?secret="+t,e.setAttribute("data-secret",t)),e.contentWindow.postMessage({message:"ready",secret:t},"*")},!1)))}(window,document);
//# sourceURL=https://kulturneleto.eu/wp-includes/js/wp-embed.min.js
</script>

Mesto Žilina a Mestská krytá plaváreň v Žiline pripravili už v poradí 15. ročník podujatia s názvom Žilinská plavecká štafeta. Cieľom podujatia je zapojiť do športovej aktivity čo najviac obyvateľov nášho mesta, prekonať minuloročný rekord a zvíťaziť medzi ostatnými slovenskými mestami. Vstup na plaváreň je počas podujatia zdarma a každý účastník dostane ďalšiu voľnú vstupenku, darček [&hellip;]
