{"id":12183,"date":"2025-06-27T13:26:47","date_gmt":"2025-06-27T11:26:47","guid":{"rendered":"https:\/\/kulturneleto.eu\/?post_type=event_listing&#038;p=12183"},"modified":"2025-08-05T10:23:32","modified_gmt":"2025-08-05T08:23:32","slug":"klub-u-emky-moj-macik","status":"publish","type":"event_listing","link":"https:\/\/kulturneleto.eu\/en\/event\/klub-u-emky-moj-macik\/","title":{"rendered":"KLUB U EMKY: M\u00d4J MAC\u00cdK"},"content":{"rendered":"<p><img fetchpriority=\"high\" decoding=\"async\" class=\"alignnone size-full wp-image-12973\" src=\"https:\/\/kulturneleto.eu\/wp-content\/uploads\/2025\/06\/2025-08-11_Klub_u_eMKy_Moj_macik_plagat-scaled-1.jpg\" alt=\"\" width=\"1811\" height=\"2560\" srcset=\"https:\/\/kulturneleto.eu\/wp-content\/uploads\/2025\/06\/2025-08-11_Klub_u_eMKy_Moj_macik_plagat-scaled-1.jpg 1811w, https:\/\/kulturneleto.eu\/wp-content\/uploads\/2025\/06\/2025-08-11_Klub_u_eMKy_Moj_macik_plagat-scaled-1-724x1024.jpg 724w, https:\/\/kulturneleto.eu\/wp-content\/uploads\/2025\/06\/2025-08-11_Klub_u_eMKy_Moj_macik_plagat-scaled-1-768x1086.jpg 768w, https:\/\/kulturneleto.eu\/wp-content\/uploads\/2025\/06\/2025-08-11_Klub_u_eMKy_Moj_macik_plagat-scaled-1-1087x1536.jpg 1087w, https:\/\/kulturneleto.eu\/wp-content\/uploads\/2025\/06\/2025-08-11_Klub_u_eMKy_Moj_macik_plagat-scaled-1-1449x2048.jpg 1449w\" sizes=\"(max-width: 1811px) 100vw, 1811px\" \/><\/p>\n<p>&nbsp;<\/p>\n<p>V auguste sa #medzi_regalmi bude oz\u00fdva\u0165 brum-brum. Spolu s eMKou sa postar\u00e1me o medved\u00edka z kni\u017eky. S b\u00e1sni\u010dkou Z. Aleksandrovovej v preklade M. R\u00e1zusovej-Mart\u00e1kovej napr\u00edklad: navar\u00edme ka\u0161u sladk\u00fa, spozn\u00e1me kamar\u00e1tov na dvore a p\u00f4jdeme sa aj ok\u00fapa\u0165.<\/p>\n<p>&nbsp;<\/p>\n<p>S kni\u017ekou M\u00f4j mac\u00edk sa zozn\u00e1mia deti vo veku od 1,5 &#8211; 5 r. v Klube u eMKy.<\/p>\n<p>&nbsp;<\/p>\n<p>V\u0161etky aktu\u00e1lne inform\u00e1cie bud\u00fa na web str\u00e1nke: <a href=\"http:\/\/www.mkzilina.sk\">www.mkzilina.sk <\/a><\/p>","protected":false},"featured_media":12973,"template":"","meta":[],"event_listing_category":[103],"event_listing_type":[83],"class_list":["post-12183","event_listing","type-event_listing","status-publish","has-post-thumbnail","hentry","event_listing_category-zkl2025","event_listing_type-ine"],"yoast_head":"<!-- This site is optimized with the Yoast SEO plugin v27.1.1 - https:\/\/yoast.com\/product\/yoast-seo-wordpress\/ -->\n<title>KLUB U EMKY: M\u00d4J MAC\u00cdK - \u017dilinsk\u00e9 kult\u00farne leto 2025<\/title>\n<meta name=\"robots\" content=\"index, follow, max-snippet:-1, max-image-preview:large, max-video-preview:-1\" \/>\n<link rel=\"canonical\" href=\"https:\/\/kulturneleto.eu\/en\/event\/klub-u-emky-moj-macik\/\" \/>\n<meta property=\"og:locale\" content=\"en_US\" \/>\n<meta property=\"og:type\" content=\"article\" \/>\n<meta property=\"og:title\" content=\"KLUB U EMKY: M\u00d4J MAC\u00cdK - \u017dilinsk\u00e9 kult\u00farne leto 2025\" \/>\n<meta property=\"og:description\" content=\"&nbsp; V auguste sa #medzi_regalmi bude oz\u00fdva\u0165 brum-brum. Spolu s eMKou sa postar\u00e1me o medved\u00edka z kni\u017eky. S b\u00e1sni\u010dkou Z. Aleksandrovovej v preklade M. R\u00e1zusovej-Mart\u00e1kovej napr\u00edklad: navar\u00edme ka\u0161u sladk\u00fa, spozn\u00e1me kamar\u00e1tov na dvore a p\u00f4jdeme sa aj ok\u00fapa\u0165. &nbsp; S kni\u017ekou M\u00f4j mac\u00edk sa zozn\u00e1mia deti vo veku od 1,5 &#8211; 5 r. v Klube [&hellip;]\" \/>\n<meta property=\"og:url\" content=\"https:\/\/kulturneleto.eu\/en\/event\/klub-u-emky-moj-macik\/\" \/>\n<meta property=\"og:site_name\" content=\"\u017dilinsk\u00e9 kult\u00farne leto 2025\" \/>\n<meta property=\"article:publisher\" content=\"https:\/\/www.facebook.com\/Mesto-ilina-162541880519007\" \/>\n<meta property=\"article:modified_time\" content=\"2025-08-05T08:23:32+00:00\" \/>\n<meta property=\"og:image\" content=\"https:\/\/kulturneleto.eu\/wp-content\/uploads\/2025\/06\/2025-08-11_Klub_u_eMKy_Moj_macik_plagat-scaled-1.jpg\" \/>\n\t<meta property=\"og:image:width\" content=\"1811\" \/>\n\t<meta property=\"og:image:height\" content=\"2560\" \/>\n\t<meta property=\"og:image:type\" content=\"image\/jpeg\" \/>\n<meta name=\"twitter:card\" content=\"summary_large_image\" \/>\n<meta name=\"twitter:label1\" content=\"Est. reading time\" \/>\n\t<meta name=\"twitter:data1\" content=\"1 minute\" \/>\n<script type=\"application\/ld+json\" class=\"yoast-schema-graph\">{\"@context\":\"https:\/\/schema.org\",\"@graph\":[{\"@type\":\"WebPage\",\"@id\":\"https:\/\/kulturneleto.eu\/event\/klub-u-emky-moj-macik\/\",\"url\":\"https:\/\/kulturneleto.eu\/event\/klub-u-emky-moj-macik\/\",\"name\":\"KLUB U EMKY: M\u00d4J MAC\u00cdK - \u017dilinsk\u00e9 kult\u00farne leto 2025\",\"isPartOf\":{\"@id\":\"https:\/\/kulturneleto.eu\/#website\"},\"primaryImageOfPage\":{\"@id\":\"https:\/\/kulturneleto.eu\/event\/klub-u-emky-moj-macik\/#primaryimage\"},\"image\":{\"@id\":\"https:\/\/kulturneleto.eu\/event\/klub-u-emky-moj-macik\/#primaryimage\"},\"thumbnailUrl\":\"https:\/\/kulturneleto.eu\/wp-content\/uploads\/2025\/06\/2025-08-11_Klub_u_eMKy_Moj_macik_plagat-scaled-1.jpg\",\"datePublished\":\"2025-06-27T11:26:47+00:00\",\"dateModified\":\"2025-08-05T08:23:32+00:00\",\"breadcrumb\":{\"@id\":\"https:\/\/kulturneleto.eu\/event\/klub-u-emky-moj-macik\/#breadcrumb\"},\"inLanguage\":\"en-US\",\"potentialAction\":[{\"@type\":\"ReadAction\",\"target\":[\"https:\/\/kulturneleto.eu\/event\/klub-u-emky-moj-macik\/\"]}]},{\"@type\":\"ImageObject\",\"inLanguage\":\"en-US\",\"@id\":\"https:\/\/kulturneleto.eu\/event\/klub-u-emky-moj-macik\/#primaryimage\",\"url\":\"https:\/\/kulturneleto.eu\/wp-content\/uploads\/2025\/06\/2025-08-11_Klub_u_eMKy_Moj_macik_plagat-scaled-1.jpg\",\"contentUrl\":\"https:\/\/kulturneleto.eu\/wp-content\/uploads\/2025\/06\/2025-08-11_Klub_u_eMKy_Moj_macik_plagat-scaled-1.jpg\",\"width\":1811,\"height\":2560},{\"@type\":\"BreadcrumbList\",\"@id\":\"https:\/\/kulturneleto.eu\/event\/klub-u-emky-moj-macik\/#breadcrumb\",\"itemListElement\":[{\"@type\":\"ListItem\",\"position\":1,\"name\":\"Domovsk\u00e1 str\u00e1nka\",\"item\":\"https:\/\/kulturneleto.eu\/\"},{\"@type\":\"ListItem\",\"position\":2,\"name\":\"KLUB U EMKY: M\u00d4J MAC\u00cdK\"}]},{\"@type\":\"WebSite\",\"@id\":\"https:\/\/kulturneleto.eu\/#website\",\"url\":\"https:\/\/kulturneleto.eu\/\",\"name\":\"\u017dilinsk\u00e9 kult\u00farne leto 2025\",\"description\":\"j\u00fal, august, september\",\"publisher\":{\"@id\":\"https:\/\/kulturneleto.eu\/#organization\"},\"potentialAction\":[{\"@type\":\"SearchAction\",\"target\":{\"@type\":\"EntryPoint\",\"urlTemplate\":\"https:\/\/kulturneleto.eu\/?s={search_term_string}\"},\"query-input\":{\"@type\":\"PropertyValueSpecification\",\"valueRequired\":true,\"valueName\":\"search_term_string\"}}],\"inLanguage\":\"en-US\"},{\"@type\":\"Organization\",\"@id\":\"https:\/\/kulturneleto.eu\/#organization\",\"name\":\"Kult\u00farne leto\",\"url\":\"https:\/\/kulturneleto.eu\/\",\"logo\":{\"@type\":\"ImageObject\",\"inLanguage\":\"en-US\",\"@id\":\"https:\/\/kulturneleto.eu\/#\/schema\/logo\/image\/\",\"url\":\"https:\/\/kulturneleto.eu\/wp-content\/uploads\/2022\/06\/logo_zkl_2022_orange.png\",\"contentUrl\":\"https:\/\/kulturneleto.eu\/wp-content\/uploads\/2022\/06\/logo_zkl_2022_orange.png\",\"width\":330,\"height\":117,\"caption\":\"Kult\u00farne leto\"},\"image\":{\"@id\":\"https:\/\/kulturneleto.eu\/#\/schema\/logo\/image\/\"},\"sameAs\":[\"https:\/\/www.facebook.com\/Mesto-ilina-162541880519007\",\"https:\/\/www.youtube.com\/channel\/UCfY6Cc8yEeMgTWAUW5QaGAw\",\"https:\/\/www.instagram.com\/mestozilina\/?hl=sk\"]}]}<\/script>\n<!-- \/ Yoast SEO plugin. -->","yoast_head_json":{"title":"KLUB U EMKY: M\u00d4J MAC\u00cdK - \u017dilinsk\u00e9 kult\u00farne leto 2025","robots":{"index":"index","follow":"follow","max-snippet":"max-snippet:-1","max-image-preview":"max-image-preview:large","max-video-preview":"max-video-preview:-1"},"canonical":"https:\/\/kulturneleto.eu\/en\/event\/klub-u-emky-moj-macik\/","og_locale":"en_US","og_type":"article","og_title":"KLUB U EMKY: M\u00d4J MAC\u00cdK - \u017dilinsk\u00e9 kult\u00farne leto 2025","og_description":"&nbsp; V auguste sa #medzi_regalmi bude oz\u00fdva\u0165 brum-brum. Spolu s eMKou sa postar\u00e1me o medved\u00edka z kni\u017eky. S b\u00e1sni\u010dkou Z. Aleksandrovovej v preklade M. R\u00e1zusovej-Mart\u00e1kovej napr\u00edklad: navar\u00edme ka\u0161u sladk\u00fa, spozn\u00e1me kamar\u00e1tov na dvore a p\u00f4jdeme sa aj ok\u00fapa\u0165. &nbsp; S kni\u017ekou M\u00f4j mac\u00edk sa zozn\u00e1mia deti vo veku od 1,5 &#8211; 5 r. v Klube [&hellip;]","og_url":"https:\/\/kulturneleto.eu\/en\/event\/klub-u-emky-moj-macik\/","og_site_name":"\u017dilinsk\u00e9 kult\u00farne leto 2025","article_publisher":"https:\/\/www.facebook.com\/Mesto-ilina-162541880519007","article_modified_time":"2025-08-05T08:23:32+00:00","og_image":[{"width":1811,"height":2560,"url":"https:\/\/kulturneleto.eu\/wp-content\/uploads\/2025\/06\/2025-08-11_Klub_u_eMKy_Moj_macik_plagat-scaled-1.jpg","type":"image\/jpeg"}],"twitter_card":"summary_large_image","twitter_misc":{"Est. reading time":"1 minute"},"schema":{"@context":"https:\/\/schema.org","@graph":[{"@type":"WebPage","@id":"https:\/\/kulturneleto.eu\/event\/klub-u-emky-moj-macik\/","url":"https:\/\/kulturneleto.eu\/event\/klub-u-emky-moj-macik\/","name":"KLUB U EMKY: M\u00d4J MAC\u00cdK - \u017dilinsk\u00e9 kult\u00farne leto 2025","isPartOf":{"@id":"https:\/\/kulturneleto.eu\/#website"},"primaryImageOfPage":{"@id":"https:\/\/kulturneleto.eu\/event\/klub-u-emky-moj-macik\/#primaryimage"},"image":{"@id":"https:\/\/kulturneleto.eu\/event\/klub-u-emky-moj-macik\/#primaryimage"},"thumbnailUrl":"https:\/\/kulturneleto.eu\/wp-content\/uploads\/2025\/06\/2025-08-11_Klub_u_eMKy_Moj_macik_plagat-scaled-1.jpg","datePublished":"2025-06-27T11:26:47+00:00","dateModified":"2025-08-05T08:23:32+00:00","breadcrumb":{"@id":"https:\/\/kulturneleto.eu\/event\/klub-u-emky-moj-macik\/#breadcrumb"},"inLanguage":"en-US","potentialAction":[{"@type":"ReadAction","target":["https:\/\/kulturneleto.eu\/event\/klub-u-emky-moj-macik\/"]}]},{"@type":"ImageObject","inLanguage":"en-US","@id":"https:\/\/kulturneleto.eu\/event\/klub-u-emky-moj-macik\/#primaryimage","url":"https:\/\/kulturneleto.eu\/wp-content\/uploads\/2025\/06\/2025-08-11_Klub_u_eMKy_Moj_macik_plagat-scaled-1.jpg","contentUrl":"https:\/\/kulturneleto.eu\/wp-content\/uploads\/2025\/06\/2025-08-11_Klub_u_eMKy_Moj_macik_plagat-scaled-1.jpg","width":1811,"height":2560},{"@type":"BreadcrumbList","@id":"https:\/\/kulturneleto.eu\/event\/klub-u-emky-moj-macik\/#breadcrumb","itemListElement":[{"@type":"ListItem","position":1,"name":"Domovsk\u00e1 str\u00e1nka","item":"https:\/\/kulturneleto.eu\/"},{"@type":"ListItem","position":2,"name":"KLUB U EMKY: M\u00d4J MAC\u00cdK"}]},{"@type":"WebSite","@id":"https:\/\/kulturneleto.eu\/#website","url":"https:\/\/kulturneleto.eu\/","name":"\u017dilinsk\u00e9 kult\u00farne leto 2025","description":"j\u00fal, august, september","publisher":{"@id":"https:\/\/kulturneleto.eu\/#organization"},"potentialAction":[{"@type":"SearchAction","target":{"@type":"EntryPoint","urlTemplate":"https:\/\/kulturneleto.eu\/?s={search_term_string}"},"query-input":{"@type":"PropertyValueSpecification","valueRequired":true,"valueName":"search_term_string"}}],"inLanguage":"en-US"},{"@type":"Organization","@id":"https:\/\/kulturneleto.eu\/#organization","name":"Kult\u00farne leto","url":"https:\/\/kulturneleto.eu\/","logo":{"@type":"ImageObject","inLanguage":"en-US","@id":"https:\/\/kulturneleto.eu\/#\/schema\/logo\/image\/","url":"https:\/\/kulturneleto.eu\/wp-content\/uploads\/2022\/06\/logo_zkl_2022_orange.png","contentUrl":"https:\/\/kulturneleto.eu\/wp-content\/uploads\/2022\/06\/logo_zkl_2022_orange.png","width":330,"height":117,"caption":"Kult\u00farne leto"},"image":{"@id":"https:\/\/kulturneleto.eu\/#\/schema\/logo\/image\/"},"sameAs":["https:\/\/www.facebook.com\/Mesto-ilina-162541880519007","https:\/\/www.youtube.com\/channel\/UCfY6Cc8yEeMgTWAUW5QaGAw","https:\/\/www.instagram.com\/mestozilina\/?hl=sk"]}]}},"_links":{"self":[{"href":"https:\/\/kulturneleto.eu\/en\/wp-json\/wp\/v2\/event_listing\/12183","targetHints":{"allow":["GET"]}}],"collection":[{"href":"https:\/\/kulturneleto.eu\/en\/wp-json\/wp\/v2\/event_listing"}],"about":[{"href":"https:\/\/kulturneleto.eu\/en\/wp-json\/wp\/v2\/types\/event_listing"}],"wp:featuredmedia":[{"embeddable":true,"href":"https:\/\/kulturneleto.eu\/en\/wp-json\/wp\/v2\/media\/12973"}],"wp:attachment":[{"href":"https:\/\/kulturneleto.eu\/en\/wp-json\/wp\/v2\/media?parent=12183"}],"wp:term":[{"taxonomy":"event_listing_category","embeddable":true,"href":"https:\/\/kulturneleto.eu\/en\/wp-json\/wp\/v2\/event_listing_category?post=12183"},{"taxonomy":"event_listing_type","embeddable":true,"href":"https:\/\/kulturneleto.eu\/en\/wp-json\/wp\/v2\/event_listing_type?post=12183"}],"curies":[{"name":"wp","href":"https:\/\/api.w.org\/{rel}","templated":true}]}}

KLUB U EMKY: MÔJ MACÍK

<p><img fetchpriority="high" decoding="async" class="alignnone size-full wp-image-12973" src="https://kulturneleto.eu/wp-content/uploads/2025/06/2025-08-11_Klub_u_eMKy_Moj_macik_plagat-scaled-1.jpg" alt="" width="1811" height="2560" srcset="https://kulturneleto.eu/wp-content/uploads/2025/06/2025-08-11_Klub_u_eMKy_Moj_macik_plagat-scaled-1.jpg 1811w, https://kulturneleto.eu/wp-content/uploads/2025/06/2025-08-11_Klub_u_eMKy_Moj_macik_plagat-scaled-1-724x1024.jpg 724w, https://kulturneleto.eu/wp-content/uploads/2025/06/2025-08-11_Klub_u_eMKy_Moj_macik_plagat-scaled-1-768x1086.jpg 768w, https://kulturneleto.eu/wp-content/uploads/2025/06/2025-08-11_Klub_u_eMKy_Moj_macik_plagat-scaled-1-1087x1536.jpg 1087w, https://kulturneleto.eu/wp-content/uploads/2025/06/2025-08-11_Klub_u_eMKy_Moj_macik_plagat-scaled-1-1449x2048.jpg 1449w" sizes="(max-width: 1811px) 100vw, 1811px" /></p>
<p>&nbsp;</p>
<p>V auguste sa #medzi_regalmi bude ozývať brum-brum. Spolu s eMKou sa postaráme o medvedíka z knižky. S básničkou Z. Aleksandrovovej v preklade M. Rázusovej-Martákovej napríklad: navaríme kašu sladkú, spoznáme kamarátov na dvore a pôjdeme sa aj okúpať.</p>
<p>&nbsp;</p>
<p>S knižkou Môj macík sa zoznámia deti vo veku od 1,5 &#8211; 5 r. v Klube u eMKy.</p>
<p>&nbsp;</p>
<p>Všetky aktuálne informácie budú na web stránke: <a href="http://www.mkzilina.sk">www.mkzilina.sk </a></p>

<!-- This site is optimized with the Yoast SEO plugin v27.1.1 - https://yoast.com/product/yoast-seo-wordpress/ -->
<title>KLUB U EMKY: MÔJ MACÍK - Žilinské kultúrne leto 2025</title>
<meta name="robots" content="index, follow, max-snippet:-1, max-image-preview:large, max-video-preview:-1" />
<link rel="canonical" href="https://kulturneleto.eu/en/event/klub-u-emky-moj-macik/" />
<meta property="og:locale" content="en_US" />
<meta property="og:type" content="article" />
<meta property="og:title" content="KLUB U EMKY: MÔJ MACÍK - Žilinské kultúrne leto 2025" />
<meta property="og:description" content="&nbsp; V auguste sa #medzi_regalmi bude ozývať brum-brum. Spolu s eMKou sa postaráme o medvedíka z knižky. S básničkou Z. Aleksandrovovej v preklade M. Rázusovej-Martákovej napríklad: navaríme kašu sladkú, spoznáme kamarátov na dvore a pôjdeme sa aj okúpať. &nbsp; S knižkou Môj macík sa zoznámia deti vo veku od 1,5 &#8211; 5 r. v Klube [&hellip;]" />
<meta property="og:url" content="https://kulturneleto.eu/en/event/klub-u-emky-moj-macik/" />
<meta property="og:site_name" content="Žilinské kultúrne leto 2025" />
<meta property="article:publisher" content="https://www.facebook.com/Mesto-ilina-162541880519007" />
<meta property="article:modified_time" content="2025-08-05T08:23:32+00:00" />
<meta property="og:image" content="https://kulturneleto.eu/wp-content/uploads/2025/06/2025-08-11_Klub_u_eMKy_Moj_macik_plagat-scaled-1.jpg" />
	<meta property="og:image:width" content="1811" />
	<meta property="og:image:height" content="2560" />
	<meta property="og:image:type" content="image/jpeg" />
<meta name="twitter:card" content="summary_large_image" />
<meta name="twitter:label1" content="Est. reading time" />
	<meta name="twitter:data1" content="1 minute" />
<script type="application/ld+json" class="yoast-schema-graph">{"@context":"https://schema.org","@graph":[{"@type":"WebPage","@id":"https://kulturneleto.eu/event/klub-u-emky-moj-macik/","url":"https://kulturneleto.eu/event/klub-u-emky-moj-macik/","name":"KLUB U EMKY: MÔJ MACÍK - Žilinské kultúrne leto 2025","isPartOf":{"@id":"https://kulturneleto.eu/#website"},"primaryImageOfPage":{"@id":"https://kulturneleto.eu/event/klub-u-emky-moj-macik/#primaryimage"},"image":{"@id":"https://kulturneleto.eu/event/klub-u-emky-moj-macik/#primaryimage"},"thumbnailUrl":"https://kulturneleto.eu/wp-content/uploads/2025/06/2025-08-11_Klub_u_eMKy_Moj_macik_plagat-scaled-1.jpg","datePublished":"2025-06-27T11:26:47+00:00","dateModified":"2025-08-05T08:23:32+00:00","breadcrumb":{"@id":"https://kulturneleto.eu/event/klub-u-emky-moj-macik/#breadcrumb"},"inLanguage":"en-US","potentialAction":[{"@type":"ReadAction","target":["https://kulturneleto.eu/event/klub-u-emky-moj-macik/"]}]},{"@type":"ImageObject","inLanguage":"en-US","@id":"https://kulturneleto.eu/event/klub-u-emky-moj-macik/#primaryimage","url":"https://kulturneleto.eu/wp-content/uploads/2025/06/2025-08-11_Klub_u_eMKy_Moj_macik_plagat-scaled-1.jpg","contentUrl":"https://kulturneleto.eu/wp-content/uploads/2025/06/2025-08-11_Klub_u_eMKy_Moj_macik_plagat-scaled-1.jpg","width":1811,"height":2560},{"@type":"BreadcrumbList","@id":"https://kulturneleto.eu/event/klub-u-emky-moj-macik/#breadcrumb","itemListElement":[{"@type":"ListItem","position":1,"name":"Domovská stránka","item":"https://kulturneleto.eu/"},{"@type":"ListItem","position":2,"name":"KLUB U EMKY: MÔJ MACÍK"}]},{"@type":"WebSite","@id":"https://kulturneleto.eu/#website","url":"https://kulturneleto.eu/","name":"Žilinské kultúrne leto 2025","description":"júl, august, september","publisher":{"@id":"https://kulturneleto.eu/#organization"},"potentialAction":[{"@type":"SearchAction","target":{"@type":"EntryPoint","urlTemplate":"https://kulturneleto.eu/?s={search_term_string}"},"query-input":{"@type":"PropertyValueSpecification","valueRequired":true,"valueName":"search_term_string"}}],"inLanguage":"en-US"},{"@type":"Organization","@id":"https://kulturneleto.eu/#organization","name":"Kultúrne leto","url":"https://kulturneleto.eu/","logo":{"@type":"ImageObject","inLanguage":"en-US","@id":"https://kulturneleto.eu/#/schema/logo/image/","url":"https://kulturneleto.eu/wp-content/uploads/2022/06/logo_zkl_2022_orange.png","contentUrl":"https://kulturneleto.eu/wp-content/uploads/2022/06/logo_zkl_2022_orange.png","width":330,"height":117,"caption":"Kultúrne leto"},"image":{"@id":"https://kulturneleto.eu/#/schema/logo/image/"},"sameAs":["https://www.facebook.com/Mesto-ilina-162541880519007","https://www.youtube.com/channel/UCfY6Cc8yEeMgTWAUW5QaGAw","https://www.instagram.com/mestozilina/?hl=sk"]}]}</script>
<!-- / Yoast SEO plugin. -->

KLUB U EMKY: MÔJ MACÍK - Žilinské kultúrne leto 2025

&nbsp; V auguste sa #medzi_regalmi bude ozývať brum-brum. Spolu s eMKou sa postaráme o medvedíka z knižky. S básničkou Z. Aleksandrovovej v preklade M. Rázusovej-Martákovej napríklad: navaríme kašu sladkú, spoznáme kamarátov na dvore a pôjdeme sa aj okúpať. &nbsp; S knižkou Môj macík sa zoznámia deti vo veku od 1,5 &#8211; 5 r. v Klube [&hellip;]

Žilinské kultúrne leto 2025

Domovská stránka

júl, august, september

Kultúrne leto
