{"id":5274,"date":"2023-06-30T08:29:49","date_gmt":"2023-06-30T06:29:49","guid":{"rendered":"https:\/\/kulturneleto.eu\/?post_type=event_listing&#038;p=5274"},"modified":"2023-07-01T12:59:10","modified_gmt":"2023-07-01T10:59:10","slug":"s-tatranom-do-rajeckych-teplic","status":"publish","type":"event_listing","link":"https:\/\/kulturneleto.eu\/en\/event\/s-tatranom-do-rajeckych-teplic\/","title":{"rendered":"S\u202fTatranom do Rajeck\u00fdch Tepl\u00edc"},"content":{"rendered":"<p>Mil\u00ed nad\u0161enci netradi\u010dn\u00fdch v\u00fdletov! V sobotu na v\u00e1s \u010dak\u00e1 retro jazda vlakom z Liptova do Rajeck\u00fdch Tepl\u00edc spojen\u00e1 s v\u00fdletn\u00fdm programom do okolia k\u00fape\u013en\u00e9ho mesta.<\/p>\n<p>&nbsp;<\/p>\n<p>\u00da\u010dastn\u00edci m\u00f4\u017eu nav\u0161t\u00edvi\u0165\u00a0M\u00fazeum dopravy v Rajeck\u00fdch Tepliciach a vybra\u0165 si z viacer\u00fdch aktiv\u00edt pripraven\u00fdch OOCR Rajeck\u00e1 dolina. Prihl\u00e1si\u0165 sa m\u00f4\u017eu na cyklov\u00fdlet Rajeckou dolinou so sprievodcom, turistiku na Zby\u0148ovsk\u00fd budzog\u00e1\u0148 a Babice spojen\u00fa s piknikom, interakt\u00edvnu prehliadku k\u00fape\u013en\u00e9ho mesta Rajeck\u00e9 Teplice spojen\u00fa s prehliadkou \u010desk\u00fdch korunova\u010dn\u00fdch klenotov a pr\u00edbehom Jozefa Gab\u010d\u00edka, letn\u00e9 osvie\u017eenie na k\u00fapalisku Laura alebo vo wellness centre Spa Aphrodite.<\/p>\n<p>&nbsp;<\/p>\n<p>Aktivity s\u00fa zahrnut\u00e9 v cene l\u00edstka.<\/p>\n<p>Pr\u00edslu\u0161n\u00fdm aktivit\u00e1m je priraden\u00fd konkr\u00e9tny voze\u0148 historick\u00e9ho vlaku.<\/p>\n<p>https:\/\/pmza.sk\/2023\/podujatia\/vylet-s-tatranom-do-rajeckych-teplic\/<\/p>\n<p>&nbsp;<\/p>","protected":false},"featured_media":5309,"template":"","meta":[],"event_listing_category":[97],"event_listing_type":[83],"class_list":["post-5274","event_listing","type-event_listing","status-publish","has-post-thumbnail","hentry","event_listing_category-zkl2023","event_listing_type-ine"],"yoast_head":"<!-- This site is optimized with the Yoast SEO plugin v27.1.1 - https:\/\/yoast.com\/product\/yoast-seo-wordpress\/ -->\n<title>S\u202fTatranom do Rajeck\u00fdch Tepl\u00edc - \u017dilinsk\u00e9 kult\u00farne leto 2025<\/title>\n<meta name=\"robots\" content=\"index, follow, max-snippet:-1, max-image-preview:large, max-video-preview:-1\" \/>\n<link rel=\"canonical\" href=\"https:\/\/kulturneleto.eu\/en\/event\/s-tatranom-do-rajeckych-teplic\/\" \/>\n<meta property=\"og:locale\" content=\"en_US\" \/>\n<meta property=\"og:type\" content=\"article\" \/>\n<meta property=\"og:title\" content=\"S\u202fTatranom do Rajeck\u00fdch Tepl\u00edc - \u017dilinsk\u00e9 kult\u00farne leto 2025\" \/>\n<meta property=\"og:description\" content=\"Mil\u00ed nad\u0161enci netradi\u010dn\u00fdch v\u00fdletov! V sobotu na v\u00e1s \u010dak\u00e1 retro jazda vlakom z Liptova do Rajeck\u00fdch Tepl\u00edc spojen\u00e1 s v\u00fdletn\u00fdm programom do okolia k\u00fape\u013en\u00e9ho mesta. &nbsp; \u00da\u010dastn\u00edci m\u00f4\u017eu nav\u0161t\u00edvi\u0165\u00a0M\u00fazeum dopravy v Rajeck\u00fdch Tepliciach a vybra\u0165 si z viacer\u00fdch aktiv\u00edt pripraven\u00fdch OOCR Rajeck\u00e1 dolina. Prihl\u00e1si\u0165 sa m\u00f4\u017eu na cyklov\u00fdlet Rajeckou dolinou so sprievodcom, turistiku na Zby\u0148ovsk\u00fd [&hellip;]\" \/>\n<meta property=\"og:url\" content=\"https:\/\/kulturneleto.eu\/en\/event\/s-tatranom-do-rajeckych-teplic\/\" \/>\n<meta property=\"og:site_name\" content=\"\u017dilinsk\u00e9 kult\u00farne leto 2025\" \/>\n<meta property=\"article:publisher\" content=\"https:\/\/www.facebook.com\/Mesto-ilina-162541880519007\" \/>\n<meta property=\"article:modified_time\" content=\"2023-07-01T10:59:10+00:00\" \/>\n<meta property=\"og:image\" content=\"https:\/\/kulturneleto.eu\/wp-content\/uploads\/2023\/06\/344974787_233668129355127_4325458570368699739_n-981x736-1.jpg\" \/>\n\t<meta property=\"og:image:width\" content=\"981\" \/>\n\t<meta property=\"og:image:height\" content=\"736\" \/>\n\t<meta property=\"og:image:type\" content=\"image\/jpeg\" \/>\n<meta name=\"twitter:card\" content=\"summary_large_image\" \/>\n<meta name=\"twitter:label1\" content=\"Est. reading time\" \/>\n\t<meta name=\"twitter:data1\" content=\"1 minute\" \/>\n<script type=\"application\/ld+json\" class=\"yoast-schema-graph\">{\"@context\":\"https:\/\/schema.org\",\"@graph\":[{\"@type\":\"WebPage\",\"@id\":\"https:\/\/kulturneleto.eu\/event\/s-tatranom-do-rajeckych-teplic\/\",\"url\":\"https:\/\/kulturneleto.eu\/event\/s-tatranom-do-rajeckych-teplic\/\",\"name\":\"S\u202fTatranom do Rajeck\u00fdch Tepl\u00edc - \u017dilinsk\u00e9 kult\u00farne leto 2025\",\"isPartOf\":{\"@id\":\"https:\/\/kulturneleto.eu\/#website\"},\"primaryImageOfPage\":{\"@id\":\"https:\/\/kulturneleto.eu\/event\/s-tatranom-do-rajeckych-teplic\/#primaryimage\"},\"image\":{\"@id\":\"https:\/\/kulturneleto.eu\/event\/s-tatranom-do-rajeckych-teplic\/#primaryimage\"},\"thumbnailUrl\":\"https:\/\/kulturneleto.eu\/wp-content\/uploads\/2023\/06\/344974787_233668129355127_4325458570368699739_n-981x736-1.jpg\",\"datePublished\":\"2023-06-30T06:29:49+00:00\",\"dateModified\":\"2023-07-01T10:59:10+00:00\",\"breadcrumb\":{\"@id\":\"https:\/\/kulturneleto.eu\/event\/s-tatranom-do-rajeckych-teplic\/#breadcrumb\"},\"inLanguage\":\"en-US\",\"potentialAction\":[{\"@type\":\"ReadAction\",\"target\":[\"https:\/\/kulturneleto.eu\/event\/s-tatranom-do-rajeckych-teplic\/\"]}]},{\"@type\":\"ImageObject\",\"inLanguage\":\"en-US\",\"@id\":\"https:\/\/kulturneleto.eu\/event\/s-tatranom-do-rajeckych-teplic\/#primaryimage\",\"url\":\"https:\/\/kulturneleto.eu\/wp-content\/uploads\/2023\/06\/344974787_233668129355127_4325458570368699739_n-981x736-1.jpg\",\"contentUrl\":\"https:\/\/kulturneleto.eu\/wp-content\/uploads\/2023\/06\/344974787_233668129355127_4325458570368699739_n-981x736-1.jpg\",\"width\":981,\"height\":736},{\"@type\":\"BreadcrumbList\",\"@id\":\"https:\/\/kulturneleto.eu\/event\/s-tatranom-do-rajeckych-teplic\/#breadcrumb\",\"itemListElement\":[{\"@type\":\"ListItem\",\"position\":1,\"name\":\"Domovsk\u00e1 str\u00e1nka\",\"item\":\"https:\/\/kulturneleto.eu\/\"},{\"@type\":\"ListItem\",\"position\":2,\"name\":\"S\u202fTatranom do Rajeck\u00fdch Tepl\u00edc\"}]},{\"@type\":\"WebSite\",\"@id\":\"https:\/\/kulturneleto.eu\/#website\",\"url\":\"https:\/\/kulturneleto.eu\/\",\"name\":\"\u017dilinsk\u00e9 kult\u00farne leto 2025\",\"description\":\"j\u00fal, august, september\",\"publisher\":{\"@id\":\"https:\/\/kulturneleto.eu\/#organization\"},\"potentialAction\":[{\"@type\":\"SearchAction\",\"target\":{\"@type\":\"EntryPoint\",\"urlTemplate\":\"https:\/\/kulturneleto.eu\/?s={search_term_string}\"},\"query-input\":{\"@type\":\"PropertyValueSpecification\",\"valueRequired\":true,\"valueName\":\"search_term_string\"}}],\"inLanguage\":\"en-US\"},{\"@type\":\"Organization\",\"@id\":\"https:\/\/kulturneleto.eu\/#organization\",\"name\":\"Kult\u00farne leto\",\"url\":\"https:\/\/kulturneleto.eu\/\",\"logo\":{\"@type\":\"ImageObject\",\"inLanguage\":\"en-US\",\"@id\":\"https:\/\/kulturneleto.eu\/#\/schema\/logo\/image\/\",\"url\":\"https:\/\/kulturneleto.eu\/wp-content\/uploads\/2022\/06\/logo_zkl_2022_orange.png\",\"contentUrl\":\"https:\/\/kulturneleto.eu\/wp-content\/uploads\/2022\/06\/logo_zkl_2022_orange.png\",\"width\":330,\"height\":117,\"caption\":\"Kult\u00farne leto\"},\"image\":{\"@id\":\"https:\/\/kulturneleto.eu\/#\/schema\/logo\/image\/\"},\"sameAs\":[\"https:\/\/www.facebook.com\/Mesto-ilina-162541880519007\",\"https:\/\/www.youtube.com\/channel\/UCfY6Cc8yEeMgTWAUW5QaGAw\",\"https:\/\/www.instagram.com\/mestozilina\/?hl=sk\"]}]}<\/script>\n<!-- \/ Yoast SEO plugin. -->","yoast_head_json":{"title":"S\u202fTatranom do Rajeck\u00fdch Tepl\u00edc - \u017dilinsk\u00e9 kult\u00farne leto 2025","robots":{"index":"index","follow":"follow","max-snippet":"max-snippet:-1","max-image-preview":"max-image-preview:large","max-video-preview":"max-video-preview:-1"},"canonical":"https:\/\/kulturneleto.eu\/en\/event\/s-tatranom-do-rajeckych-teplic\/","og_locale":"en_US","og_type":"article","og_title":"S\u202fTatranom do Rajeck\u00fdch Tepl\u00edc - \u017dilinsk\u00e9 kult\u00farne leto 2025","og_description":"Mil\u00ed nad\u0161enci netradi\u010dn\u00fdch v\u00fdletov! V sobotu na v\u00e1s \u010dak\u00e1 retro jazda vlakom z Liptova do Rajeck\u00fdch Tepl\u00edc spojen\u00e1 s v\u00fdletn\u00fdm programom do okolia k\u00fape\u013en\u00e9ho mesta. &nbsp; \u00da\u010dastn\u00edci m\u00f4\u017eu nav\u0161t\u00edvi\u0165\u00a0M\u00fazeum dopravy v Rajeck\u00fdch Tepliciach a vybra\u0165 si z viacer\u00fdch aktiv\u00edt pripraven\u00fdch OOCR Rajeck\u00e1 dolina. Prihl\u00e1si\u0165 sa m\u00f4\u017eu na cyklov\u00fdlet Rajeckou dolinou so sprievodcom, turistiku na Zby\u0148ovsk\u00fd [&hellip;]","og_url":"https:\/\/kulturneleto.eu\/en\/event\/s-tatranom-do-rajeckych-teplic\/","og_site_name":"\u017dilinsk\u00e9 kult\u00farne leto 2025","article_publisher":"https:\/\/www.facebook.com\/Mesto-ilina-162541880519007","article_modified_time":"2023-07-01T10:59:10+00:00","og_image":[{"width":981,"height":736,"url":"https:\/\/kulturneleto.eu\/wp-content\/uploads\/2023\/06\/344974787_233668129355127_4325458570368699739_n-981x736-1.jpg","type":"image\/jpeg"}],"twitter_card":"summary_large_image","twitter_misc":{"Est. reading time":"1 minute"},"schema":{"@context":"https:\/\/schema.org","@graph":[{"@type":"WebPage","@id":"https:\/\/kulturneleto.eu\/event\/s-tatranom-do-rajeckych-teplic\/","url":"https:\/\/kulturneleto.eu\/event\/s-tatranom-do-rajeckych-teplic\/","name":"S\u202fTatranom do Rajeck\u00fdch Tepl\u00edc - \u017dilinsk\u00e9 kult\u00farne leto 2025","isPartOf":{"@id":"https:\/\/kulturneleto.eu\/#website"},"primaryImageOfPage":{"@id":"https:\/\/kulturneleto.eu\/event\/s-tatranom-do-rajeckych-teplic\/#primaryimage"},"image":{"@id":"https:\/\/kulturneleto.eu\/event\/s-tatranom-do-rajeckych-teplic\/#primaryimage"},"thumbnailUrl":"https:\/\/kulturneleto.eu\/wp-content\/uploads\/2023\/06\/344974787_233668129355127_4325458570368699739_n-981x736-1.jpg","datePublished":"2023-06-30T06:29:49+00:00","dateModified":"2023-07-01T10:59:10+00:00","breadcrumb":{"@id":"https:\/\/kulturneleto.eu\/event\/s-tatranom-do-rajeckych-teplic\/#breadcrumb"},"inLanguage":"en-US","potentialAction":[{"@type":"ReadAction","target":["https:\/\/kulturneleto.eu\/event\/s-tatranom-do-rajeckych-teplic\/"]}]},{"@type":"ImageObject","inLanguage":"en-US","@id":"https:\/\/kulturneleto.eu\/event\/s-tatranom-do-rajeckych-teplic\/#primaryimage","url":"https:\/\/kulturneleto.eu\/wp-content\/uploads\/2023\/06\/344974787_233668129355127_4325458570368699739_n-981x736-1.jpg","contentUrl":"https:\/\/kulturneleto.eu\/wp-content\/uploads\/2023\/06\/344974787_233668129355127_4325458570368699739_n-981x736-1.jpg","width":981,"height":736},{"@type":"BreadcrumbList","@id":"https:\/\/kulturneleto.eu\/event\/s-tatranom-do-rajeckych-teplic\/#breadcrumb","itemListElement":[{"@type":"ListItem","position":1,"name":"Domovsk\u00e1 str\u00e1nka","item":"https:\/\/kulturneleto.eu\/"},{"@type":"ListItem","position":2,"name":"S\u202fTatranom do Rajeck\u00fdch Tepl\u00edc"}]},{"@type":"WebSite","@id":"https:\/\/kulturneleto.eu\/#website","url":"https:\/\/kulturneleto.eu\/","name":"\u017dilinsk\u00e9 kult\u00farne leto 2025","description":"j\u00fal, august, september","publisher":{"@id":"https:\/\/kulturneleto.eu\/#organization"},"potentialAction":[{"@type":"SearchAction","target":{"@type":"EntryPoint","urlTemplate":"https:\/\/kulturneleto.eu\/?s={search_term_string}"},"query-input":{"@type":"PropertyValueSpecification","valueRequired":true,"valueName":"search_term_string"}}],"inLanguage":"en-US"},{"@type":"Organization","@id":"https:\/\/kulturneleto.eu\/#organization","name":"Kult\u00farne leto","url":"https:\/\/kulturneleto.eu\/","logo":{"@type":"ImageObject","inLanguage":"en-US","@id":"https:\/\/kulturneleto.eu\/#\/schema\/logo\/image\/","url":"https:\/\/kulturneleto.eu\/wp-content\/uploads\/2022\/06\/logo_zkl_2022_orange.png","contentUrl":"https:\/\/kulturneleto.eu\/wp-content\/uploads\/2022\/06\/logo_zkl_2022_orange.png","width":330,"height":117,"caption":"Kult\u00farne leto"},"image":{"@id":"https:\/\/kulturneleto.eu\/#\/schema\/logo\/image\/"},"sameAs":["https:\/\/www.facebook.com\/Mesto-ilina-162541880519007","https:\/\/www.youtube.com\/channel\/UCfY6Cc8yEeMgTWAUW5QaGAw","https:\/\/www.instagram.com\/mestozilina\/?hl=sk"]}]}},"_links":{"self":[{"href":"https:\/\/kulturneleto.eu\/en\/wp-json\/wp\/v2\/event_listing\/5274","targetHints":{"allow":["GET"]}}],"collection":[{"href":"https:\/\/kulturneleto.eu\/en\/wp-json\/wp\/v2\/event_listing"}],"about":[{"href":"https:\/\/kulturneleto.eu\/en\/wp-json\/wp\/v2\/types\/event_listing"}],"wp:featuredmedia":[{"embeddable":true,"href":"https:\/\/kulturneleto.eu\/en\/wp-json\/wp\/v2\/media\/5309"}],"wp:attachment":[{"href":"https:\/\/kulturneleto.eu\/en\/wp-json\/wp\/v2\/media?parent=5274"}],"wp:term":[{"taxonomy":"event_listing_category","embeddable":true,"href":"https:\/\/kulturneleto.eu\/en\/wp-json\/wp\/v2\/event_listing_category?post=5274"},{"taxonomy":"event_listing_type","embeddable":true,"href":"https:\/\/kulturneleto.eu\/en\/wp-json\/wp\/v2\/event_listing_type?post=5274"}],"curies":[{"name":"wp","href":"https:\/\/api.w.org\/{rel}","templated":true}]}}

S Tatranom do Rajeckých Teplíc

<p>Milí nadšenci netradičných výletov! V sobotu na vás čaká retro jazda vlakom z Liptova do Rajeckých Teplíc spojená s výletným programom do okolia kúpeľného mesta.</p>
<p>&nbsp;</p>
<p>Účastníci môžu navštíviť Múzeum dopravy v Rajeckých Tepliciach a vybrať si z viacerých aktivít pripravených OOCR Rajecká dolina. Prihlásiť sa môžu na cyklovýlet Rajeckou dolinou so sprievodcom, turistiku na Zbyňovský budzogáň a Babice spojenú s piknikom, interaktívnu prehliadku kúpeľného mesta Rajecké Teplice spojenú s prehliadkou českých korunovačných klenotov a príbehom Jozefa Gabčíka, letné osvieženie na kúpalisku Laura alebo vo wellness centre Spa Aphrodite.</p>
<p>&nbsp;</p>
<p>Aktivity sú zahrnuté v cene lístka.</p>
<p>Príslušným aktivitám je priradený konkrétny vozeň historického vlaku.</p>
<p>https://pmza.sk/2023/podujatia/vylet-s-tatranom-do-rajeckych-teplic/</p>
<p>&nbsp;</p>

<!-- This site is optimized with the Yoast SEO plugin v27.1.1 - https://yoast.com/product/yoast-seo-wordpress/ -->
<title>S Tatranom do Rajeckých Teplíc - Žilinské kultúrne leto 2025</title>
<meta name="robots" content="index, follow, max-snippet:-1, max-image-preview:large, max-video-preview:-1" />
<link rel="canonical" href="https://kulturneleto.eu/en/event/s-tatranom-do-rajeckych-teplic/" />
<meta property="og:locale" content="en_US" />
<meta property="og:type" content="article" />
<meta property="og:title" content="S Tatranom do Rajeckých Teplíc - Žilinské kultúrne leto 2025" />
<meta property="og:description" content="Milí nadšenci netradičných výletov! V sobotu na vás čaká retro jazda vlakom z Liptova do Rajeckých Teplíc spojená s výletným programom do okolia kúpeľného mesta. &nbsp; Účastníci môžu navštíviť Múzeum dopravy v Rajeckých Tepliciach a vybrať si z viacerých aktivít pripravených OOCR Rajecká dolina. Prihlásiť sa môžu na cyklovýlet Rajeckou dolinou so sprievodcom, turistiku na Zbyňovský [&hellip;]" />
<meta property="og:url" content="https://kulturneleto.eu/en/event/s-tatranom-do-rajeckych-teplic/" />
<meta property="og:site_name" content="Žilinské kultúrne leto 2025" />
<meta property="article:publisher" content="https://www.facebook.com/Mesto-ilina-162541880519007" />
<meta property="article:modified_time" content="2023-07-01T10:59:10+00:00" />
<meta property="og:image" content="https://kulturneleto.eu/wp-content/uploads/2023/06/344974787_233668129355127_4325458570368699739_n-981x736-1.jpg" />
	<meta property="og:image:width" content="981" />
	<meta property="og:image:height" content="736" />
	<meta property="og:image:type" content="image/jpeg" />
<meta name="twitter:card" content="summary_large_image" />
<meta name="twitter:label1" content="Est. reading time" />
	<meta name="twitter:data1" content="1 minute" />
<script type="application/ld+json" class="yoast-schema-graph">{"@context":"https://schema.org","@graph":[{"@type":"WebPage","@id":"https://kulturneleto.eu/event/s-tatranom-do-rajeckych-teplic/","url":"https://kulturneleto.eu/event/s-tatranom-do-rajeckych-teplic/","name":"S Tatranom do Rajeckých Teplíc - Žilinské kultúrne leto 2025","isPartOf":{"@id":"https://kulturneleto.eu/#website"},"primaryImageOfPage":{"@id":"https://kulturneleto.eu/event/s-tatranom-do-rajeckych-teplic/#primaryimage"},"image":{"@id":"https://kulturneleto.eu/event/s-tatranom-do-rajeckych-teplic/#primaryimage"},"thumbnailUrl":"https://kulturneleto.eu/wp-content/uploads/2023/06/344974787_233668129355127_4325458570368699739_n-981x736-1.jpg","datePublished":"2023-06-30T06:29:49+00:00","dateModified":"2023-07-01T10:59:10+00:00","breadcrumb":{"@id":"https://kulturneleto.eu/event/s-tatranom-do-rajeckych-teplic/#breadcrumb"},"inLanguage":"en-US","potentialAction":[{"@type":"ReadAction","target":["https://kulturneleto.eu/event/s-tatranom-do-rajeckych-teplic/"]}]},{"@type":"ImageObject","inLanguage":"en-US","@id":"https://kulturneleto.eu/event/s-tatranom-do-rajeckych-teplic/#primaryimage","url":"https://kulturneleto.eu/wp-content/uploads/2023/06/344974787_233668129355127_4325458570368699739_n-981x736-1.jpg","contentUrl":"https://kulturneleto.eu/wp-content/uploads/2023/06/344974787_233668129355127_4325458570368699739_n-981x736-1.jpg","width":981,"height":736},{"@type":"BreadcrumbList","@id":"https://kulturneleto.eu/event/s-tatranom-do-rajeckych-teplic/#breadcrumb","itemListElement":[{"@type":"ListItem","position":1,"name":"Domovská stránka","item":"https://kulturneleto.eu/"},{"@type":"ListItem","position":2,"name":"S Tatranom do Rajeckých Teplíc"}]},{"@type":"WebSite","@id":"https://kulturneleto.eu/#website","url":"https://kulturneleto.eu/","name":"Žilinské kultúrne leto 2025","description":"júl, august, september","publisher":{"@id":"https://kulturneleto.eu/#organization"},"potentialAction":[{"@type":"SearchAction","target":{"@type":"EntryPoint","urlTemplate":"https://kulturneleto.eu/?s={search_term_string}"},"query-input":{"@type":"PropertyValueSpecification","valueRequired":true,"valueName":"search_term_string"}}],"inLanguage":"en-US"},{"@type":"Organization","@id":"https://kulturneleto.eu/#organization","name":"Kultúrne leto","url":"https://kulturneleto.eu/","logo":{"@type":"ImageObject","inLanguage":"en-US","@id":"https://kulturneleto.eu/#/schema/logo/image/","url":"https://kulturneleto.eu/wp-content/uploads/2022/06/logo_zkl_2022_orange.png","contentUrl":"https://kulturneleto.eu/wp-content/uploads/2022/06/logo_zkl_2022_orange.png","width":330,"height":117,"caption":"Kultúrne leto"},"image":{"@id":"https://kulturneleto.eu/#/schema/logo/image/"},"sameAs":["https://www.facebook.com/Mesto-ilina-162541880519007","https://www.youtube.com/channel/UCfY6Cc8yEeMgTWAUW5QaGAw","https://www.instagram.com/mestozilina/?hl=sk"]}]}</script>
<!-- / Yoast SEO plugin. -->

S Tatranom do Rajeckých Teplíc - Žilinské kultúrne leto 2025

Milí nadšenci netradičných výletov! V sobotu na vás čaká retro jazda vlakom z Liptova do Rajeckých Teplíc spojená s výletným programom do okolia kúpeľného mesta. &nbsp; Účastníci môžu navštíviť Múzeum dopravy v Rajeckých Tepliciach a vybrať si z viacerých aktivít pripravených OOCR Rajecká dolina. Prihlásiť sa môžu na cyklovýlet Rajeckou dolinou so sprievodcom, turistiku na Zbyňovský [&hellip;]

Žilinské kultúrne leto 2025

Domovská stránka

júl, august, september

Kultúrne leto
