{"id":5289,"date":"2023-06-30T08:44:52","date_gmt":"2023-06-30T06:44:52","guid":{"rendered":"https:\/\/kulturneleto.eu\/?post_type=event_listing&#038;p=5289"},"modified":"2023-07-03T15:47:10","modified_gmt":"2023-07-03T13:47:10","slug":"koncert-v-zahrade-ad-hoc-orchestra","status":"publish","type":"event_listing","link":"https:\/\/kulturneleto.eu\/en\/event\/koncert-v-zahrade-ad-hoc-orchestra\/","title":{"rendered":"KONCERT V Z\u00c1HRADE: Ad Hoc Orchestra"},"content":{"rendered":"<p>AdHoc Orchestra je komorn\u00e9 zoskupenie mlad\u00fdch hudobn\u00edkov, ktor\u00ed sa \u201epre tentokr\u00e1t\u201c rozhodli prezentova\u0165 zn\u00e1mymi filmov\u00fdmi, muzik\u00e1lov\u00fdmi a popul\u00e1rnymi mel\u00f3diami.<br \/>\nS\u00fa v\u00fdnimo\u010dn\u00ed najm\u00e4 svoj\u00edm obsaden\u00edm, preto\u017ee nie s\u00fa ani orchester v pravom zmysle, ani klasick\u00e9 komorn\u00e9 obsadenie.<br \/>\nIde o jedine\u010dn\u00fa form\u00e1ciu dychov\u00fdch a sl\u00e1\u010dikov\u00fdch n\u00e1strojov, ktor\u00e1 je podfarben\u00e1 zvukmi klav\u00edra a perkusi\u00ed.<\/p>\n<p>&nbsp;<\/p>\n<p>Vstup: 4,00 Eur (dospel\u00ed \u2013 18+) \/ 2,00 Eur (\u0161tudenti \u2013 Z\u0160, S\u0160, V\u0160)<br \/>\nDeti (do veku 6 rokov), seniori a Z\u0164P \u2013 vstup zadarmo<\/p>\n<p>&nbsp;<\/p>\n<p>Koncert prebehne v r\u00e1mci festivalu Ign\u00e1cove dni.<\/p>","protected":false},"featured_media":5423,"template":"","meta":[],"event_listing_category":[97],"event_listing_type":[85],"class_list":["post-5289","event_listing","type-event_listing","status-publish","has-post-thumbnail","hentry","event_listing_category-zkl2023","event_listing_type-hudba-tanec"],"yoast_head":"<!-- This site is optimized with the Yoast SEO plugin v27.1.1 - https:\/\/yoast.com\/product\/yoast-seo-wordpress\/ -->\n<title>KONCERT V Z\u00c1HRADE: Ad Hoc Orchestra - \u017dilinsk\u00e9 kult\u00farne leto 2025<\/title>\n<meta name=\"robots\" content=\"index, follow, max-snippet:-1, max-image-preview:large, max-video-preview:-1\" \/>\n<link rel=\"canonical\" href=\"https:\/\/kulturneleto.eu\/en\/event\/koncert-v-zahrade-ad-hoc-orchestra\/\" \/>\n<meta property=\"og:locale\" content=\"en_US\" \/>\n<meta property=\"og:type\" content=\"article\" \/>\n<meta property=\"og:title\" content=\"KONCERT V Z\u00c1HRADE: Ad Hoc Orchestra - \u017dilinsk\u00e9 kult\u00farne leto 2025\" \/>\n<meta property=\"og:description\" content=\"AdHoc Orchestra je komorn\u00e9 zoskupenie mlad\u00fdch hudobn\u00edkov, ktor\u00ed sa \u201epre tentokr\u00e1t\u201c rozhodli prezentova\u0165 zn\u00e1mymi filmov\u00fdmi, muzik\u00e1lov\u00fdmi a popul\u00e1rnymi mel\u00f3diami. S\u00fa v\u00fdnimo\u010dn\u00ed najm\u00e4 svoj\u00edm obsaden\u00edm, preto\u017ee nie s\u00fa ani orchester v pravom zmysle, ani klasick\u00e9 komorn\u00e9 obsadenie. Ide o jedine\u010dn\u00fa form\u00e1ciu dychov\u00fdch a sl\u00e1\u010dikov\u00fdch n\u00e1strojov, ktor\u00e1 je podfarben\u00e1 zvukmi klav\u00edra a perkusi\u00ed. &nbsp; Vstup: 4,00 Eur [&hellip;]\" \/>\n<meta property=\"og:url\" content=\"https:\/\/kulturneleto.eu\/en\/event\/koncert-v-zahrade-ad-hoc-orchestra\/\" \/>\n<meta property=\"og:site_name\" content=\"\u017dilinsk\u00e9 kult\u00farne leto 2025\" \/>\n<meta property=\"article:publisher\" content=\"https:\/\/www.facebook.com\/Mesto-ilina-162541880519007\" \/>\n<meta property=\"article:modified_time\" content=\"2023-07-03T13:47:10+00:00\" \/>\n<meta property=\"og:image\" content=\"https:\/\/kulturneleto.eu\/wp-content\/uploads\/2023\/06\/Ad-hoc.jpg\" \/>\n\t<meta property=\"og:image:width\" content=\"1200\" \/>\n\t<meta property=\"og:image:height\" content=\"800\" \/>\n\t<meta property=\"og:image:type\" content=\"image\/jpeg\" \/>\n<meta name=\"twitter:card\" content=\"summary_large_image\" \/>\n<meta name=\"twitter:label1\" content=\"Est. reading time\" \/>\n\t<meta name=\"twitter:data1\" content=\"1 minute\" \/>\n<script type=\"application\/ld+json\" class=\"yoast-schema-graph\">{\"@context\":\"https:\/\/schema.org\",\"@graph\":[{\"@type\":\"WebPage\",\"@id\":\"https:\/\/kulturneleto.eu\/event\/koncert-v-zahrade-ad-hoc-orchestra\/\",\"url\":\"https:\/\/kulturneleto.eu\/event\/koncert-v-zahrade-ad-hoc-orchestra\/\",\"name\":\"KONCERT V Z\u00c1HRADE: Ad Hoc Orchestra - \u017dilinsk\u00e9 kult\u00farne leto 2025\",\"isPartOf\":{\"@id\":\"https:\/\/kulturneleto.eu\/#website\"},\"primaryImageOfPage\":{\"@id\":\"https:\/\/kulturneleto.eu\/event\/koncert-v-zahrade-ad-hoc-orchestra\/#primaryimage\"},\"image\":{\"@id\":\"https:\/\/kulturneleto.eu\/event\/koncert-v-zahrade-ad-hoc-orchestra\/#primaryimage\"},\"thumbnailUrl\":\"https:\/\/kulturneleto.eu\/wp-content\/uploads\/2023\/06\/Ad-hoc.jpg\",\"datePublished\":\"2023-06-30T06:44:52+00:00\",\"dateModified\":\"2023-07-03T13:47:10+00:00\",\"breadcrumb\":{\"@id\":\"https:\/\/kulturneleto.eu\/event\/koncert-v-zahrade-ad-hoc-orchestra\/#breadcrumb\"},\"inLanguage\":\"en-US\",\"potentialAction\":[{\"@type\":\"ReadAction\",\"target\":[\"https:\/\/kulturneleto.eu\/event\/koncert-v-zahrade-ad-hoc-orchestra\/\"]}]},{\"@type\":\"ImageObject\",\"inLanguage\":\"en-US\",\"@id\":\"https:\/\/kulturneleto.eu\/event\/koncert-v-zahrade-ad-hoc-orchestra\/#primaryimage\",\"url\":\"https:\/\/kulturneleto.eu\/wp-content\/uploads\/2023\/06\/Ad-hoc.jpg\",\"contentUrl\":\"https:\/\/kulturneleto.eu\/wp-content\/uploads\/2023\/06\/Ad-hoc.jpg\",\"width\":1200,\"height\":800},{\"@type\":\"BreadcrumbList\",\"@id\":\"https:\/\/kulturneleto.eu\/event\/koncert-v-zahrade-ad-hoc-orchestra\/#breadcrumb\",\"itemListElement\":[{\"@type\":\"ListItem\",\"position\":1,\"name\":\"Domovsk\u00e1 str\u00e1nka\",\"item\":\"https:\/\/kulturneleto.eu\/\"},{\"@type\":\"ListItem\",\"position\":2,\"name\":\"KONCERT V Z\u00c1HRADE: Ad Hoc Orchestra\"}]},{\"@type\":\"WebSite\",\"@id\":\"https:\/\/kulturneleto.eu\/#website\",\"url\":\"https:\/\/kulturneleto.eu\/\",\"name\":\"\u017dilinsk\u00e9 kult\u00farne leto 2025\",\"description\":\"j\u00fal, august, september\",\"publisher\":{\"@id\":\"https:\/\/kulturneleto.eu\/#organization\"},\"potentialAction\":[{\"@type\":\"SearchAction\",\"target\":{\"@type\":\"EntryPoint\",\"urlTemplate\":\"https:\/\/kulturneleto.eu\/?s={search_term_string}\"},\"query-input\":{\"@type\":\"PropertyValueSpecification\",\"valueRequired\":true,\"valueName\":\"search_term_string\"}}],\"inLanguage\":\"en-US\"},{\"@type\":\"Organization\",\"@id\":\"https:\/\/kulturneleto.eu\/#organization\",\"name\":\"Kult\u00farne leto\",\"url\":\"https:\/\/kulturneleto.eu\/\",\"logo\":{\"@type\":\"ImageObject\",\"inLanguage\":\"en-US\",\"@id\":\"https:\/\/kulturneleto.eu\/#\/schema\/logo\/image\/\",\"url\":\"https:\/\/kulturneleto.eu\/wp-content\/uploads\/2022\/06\/logo_zkl_2022_orange.png\",\"contentUrl\":\"https:\/\/kulturneleto.eu\/wp-content\/uploads\/2022\/06\/logo_zkl_2022_orange.png\",\"width\":330,\"height\":117,\"caption\":\"Kult\u00farne leto\"},\"image\":{\"@id\":\"https:\/\/kulturneleto.eu\/#\/schema\/logo\/image\/\"},\"sameAs\":[\"https:\/\/www.facebook.com\/Mesto-ilina-162541880519007\",\"https:\/\/www.youtube.com\/channel\/UCfY6Cc8yEeMgTWAUW5QaGAw\",\"https:\/\/www.instagram.com\/mestozilina\/?hl=sk\"]}]}<\/script>\n<!-- \/ Yoast SEO plugin. -->","yoast_head_json":{"title":"KONCERT V Z\u00c1HRADE: Ad Hoc Orchestra - \u017dilinsk\u00e9 kult\u00farne leto 2025","robots":{"index":"index","follow":"follow","max-snippet":"max-snippet:-1","max-image-preview":"max-image-preview:large","max-video-preview":"max-video-preview:-1"},"canonical":"https:\/\/kulturneleto.eu\/en\/event\/koncert-v-zahrade-ad-hoc-orchestra\/","og_locale":"en_US","og_type":"article","og_title":"KONCERT V Z\u00c1HRADE: Ad Hoc Orchestra - \u017dilinsk\u00e9 kult\u00farne leto 2025","og_description":"AdHoc Orchestra je komorn\u00e9 zoskupenie mlad\u00fdch hudobn\u00edkov, ktor\u00ed sa \u201epre tentokr\u00e1t\u201c rozhodli prezentova\u0165 zn\u00e1mymi filmov\u00fdmi, muzik\u00e1lov\u00fdmi a popul\u00e1rnymi mel\u00f3diami. S\u00fa v\u00fdnimo\u010dn\u00ed najm\u00e4 svoj\u00edm obsaden\u00edm, preto\u017ee nie s\u00fa ani orchester v pravom zmysle, ani klasick\u00e9 komorn\u00e9 obsadenie. Ide o jedine\u010dn\u00fa form\u00e1ciu dychov\u00fdch a sl\u00e1\u010dikov\u00fdch n\u00e1strojov, ktor\u00e1 je podfarben\u00e1 zvukmi klav\u00edra a perkusi\u00ed. &nbsp; Vstup: 4,00 Eur [&hellip;]","og_url":"https:\/\/kulturneleto.eu\/en\/event\/koncert-v-zahrade-ad-hoc-orchestra\/","og_site_name":"\u017dilinsk\u00e9 kult\u00farne leto 2025","article_publisher":"https:\/\/www.facebook.com\/Mesto-ilina-162541880519007","article_modified_time":"2023-07-03T13:47:10+00:00","og_image":[{"width":1200,"height":800,"url":"https:\/\/kulturneleto.eu\/wp-content\/uploads\/2023\/06\/Ad-hoc.jpg","type":"image\/jpeg"}],"twitter_card":"summary_large_image","twitter_misc":{"Est. reading time":"1 minute"},"schema":{"@context":"https:\/\/schema.org","@graph":[{"@type":"WebPage","@id":"https:\/\/kulturneleto.eu\/event\/koncert-v-zahrade-ad-hoc-orchestra\/","url":"https:\/\/kulturneleto.eu\/event\/koncert-v-zahrade-ad-hoc-orchestra\/","name":"KONCERT V Z\u00c1HRADE: Ad Hoc Orchestra - \u017dilinsk\u00e9 kult\u00farne leto 2025","isPartOf":{"@id":"https:\/\/kulturneleto.eu\/#website"},"primaryImageOfPage":{"@id":"https:\/\/kulturneleto.eu\/event\/koncert-v-zahrade-ad-hoc-orchestra\/#primaryimage"},"image":{"@id":"https:\/\/kulturneleto.eu\/event\/koncert-v-zahrade-ad-hoc-orchestra\/#primaryimage"},"thumbnailUrl":"https:\/\/kulturneleto.eu\/wp-content\/uploads\/2023\/06\/Ad-hoc.jpg","datePublished":"2023-06-30T06:44:52+00:00","dateModified":"2023-07-03T13:47:10+00:00","breadcrumb":{"@id":"https:\/\/kulturneleto.eu\/event\/koncert-v-zahrade-ad-hoc-orchestra\/#breadcrumb"},"inLanguage":"en-US","potentialAction":[{"@type":"ReadAction","target":["https:\/\/kulturneleto.eu\/event\/koncert-v-zahrade-ad-hoc-orchestra\/"]}]},{"@type":"ImageObject","inLanguage":"en-US","@id":"https:\/\/kulturneleto.eu\/event\/koncert-v-zahrade-ad-hoc-orchestra\/#primaryimage","url":"https:\/\/kulturneleto.eu\/wp-content\/uploads\/2023\/06\/Ad-hoc.jpg","contentUrl":"https:\/\/kulturneleto.eu\/wp-content\/uploads\/2023\/06\/Ad-hoc.jpg","width":1200,"height":800},{"@type":"BreadcrumbList","@id":"https:\/\/kulturneleto.eu\/event\/koncert-v-zahrade-ad-hoc-orchestra\/#breadcrumb","itemListElement":[{"@type":"ListItem","position":1,"name":"Domovsk\u00e1 str\u00e1nka","item":"https:\/\/kulturneleto.eu\/"},{"@type":"ListItem","position":2,"name":"KONCERT V Z\u00c1HRADE: Ad Hoc Orchestra"}]},{"@type":"WebSite","@id":"https:\/\/kulturneleto.eu\/#website","url":"https:\/\/kulturneleto.eu\/","name":"\u017dilinsk\u00e9 kult\u00farne leto 2025","description":"j\u00fal, august, september","publisher":{"@id":"https:\/\/kulturneleto.eu\/#organization"},"potentialAction":[{"@type":"SearchAction","target":{"@type":"EntryPoint","urlTemplate":"https:\/\/kulturneleto.eu\/?s={search_term_string}"},"query-input":{"@type":"PropertyValueSpecification","valueRequired":true,"valueName":"search_term_string"}}],"inLanguage":"en-US"},{"@type":"Organization","@id":"https:\/\/kulturneleto.eu\/#organization","name":"Kult\u00farne leto","url":"https:\/\/kulturneleto.eu\/","logo":{"@type":"ImageObject","inLanguage":"en-US","@id":"https:\/\/kulturneleto.eu\/#\/schema\/logo\/image\/","url":"https:\/\/kulturneleto.eu\/wp-content\/uploads\/2022\/06\/logo_zkl_2022_orange.png","contentUrl":"https:\/\/kulturneleto.eu\/wp-content\/uploads\/2022\/06\/logo_zkl_2022_orange.png","width":330,"height":117,"caption":"Kult\u00farne leto"},"image":{"@id":"https:\/\/kulturneleto.eu\/#\/schema\/logo\/image\/"},"sameAs":["https:\/\/www.facebook.com\/Mesto-ilina-162541880519007","https:\/\/www.youtube.com\/channel\/UCfY6Cc8yEeMgTWAUW5QaGAw","https:\/\/www.instagram.com\/mestozilina\/?hl=sk"]}]}},"_links":{"self":[{"href":"https:\/\/kulturneleto.eu\/en\/wp-json\/wp\/v2\/event_listing\/5289","targetHints":{"allow":["GET"]}}],"collection":[{"href":"https:\/\/kulturneleto.eu\/en\/wp-json\/wp\/v2\/event_listing"}],"about":[{"href":"https:\/\/kulturneleto.eu\/en\/wp-json\/wp\/v2\/types\/event_listing"}],"wp:featuredmedia":[{"embeddable":true,"href":"https:\/\/kulturneleto.eu\/en\/wp-json\/wp\/v2\/media\/5423"}],"wp:attachment":[{"href":"https:\/\/kulturneleto.eu\/en\/wp-json\/wp\/v2\/media?parent=5289"}],"wp:term":[{"taxonomy":"event_listing_category","embeddable":true,"href":"https:\/\/kulturneleto.eu\/en\/wp-json\/wp\/v2\/event_listing_category?post=5289"},{"taxonomy":"event_listing_type","embeddable":true,"href":"https:\/\/kulturneleto.eu\/en\/wp-json\/wp\/v2\/event_listing_type?post=5289"}],"curies":[{"name":"wp","href":"https:\/\/api.w.org\/{rel}","templated":true}]}}

KONCERT V ZÁHRADE: Ad Hoc Orchestra

<p>AdHoc Orchestra je komorné zoskupenie mladých hudobníkov, ktorí sa „pre tentokrát“ rozhodli prezentovať známymi filmovými, muzikálovými a populárnymi melódiami.<br />
Sú výnimoční najmä svojím obsadením, pretože nie sú ani orchester v pravom zmysle, ani klasické komorné obsadenie.<br />
Ide o jedinečnú formáciu dychových a sláčikových nástrojov, ktorá je podfarbená zvukmi klavíra a perkusií.</p>
<p>&nbsp;</p>
<p>Vstup: 4,00 Eur (dospelí – 18+) / 2,00 Eur (študenti – ZŠ, SŠ, VŠ)<br />
Deti (do veku 6 rokov), seniori a ZŤP – vstup zadarmo</p>
<p>&nbsp;</p>
<p>Koncert prebehne v rámci festivalu Ignácove dni.</p>

<!-- This site is optimized with the Yoast SEO plugin v27.1.1 - https://yoast.com/product/yoast-seo-wordpress/ -->
<title>KONCERT V ZÁHRADE: Ad Hoc Orchestra - Žilinské kultúrne leto 2025</title>
<meta name="robots" content="index, follow, max-snippet:-1, max-image-preview:large, max-video-preview:-1" />
<link rel="canonical" href="https://kulturneleto.eu/en/event/koncert-v-zahrade-ad-hoc-orchestra/" />
<meta property="og:locale" content="en_US" />
<meta property="og:type" content="article" />
<meta property="og:title" content="KONCERT V ZÁHRADE: Ad Hoc Orchestra - Žilinské kultúrne leto 2025" />
<meta property="og:description" content="AdHoc Orchestra je komorné zoskupenie mladých hudobníkov, ktorí sa „pre tentokrát“ rozhodli prezentovať známymi filmovými, muzikálovými a populárnymi melódiami. Sú výnimoční najmä svojím obsadením, pretože nie sú ani orchester v pravom zmysle, ani klasické komorné obsadenie. Ide o jedinečnú formáciu dychových a sláčikových nástrojov, ktorá je podfarbená zvukmi klavíra a perkusií. &nbsp; Vstup: 4,00 Eur [&hellip;]" />
<meta property="og:url" content="https://kulturneleto.eu/en/event/koncert-v-zahrade-ad-hoc-orchestra/" />
<meta property="og:site_name" content="Žilinské kultúrne leto 2025" />
<meta property="article:publisher" content="https://www.facebook.com/Mesto-ilina-162541880519007" />
<meta property="article:modified_time" content="2023-07-03T13:47:10+00:00" />
<meta property="og:image" content="https://kulturneleto.eu/wp-content/uploads/2023/06/Ad-hoc.jpg" />
	<meta property="og:image:width" content="1200" />
	<meta property="og:image:height" content="800" />
	<meta property="og:image:type" content="image/jpeg" />
<meta name="twitter:card" content="summary_large_image" />
<meta name="twitter:label1" content="Est. reading time" />
	<meta name="twitter:data1" content="1 minute" />
<script type="application/ld+json" class="yoast-schema-graph">{"@context":"https://schema.org","@graph":[{"@type":"WebPage","@id":"https://kulturneleto.eu/event/koncert-v-zahrade-ad-hoc-orchestra/","url":"https://kulturneleto.eu/event/koncert-v-zahrade-ad-hoc-orchestra/","name":"KONCERT V ZÁHRADE: Ad Hoc Orchestra - Žilinské kultúrne leto 2025","isPartOf":{"@id":"https://kulturneleto.eu/#website"},"primaryImageOfPage":{"@id":"https://kulturneleto.eu/event/koncert-v-zahrade-ad-hoc-orchestra/#primaryimage"},"image":{"@id":"https://kulturneleto.eu/event/koncert-v-zahrade-ad-hoc-orchestra/#primaryimage"},"thumbnailUrl":"https://kulturneleto.eu/wp-content/uploads/2023/06/Ad-hoc.jpg","datePublished":"2023-06-30T06:44:52+00:00","dateModified":"2023-07-03T13:47:10+00:00","breadcrumb":{"@id":"https://kulturneleto.eu/event/koncert-v-zahrade-ad-hoc-orchestra/#breadcrumb"},"inLanguage":"en-US","potentialAction":[{"@type":"ReadAction","target":["https://kulturneleto.eu/event/koncert-v-zahrade-ad-hoc-orchestra/"]}]},{"@type":"ImageObject","inLanguage":"en-US","@id":"https://kulturneleto.eu/event/koncert-v-zahrade-ad-hoc-orchestra/#primaryimage","url":"https://kulturneleto.eu/wp-content/uploads/2023/06/Ad-hoc.jpg","contentUrl":"https://kulturneleto.eu/wp-content/uploads/2023/06/Ad-hoc.jpg","width":1200,"height":800},{"@type":"BreadcrumbList","@id":"https://kulturneleto.eu/event/koncert-v-zahrade-ad-hoc-orchestra/#breadcrumb","itemListElement":[{"@type":"ListItem","position":1,"name":"Domovská stránka","item":"https://kulturneleto.eu/"},{"@type":"ListItem","position":2,"name":"KONCERT V ZÁHRADE: Ad Hoc Orchestra"}]},{"@type":"WebSite","@id":"https://kulturneleto.eu/#website","url":"https://kulturneleto.eu/","name":"Žilinské kultúrne leto 2025","description":"júl, august, september","publisher":{"@id":"https://kulturneleto.eu/#organization"},"potentialAction":[{"@type":"SearchAction","target":{"@type":"EntryPoint","urlTemplate":"https://kulturneleto.eu/?s={search_term_string}"},"query-input":{"@type":"PropertyValueSpecification","valueRequired":true,"valueName":"search_term_string"}}],"inLanguage":"en-US"},{"@type":"Organization","@id":"https://kulturneleto.eu/#organization","name":"Kultúrne leto","url":"https://kulturneleto.eu/","logo":{"@type":"ImageObject","inLanguage":"en-US","@id":"https://kulturneleto.eu/#/schema/logo/image/","url":"https://kulturneleto.eu/wp-content/uploads/2022/06/logo_zkl_2022_orange.png","contentUrl":"https://kulturneleto.eu/wp-content/uploads/2022/06/logo_zkl_2022_orange.png","width":330,"height":117,"caption":"Kultúrne leto"},"image":{"@id":"https://kulturneleto.eu/#/schema/logo/image/"},"sameAs":["https://www.facebook.com/Mesto-ilina-162541880519007","https://www.youtube.com/channel/UCfY6Cc8yEeMgTWAUW5QaGAw","https://www.instagram.com/mestozilina/?hl=sk"]}]}</script>
<!-- / Yoast SEO plugin. -->

KONCERT V ZÁHRADE: Ad Hoc Orchestra - Žilinské kultúrne leto 2025

AdHoc Orchestra je komorné zoskupenie mladých hudobníkov, ktorí sa „pre tentokrát“ rozhodli prezentovať známymi filmovými, muzikálovými a populárnymi melódiami. Sú výnimoční najmä svojím obsadením, pretože nie sú ani orchester v pravom zmysle, ani klasické komorné obsadenie. Ide o jedinečnú formáciu dychových a sláčikových nástrojov, ktorá je podfarbená zvukmi klavíra a perkusií. &nbsp; Vstup: 4,00 Eur [&hellip;]

Žilinské kultúrne leto 2025

Domovská stránka

júl, august, september

Kultúrne leto
