{"id":5294,"date":"2023-06-30T08:48:35","date_gmt":"2023-06-30T06:48:35","guid":{"rendered":"https:\/\/kulturneleto.eu\/?post_type=event_listing&#038;p=5294"},"modified":"2023-07-04T10:38:03","modified_gmt":"2023-07-04T08:38:03","slug":"dracie-dni-2","status":"publish","type":"event_listing","link":"https:\/\/kulturneleto.eu\/en\/event\/dracie-dni-2\/","title":{"rendered":"Dra\u010die dni"},"content":{"rendered":"<p>Origin\u00e1lny rozpr\u00e1vkov\u00fd festival pre cel\u00fa rodinu. Tentokr\u00e1t v\u00e1s poz\u00fdvame za\u017ei\u0165 pr\u00edbeh o kr\u00e1\u013eovskej svadbe, po\u010das ktor\u00e9ho n\u00e1s spolo\u010dne \u010dak\u00e1 mno\u017estvo smiechu aj \u00faskal\u00ed. Dr\u00e1\u010dik Arno\u0161t sa nau\u010d\u00ed nov\u00fdm schopnostiam a mlad\u00e9mu kr\u00e1\u013eovsk\u00e9mu p\u00e1ru medzi\u010dasom poriadne<br \/>\nzamie\u0161a pl\u00e1nmi bosorka.<\/p>\n<p>Te\u0161i\u0165 sa v\u0161ak m\u00f4\u017eete aj na celkom nov\u00fd \u0161t\u00fdl z\u00e1\u017eitku. Po\u010das v\u00edkendu bude v are\u00e1li hradu pestr\u00e1 ponuka z\u00e1bavy a aktiv\u00edt Hradn\u00fdch hier a st\u00e1nky remeseln\u00edkov Hradn\u00e9ho jarmoku.<\/p>\n<p>Viac inform\u00e1ci\u00ed na: www.draciedni.sk<\/p>\n<p>&nbsp;<\/p>\n<p>&nbsp;<\/p>","protected":false},"featured_media":5470,"template":"","meta":[],"event_listing_category":[97],"event_listing_type":[83],"class_list":["post-5294","event_listing","type-event_listing","status-publish","has-post-thumbnail","hentry","event_listing_category-zkl2023","event_listing_type-ine"],"yoast_head":"<!-- This site is optimized with the Yoast SEO plugin v27.1.1 - https:\/\/yoast.com\/product\/yoast-seo-wordpress\/ -->\n<title>Dra\u010die dni - \u017dilinsk\u00e9 kult\u00farne leto 2025<\/title>\n<meta name=\"robots\" content=\"index, follow, max-snippet:-1, max-image-preview:large, max-video-preview:-1\" \/>\n<link rel=\"canonical\" href=\"https:\/\/kulturneleto.eu\/en\/event\/dracie-dni-2\/\" \/>\n<meta property=\"og:locale\" content=\"en_US\" \/>\n<meta property=\"og:type\" content=\"article\" \/>\n<meta property=\"og:title\" content=\"Dra\u010die dni - \u017dilinsk\u00e9 kult\u00farne leto 2025\" \/>\n<meta property=\"og:description\" content=\"Origin\u00e1lny rozpr\u00e1vkov\u00fd festival pre cel\u00fa rodinu. Tentokr\u00e1t v\u00e1s poz\u00fdvame za\u017ei\u0165 pr\u00edbeh o kr\u00e1\u013eovskej svadbe, po\u010das ktor\u00e9ho n\u00e1s spolo\u010dne \u010dak\u00e1 mno\u017estvo smiechu aj \u00faskal\u00ed. Dr\u00e1\u010dik Arno\u0161t sa nau\u010d\u00ed nov\u00fdm schopnostiam a mlad\u00e9mu kr\u00e1\u013eovsk\u00e9mu p\u00e1ru medzi\u010dasom poriadne zamie\u0161a pl\u00e1nmi bosorka. Te\u0161i\u0165 sa v\u0161ak m\u00f4\u017eete aj na celkom nov\u00fd \u0161t\u00fdl z\u00e1\u017eitku. Po\u010das v\u00edkendu bude v are\u00e1li hradu pestr\u00e1 [&hellip;]\" \/>\n<meta property=\"og:url\" content=\"https:\/\/kulturneleto.eu\/en\/event\/dracie-dni-2\/\" \/>\n<meta property=\"og:site_name\" content=\"\u017dilinsk\u00e9 kult\u00farne leto 2025\" \/>\n<meta property=\"article:publisher\" content=\"https:\/\/www.facebook.com\/Mesto-ilina-162541880519007\" \/>\n<meta property=\"article:modified_time\" content=\"2023-07-04T08:38:03+00:00\" \/>\n<meta property=\"og:image\" content=\"https:\/\/kulturneleto.eu\/wp-content\/uploads\/2023\/06\/dracie-dni.jpg\" \/>\n\t<meta property=\"og:image:width\" content=\"2000\" \/>\n\t<meta property=\"og:image:height\" content=\"1333\" \/>\n\t<meta property=\"og:image:type\" content=\"image\/jpeg\" \/>\n<meta name=\"twitter:card\" content=\"summary_large_image\" \/>\n<meta name=\"twitter:label1\" content=\"Est. reading time\" \/>\n\t<meta name=\"twitter:data1\" content=\"1 minute\" \/>\n<script type=\"application\/ld+json\" class=\"yoast-schema-graph\">{\"@context\":\"https:\/\/schema.org\",\"@graph\":[{\"@type\":\"WebPage\",\"@id\":\"https:\/\/kulturneleto.eu\/event\/dracie-dni-2\/\",\"url\":\"https:\/\/kulturneleto.eu\/event\/dracie-dni-2\/\",\"name\":\"Dra\u010die dni - \u017dilinsk\u00e9 kult\u00farne leto 2025\",\"isPartOf\":{\"@id\":\"https:\/\/kulturneleto.eu\/#website\"},\"primaryImageOfPage\":{\"@id\":\"https:\/\/kulturneleto.eu\/event\/dracie-dni-2\/#primaryimage\"},\"image\":{\"@id\":\"https:\/\/kulturneleto.eu\/event\/dracie-dni-2\/#primaryimage\"},\"thumbnailUrl\":\"https:\/\/kulturneleto.eu\/wp-content\/uploads\/2023\/06\/dracie-dni.jpg\",\"datePublished\":\"2023-06-30T06:48:35+00:00\",\"dateModified\":\"2023-07-04T08:38:03+00:00\",\"breadcrumb\":{\"@id\":\"https:\/\/kulturneleto.eu\/event\/dracie-dni-2\/#breadcrumb\"},\"inLanguage\":\"en-US\",\"potentialAction\":[{\"@type\":\"ReadAction\",\"target\":[\"https:\/\/kulturneleto.eu\/event\/dracie-dni-2\/\"]}]},{\"@type\":\"ImageObject\",\"inLanguage\":\"en-US\",\"@id\":\"https:\/\/kulturneleto.eu\/event\/dracie-dni-2\/#primaryimage\",\"url\":\"https:\/\/kulturneleto.eu\/wp-content\/uploads\/2023\/06\/dracie-dni.jpg\",\"contentUrl\":\"https:\/\/kulturneleto.eu\/wp-content\/uploads\/2023\/06\/dracie-dni.jpg\",\"width\":2000,\"height\":1333},{\"@type\":\"BreadcrumbList\",\"@id\":\"https:\/\/kulturneleto.eu\/event\/dracie-dni-2\/#breadcrumb\",\"itemListElement\":[{\"@type\":\"ListItem\",\"position\":1,\"name\":\"Domovsk\u00e1 str\u00e1nka\",\"item\":\"https:\/\/kulturneleto.eu\/\"},{\"@type\":\"ListItem\",\"position\":2,\"name\":\"Dra\u010die dni\"}]},{\"@type\":\"WebSite\",\"@id\":\"https:\/\/kulturneleto.eu\/#website\",\"url\":\"https:\/\/kulturneleto.eu\/\",\"name\":\"\u017dilinsk\u00e9 kult\u00farne leto 2025\",\"description\":\"j\u00fal, august, september\",\"publisher\":{\"@id\":\"https:\/\/kulturneleto.eu\/#organization\"},\"potentialAction\":[{\"@type\":\"SearchAction\",\"target\":{\"@type\":\"EntryPoint\",\"urlTemplate\":\"https:\/\/kulturneleto.eu\/?s={search_term_string}\"},\"query-input\":{\"@type\":\"PropertyValueSpecification\",\"valueRequired\":true,\"valueName\":\"search_term_string\"}}],\"inLanguage\":\"en-US\"},{\"@type\":\"Organization\",\"@id\":\"https:\/\/kulturneleto.eu\/#organization\",\"name\":\"Kult\u00farne leto\",\"url\":\"https:\/\/kulturneleto.eu\/\",\"logo\":{\"@type\":\"ImageObject\",\"inLanguage\":\"en-US\",\"@id\":\"https:\/\/kulturneleto.eu\/#\/schema\/logo\/image\/\",\"url\":\"https:\/\/kulturneleto.eu\/wp-content\/uploads\/2022\/06\/logo_zkl_2022_orange.png\",\"contentUrl\":\"https:\/\/kulturneleto.eu\/wp-content\/uploads\/2022\/06\/logo_zkl_2022_orange.png\",\"width\":330,\"height\":117,\"caption\":\"Kult\u00farne leto\"},\"image\":{\"@id\":\"https:\/\/kulturneleto.eu\/#\/schema\/logo\/image\/\"},\"sameAs\":[\"https:\/\/www.facebook.com\/Mesto-ilina-162541880519007\",\"https:\/\/www.youtube.com\/channel\/UCfY6Cc8yEeMgTWAUW5QaGAw\",\"https:\/\/www.instagram.com\/mestozilina\/?hl=sk\"]}]}<\/script>\n<!-- \/ Yoast SEO plugin. -->","yoast_head_json":{"title":"Dra\u010die dni - \u017dilinsk\u00e9 kult\u00farne leto 2025","robots":{"index":"index","follow":"follow","max-snippet":"max-snippet:-1","max-image-preview":"max-image-preview:large","max-video-preview":"max-video-preview:-1"},"canonical":"https:\/\/kulturneleto.eu\/en\/event\/dracie-dni-2\/","og_locale":"en_US","og_type":"article","og_title":"Dra\u010die dni - \u017dilinsk\u00e9 kult\u00farne leto 2025","og_description":"Origin\u00e1lny rozpr\u00e1vkov\u00fd festival pre cel\u00fa rodinu. Tentokr\u00e1t v\u00e1s poz\u00fdvame za\u017ei\u0165 pr\u00edbeh o kr\u00e1\u013eovskej svadbe, po\u010das ktor\u00e9ho n\u00e1s spolo\u010dne \u010dak\u00e1 mno\u017estvo smiechu aj \u00faskal\u00ed. Dr\u00e1\u010dik Arno\u0161t sa nau\u010d\u00ed nov\u00fdm schopnostiam a mlad\u00e9mu kr\u00e1\u013eovsk\u00e9mu p\u00e1ru medzi\u010dasom poriadne zamie\u0161a pl\u00e1nmi bosorka. Te\u0161i\u0165 sa v\u0161ak m\u00f4\u017eete aj na celkom nov\u00fd \u0161t\u00fdl z\u00e1\u017eitku. Po\u010das v\u00edkendu bude v are\u00e1li hradu pestr\u00e1 [&hellip;]","og_url":"https:\/\/kulturneleto.eu\/en\/event\/dracie-dni-2\/","og_site_name":"\u017dilinsk\u00e9 kult\u00farne leto 2025","article_publisher":"https:\/\/www.facebook.com\/Mesto-ilina-162541880519007","article_modified_time":"2023-07-04T08:38:03+00:00","og_image":[{"width":2000,"height":1333,"url":"https:\/\/kulturneleto.eu\/wp-content\/uploads\/2023\/06\/dracie-dni.jpg","type":"image\/jpeg"}],"twitter_card":"summary_large_image","twitter_misc":{"Est. reading time":"1 minute"},"schema":{"@context":"https:\/\/schema.org","@graph":[{"@type":"WebPage","@id":"https:\/\/kulturneleto.eu\/event\/dracie-dni-2\/","url":"https:\/\/kulturneleto.eu\/event\/dracie-dni-2\/","name":"Dra\u010die dni - \u017dilinsk\u00e9 kult\u00farne leto 2025","isPartOf":{"@id":"https:\/\/kulturneleto.eu\/#website"},"primaryImageOfPage":{"@id":"https:\/\/kulturneleto.eu\/event\/dracie-dni-2\/#primaryimage"},"image":{"@id":"https:\/\/kulturneleto.eu\/event\/dracie-dni-2\/#primaryimage"},"thumbnailUrl":"https:\/\/kulturneleto.eu\/wp-content\/uploads\/2023\/06\/dracie-dni.jpg","datePublished":"2023-06-30T06:48:35+00:00","dateModified":"2023-07-04T08:38:03+00:00","breadcrumb":{"@id":"https:\/\/kulturneleto.eu\/event\/dracie-dni-2\/#breadcrumb"},"inLanguage":"en-US","potentialAction":[{"@type":"ReadAction","target":["https:\/\/kulturneleto.eu\/event\/dracie-dni-2\/"]}]},{"@type":"ImageObject","inLanguage":"en-US","@id":"https:\/\/kulturneleto.eu\/event\/dracie-dni-2\/#primaryimage","url":"https:\/\/kulturneleto.eu\/wp-content\/uploads\/2023\/06\/dracie-dni.jpg","contentUrl":"https:\/\/kulturneleto.eu\/wp-content\/uploads\/2023\/06\/dracie-dni.jpg","width":2000,"height":1333},{"@type":"BreadcrumbList","@id":"https:\/\/kulturneleto.eu\/event\/dracie-dni-2\/#breadcrumb","itemListElement":[{"@type":"ListItem","position":1,"name":"Domovsk\u00e1 str\u00e1nka","item":"https:\/\/kulturneleto.eu\/"},{"@type":"ListItem","position":2,"name":"Dra\u010die dni"}]},{"@type":"WebSite","@id":"https:\/\/kulturneleto.eu\/#website","url":"https:\/\/kulturneleto.eu\/","name":"\u017dilinsk\u00e9 kult\u00farne leto 2025","description":"j\u00fal, august, september","publisher":{"@id":"https:\/\/kulturneleto.eu\/#organization"},"potentialAction":[{"@type":"SearchAction","target":{"@type":"EntryPoint","urlTemplate":"https:\/\/kulturneleto.eu\/?s={search_term_string}"},"query-input":{"@type":"PropertyValueSpecification","valueRequired":true,"valueName":"search_term_string"}}],"inLanguage":"en-US"},{"@type":"Organization","@id":"https:\/\/kulturneleto.eu\/#organization","name":"Kult\u00farne leto","url":"https:\/\/kulturneleto.eu\/","logo":{"@type":"ImageObject","inLanguage":"en-US","@id":"https:\/\/kulturneleto.eu\/#\/schema\/logo\/image\/","url":"https:\/\/kulturneleto.eu\/wp-content\/uploads\/2022\/06\/logo_zkl_2022_orange.png","contentUrl":"https:\/\/kulturneleto.eu\/wp-content\/uploads\/2022\/06\/logo_zkl_2022_orange.png","width":330,"height":117,"caption":"Kult\u00farne leto"},"image":{"@id":"https:\/\/kulturneleto.eu\/#\/schema\/logo\/image\/"},"sameAs":["https:\/\/www.facebook.com\/Mesto-ilina-162541880519007","https:\/\/www.youtube.com\/channel\/UCfY6Cc8yEeMgTWAUW5QaGAw","https:\/\/www.instagram.com\/mestozilina\/?hl=sk"]}]}},"_links":{"self":[{"href":"https:\/\/kulturneleto.eu\/en\/wp-json\/wp\/v2\/event_listing\/5294","targetHints":{"allow":["GET"]}}],"collection":[{"href":"https:\/\/kulturneleto.eu\/en\/wp-json\/wp\/v2\/event_listing"}],"about":[{"href":"https:\/\/kulturneleto.eu\/en\/wp-json\/wp\/v2\/types\/event_listing"}],"wp:featuredmedia":[{"embeddable":true,"href":"https:\/\/kulturneleto.eu\/en\/wp-json\/wp\/v2\/media\/5470"}],"wp:attachment":[{"href":"https:\/\/kulturneleto.eu\/en\/wp-json\/wp\/v2\/media?parent=5294"}],"wp:term":[{"taxonomy":"event_listing_category","embeddable":true,"href":"https:\/\/kulturneleto.eu\/en\/wp-json\/wp\/v2\/event_listing_category?post=5294"},{"taxonomy":"event_listing_type","embeddable":true,"href":"https:\/\/kulturneleto.eu\/en\/wp-json\/wp\/v2\/event_listing_type?post=5294"}],"curies":[{"name":"wp","href":"https:\/\/api.w.org\/{rel}","templated":true}]}}

Dračie dni

<p>Originálny rozprávkový festival pre celú rodinu. Tentokrát vás pozývame zažiť príbeh o kráľovskej svadbe, počas ktorého nás spoločne čaká množstvo smiechu aj úskalí. Dráčik Arnošt sa naučí novým schopnostiam a mladému kráľovskému páru medzičasom poriadne<br />
zamieša plánmi bosorka.</p>
<p>Tešiť sa však môžete aj na celkom nový štýl zážitku. Počas víkendu bude v areáli hradu pestrá ponuka zábavy a aktivít Hradných hier a stánky remeselníkov Hradného jarmoku.</p>
<p>Viac informácií na: www.draciedni.sk</p>
<p>&nbsp;</p>
<p>&nbsp;</p>

<!-- This site is optimized with the Yoast SEO plugin v27.1.1 - https://yoast.com/product/yoast-seo-wordpress/ -->
<title>Dračie dni - Žilinské kultúrne leto 2025</title>
<meta name="robots" content="index, follow, max-snippet:-1, max-image-preview:large, max-video-preview:-1" />
<link rel="canonical" href="https://kulturneleto.eu/en/event/dracie-dni-2/" />
<meta property="og:locale" content="en_US" />
<meta property="og:type" content="article" />
<meta property="og:title" content="Dračie dni - Žilinské kultúrne leto 2025" />
<meta property="og:description" content="Originálny rozprávkový festival pre celú rodinu. Tentokrát vás pozývame zažiť príbeh o kráľovskej svadbe, počas ktorého nás spoločne čaká množstvo smiechu aj úskalí. Dráčik Arnošt sa naučí novým schopnostiam a mladému kráľovskému páru medzičasom poriadne zamieša plánmi bosorka. Tešiť sa však môžete aj na celkom nový štýl zážitku. Počas víkendu bude v areáli hradu pestrá [&hellip;]" />
<meta property="og:url" content="https://kulturneleto.eu/en/event/dracie-dni-2/" />
<meta property="og:site_name" content="Žilinské kultúrne leto 2025" />
<meta property="article:publisher" content="https://www.facebook.com/Mesto-ilina-162541880519007" />
<meta property="article:modified_time" content="2023-07-04T08:38:03+00:00" />
<meta property="og:image" content="https://kulturneleto.eu/wp-content/uploads/2023/06/dracie-dni.jpg" />
	<meta property="og:image:width" content="2000" />
	<meta property="og:image:height" content="1333" />
	<meta property="og:image:type" content="image/jpeg" />
<meta name="twitter:card" content="summary_large_image" />
<meta name="twitter:label1" content="Est. reading time" />
	<meta name="twitter:data1" content="1 minute" />
<script type="application/ld+json" class="yoast-schema-graph">{"@context":"https://schema.org","@graph":[{"@type":"WebPage","@id":"https://kulturneleto.eu/event/dracie-dni-2/","url":"https://kulturneleto.eu/event/dracie-dni-2/","name":"Dračie dni - Žilinské kultúrne leto 2025","isPartOf":{"@id":"https://kulturneleto.eu/#website"},"primaryImageOfPage":{"@id":"https://kulturneleto.eu/event/dracie-dni-2/#primaryimage"},"image":{"@id":"https://kulturneleto.eu/event/dracie-dni-2/#primaryimage"},"thumbnailUrl":"https://kulturneleto.eu/wp-content/uploads/2023/06/dracie-dni.jpg","datePublished":"2023-06-30T06:48:35+00:00","dateModified":"2023-07-04T08:38:03+00:00","breadcrumb":{"@id":"https://kulturneleto.eu/event/dracie-dni-2/#breadcrumb"},"inLanguage":"en-US","potentialAction":[{"@type":"ReadAction","target":["https://kulturneleto.eu/event/dracie-dni-2/"]}]},{"@type":"ImageObject","inLanguage":"en-US","@id":"https://kulturneleto.eu/event/dracie-dni-2/#primaryimage","url":"https://kulturneleto.eu/wp-content/uploads/2023/06/dracie-dni.jpg","contentUrl":"https://kulturneleto.eu/wp-content/uploads/2023/06/dracie-dni.jpg","width":2000,"height":1333},{"@type":"BreadcrumbList","@id":"https://kulturneleto.eu/event/dracie-dni-2/#breadcrumb","itemListElement":[{"@type":"ListItem","position":1,"name":"Domovská stránka","item":"https://kulturneleto.eu/"},{"@type":"ListItem","position":2,"name":"Dračie dni"}]},{"@type":"WebSite","@id":"https://kulturneleto.eu/#website","url":"https://kulturneleto.eu/","name":"Žilinské kultúrne leto 2025","description":"júl, august, september","publisher":{"@id":"https://kulturneleto.eu/#organization"},"potentialAction":[{"@type":"SearchAction","target":{"@type":"EntryPoint","urlTemplate":"https://kulturneleto.eu/?s={search_term_string}"},"query-input":{"@type":"PropertyValueSpecification","valueRequired":true,"valueName":"search_term_string"}}],"inLanguage":"en-US"},{"@type":"Organization","@id":"https://kulturneleto.eu/#organization","name":"Kultúrne leto","url":"https://kulturneleto.eu/","logo":{"@type":"ImageObject","inLanguage":"en-US","@id":"https://kulturneleto.eu/#/schema/logo/image/","url":"https://kulturneleto.eu/wp-content/uploads/2022/06/logo_zkl_2022_orange.png","contentUrl":"https://kulturneleto.eu/wp-content/uploads/2022/06/logo_zkl_2022_orange.png","width":330,"height":117,"caption":"Kultúrne leto"},"image":{"@id":"https://kulturneleto.eu/#/schema/logo/image/"},"sameAs":["https://www.facebook.com/Mesto-ilina-162541880519007","https://www.youtube.com/channel/UCfY6Cc8yEeMgTWAUW5QaGAw","https://www.instagram.com/mestozilina/?hl=sk"]}]}</script>
<!-- / Yoast SEO plugin. -->

Dračie dni - Žilinské kultúrne leto 2025

Originálny rozprávkový festival pre celú rodinu. Tentokrát vás pozývame zažiť príbeh o kráľovskej svadbe, počas ktorého nás spoločne čaká množstvo smiechu aj úskalí. Dráčik Arnošt sa naučí novým schopnostiam a mladému kráľovskému páru medzičasom poriadne zamieša plánmi bosorka. Tešiť sa však môžete aj na celkom nový štýl zážitku. Počas víkendu bude v areáli hradu pestrá [&hellip;]

Žilinské kultúrne leto 2025

Domovská stránka

júl, august, september

Kultúrne leto
