{"id":5305,"date":"2023-06-30T14:16:43","date_gmt":"2023-06-30T12:16:43","guid":{"rendered":"https:\/\/kulturneleto.eu\/?post_type=event_listing&#038;p=5305"},"modified":"2023-07-06T10:50:50","modified_gmt":"2023-07-06T08:50:50","slug":"letne-kino-na-stanici-svata-hora","status":"publish","type":"event_listing","link":"https:\/\/kulturneleto.eu\/en\/event\/letne-kino-na-stanici-svata-hora\/","title":{"rendered":"Letn\u00e9 kino na Stanici: Sv\u00e4t\u00e1 Hora"},"content":{"rendered":"<p>\u0160kand\u00e1l festivalu v Cannes z roku 1973, obrazy sv\u00e4tokr\u00e1de\u017ee a existenci\u00e1lneho symbolizmu vo filme Sv\u00e4t\u00e1 hora scen\u00e1ristu a re\u017eis\u00e9ra Alejandra Jodorowskeho, ktor\u00fd hovor\u00ed o duchovnej snahe o osvietenie, stavaj\u00fac il\u00faziu proti pravde. Alchymista (Jodorowsky) zhroma\u017ed\u00ed skupinu \u013eud\u00ed zo v\u0161etk\u00fdch oblast\u00ed \u017eivota, aby reprezentovali plan\u00e9ty slne\u010dnej s\u00fastavy. Z\u00e1merom okultnej skupiny je podrobi\u0165 jednotliv\u00fdch \u010dlenov zvl\u00e1\u0161tnym mystick\u00fdm obradom a oprosti\u0165 ich od svetsk\u00fdch vec\u00ed predt\u00fdm, ako sa vydaj\u00fa na p\u00fa\u0165 na ostrov Lotus. Tam vyst\u00fapia na Sv\u00e4t\u00fa horu, aby zvrhli nesmrte\u013en\u00fdch bohov, ktor\u00ed tajne vl\u00e1dnu vesm\u00edru.<\/p>\n<p>&nbsp;<\/p>\n<p>La monta\u00f1a sagrada, Mexiko \/ USA, 1973, 114 min, R\u00e9\u017eia: Alejandro Jodorowsky \u0160panielsky jazyk + Slovensk\u00e9 titulky<\/p>","protected":false},"featured_media":5506,"template":"","meta":[],"event_listing_category":[97],"event_listing_type":[81],"class_list":["post-5305","event_listing","type-event_listing","status-publish","has-post-thumbnail","hentry","event_listing_category-zkl2023","event_listing_type-kino-divadlo"],"yoast_head":"<!-- This site is optimized with the Yoast SEO plugin v27.1.1 - https:\/\/yoast.com\/product\/yoast-seo-wordpress\/ -->\n<title>Letn\u00e9 kino na Stanici: Sv\u00e4t\u00e1 Hora - \u017dilinsk\u00e9 kult\u00farne leto 2025<\/title>\n<meta name=\"robots\" content=\"index, follow, max-snippet:-1, max-image-preview:large, max-video-preview:-1\" \/>\n<link rel=\"canonical\" href=\"https:\/\/kulturneleto.eu\/en\/event\/letne-kino-na-stanici-svata-hora\/\" \/>\n<meta property=\"og:locale\" content=\"en_US\" \/>\n<meta property=\"og:type\" content=\"article\" \/>\n<meta property=\"og:title\" content=\"Letn\u00e9 kino na Stanici: Sv\u00e4t\u00e1 Hora - \u017dilinsk\u00e9 kult\u00farne leto 2025\" \/>\n<meta property=\"og:description\" content=\"\u0160kand\u00e1l festivalu v Cannes z roku 1973, obrazy sv\u00e4tokr\u00e1de\u017ee a existenci\u00e1lneho symbolizmu vo filme Sv\u00e4t\u00e1 hora scen\u00e1ristu a re\u017eis\u00e9ra Alejandra Jodorowskeho, ktor\u00fd hovor\u00ed o duchovnej snahe o osvietenie, stavaj\u00fac il\u00faziu proti pravde. Alchymista (Jodorowsky) zhroma\u017ed\u00ed skupinu \u013eud\u00ed zo v\u0161etk\u00fdch oblast\u00ed \u017eivota, aby reprezentovali plan\u00e9ty slne\u010dnej s\u00fastavy. Z\u00e1merom okultnej skupiny je podrobi\u0165 jednotliv\u00fdch \u010dlenov zvl\u00e1\u0161tnym mystick\u00fdm [&hellip;]\" \/>\n<meta property=\"og:url\" content=\"https:\/\/kulturneleto.eu\/en\/event\/letne-kino-na-stanici-svata-hora\/\" \/>\n<meta property=\"og:site_name\" content=\"\u017dilinsk\u00e9 kult\u00farne leto 2025\" \/>\n<meta property=\"article:publisher\" content=\"https:\/\/www.facebook.com\/Mesto-ilina-162541880519007\" \/>\n<meta property=\"article:modified_time\" content=\"2023-07-06T08:50:50+00:00\" \/>\n<meta property=\"og:image\" content=\"https:\/\/kulturneleto.eu\/wp-content\/uploads\/2023\/06\/hora.jpg\" \/>\n\t<meta property=\"og:image:width\" content=\"1280\" \/>\n\t<meta property=\"og:image:height\" content=\"720\" \/>\n\t<meta property=\"og:image:type\" content=\"image\/jpeg\" \/>\n<meta name=\"twitter:card\" content=\"summary_large_image\" \/>\n<meta name=\"twitter:label1\" content=\"Est. reading time\" \/>\n\t<meta name=\"twitter:data1\" content=\"1 minute\" \/>\n<script type=\"application\/ld+json\" class=\"yoast-schema-graph\">{\"@context\":\"https:\/\/schema.org\",\"@graph\":[{\"@type\":\"WebPage\",\"@id\":\"https:\/\/kulturneleto.eu\/event\/letne-kino-na-stanici-svata-hora\/\",\"url\":\"https:\/\/kulturneleto.eu\/event\/letne-kino-na-stanici-svata-hora\/\",\"name\":\"Letn\u00e9 kino na Stanici: Sv\u00e4t\u00e1 Hora - \u017dilinsk\u00e9 kult\u00farne leto 2025\",\"isPartOf\":{\"@id\":\"https:\/\/kulturneleto.eu\/#website\"},\"primaryImageOfPage\":{\"@id\":\"https:\/\/kulturneleto.eu\/event\/letne-kino-na-stanici-svata-hora\/#primaryimage\"},\"image\":{\"@id\":\"https:\/\/kulturneleto.eu\/event\/letne-kino-na-stanici-svata-hora\/#primaryimage\"},\"thumbnailUrl\":\"https:\/\/kulturneleto.eu\/wp-content\/uploads\/2023\/06\/hora.jpg\",\"datePublished\":\"2023-06-30T12:16:43+00:00\",\"dateModified\":\"2023-07-06T08:50:50+00:00\",\"breadcrumb\":{\"@id\":\"https:\/\/kulturneleto.eu\/event\/letne-kino-na-stanici-svata-hora\/#breadcrumb\"},\"inLanguage\":\"en-US\",\"potentialAction\":[{\"@type\":\"ReadAction\",\"target\":[\"https:\/\/kulturneleto.eu\/event\/letne-kino-na-stanici-svata-hora\/\"]}]},{\"@type\":\"ImageObject\",\"inLanguage\":\"en-US\",\"@id\":\"https:\/\/kulturneleto.eu\/event\/letne-kino-na-stanici-svata-hora\/#primaryimage\",\"url\":\"https:\/\/kulturneleto.eu\/wp-content\/uploads\/2023\/06\/hora.jpg\",\"contentUrl\":\"https:\/\/kulturneleto.eu\/wp-content\/uploads\/2023\/06\/hora.jpg\",\"width\":1280,\"height\":720},{\"@type\":\"BreadcrumbList\",\"@id\":\"https:\/\/kulturneleto.eu\/event\/letne-kino-na-stanici-svata-hora\/#breadcrumb\",\"itemListElement\":[{\"@type\":\"ListItem\",\"position\":1,\"name\":\"Domovsk\u00e1 str\u00e1nka\",\"item\":\"https:\/\/kulturneleto.eu\/\"},{\"@type\":\"ListItem\",\"position\":2,\"name\":\"Letn\u00e9 kino na Stanici: Sv\u00e4t\u00e1 Hora\"}]},{\"@type\":\"WebSite\",\"@id\":\"https:\/\/kulturneleto.eu\/#website\",\"url\":\"https:\/\/kulturneleto.eu\/\",\"name\":\"\u017dilinsk\u00e9 kult\u00farne leto 2025\",\"description\":\"j\u00fal, august, september\",\"publisher\":{\"@id\":\"https:\/\/kulturneleto.eu\/#organization\"},\"potentialAction\":[{\"@type\":\"SearchAction\",\"target\":{\"@type\":\"EntryPoint\",\"urlTemplate\":\"https:\/\/kulturneleto.eu\/?s={search_term_string}\"},\"query-input\":{\"@type\":\"PropertyValueSpecification\",\"valueRequired\":true,\"valueName\":\"search_term_string\"}}],\"inLanguage\":\"en-US\"},{\"@type\":\"Organization\",\"@id\":\"https:\/\/kulturneleto.eu\/#organization\",\"name\":\"Kult\u00farne leto\",\"url\":\"https:\/\/kulturneleto.eu\/\",\"logo\":{\"@type\":\"ImageObject\",\"inLanguage\":\"en-US\",\"@id\":\"https:\/\/kulturneleto.eu\/#\/schema\/logo\/image\/\",\"url\":\"https:\/\/kulturneleto.eu\/wp-content\/uploads\/2022\/06\/logo_zkl_2022_orange.png\",\"contentUrl\":\"https:\/\/kulturneleto.eu\/wp-content\/uploads\/2022\/06\/logo_zkl_2022_orange.png\",\"width\":330,\"height\":117,\"caption\":\"Kult\u00farne leto\"},\"image\":{\"@id\":\"https:\/\/kulturneleto.eu\/#\/schema\/logo\/image\/\"},\"sameAs\":[\"https:\/\/www.facebook.com\/Mesto-ilina-162541880519007\",\"https:\/\/www.youtube.com\/channel\/UCfY6Cc8yEeMgTWAUW5QaGAw\",\"https:\/\/www.instagram.com\/mestozilina\/?hl=sk\"]}]}<\/script>\n<!-- \/ Yoast SEO plugin. -->","yoast_head_json":{"title":"Letn\u00e9 kino na Stanici: Sv\u00e4t\u00e1 Hora - \u017dilinsk\u00e9 kult\u00farne leto 2025","robots":{"index":"index","follow":"follow","max-snippet":"max-snippet:-1","max-image-preview":"max-image-preview:large","max-video-preview":"max-video-preview:-1"},"canonical":"https:\/\/kulturneleto.eu\/en\/event\/letne-kino-na-stanici-svata-hora\/","og_locale":"en_US","og_type":"article","og_title":"Letn\u00e9 kino na Stanici: Sv\u00e4t\u00e1 Hora - \u017dilinsk\u00e9 kult\u00farne leto 2025","og_description":"\u0160kand\u00e1l festivalu v Cannes z roku 1973, obrazy sv\u00e4tokr\u00e1de\u017ee a existenci\u00e1lneho symbolizmu vo filme Sv\u00e4t\u00e1 hora scen\u00e1ristu a re\u017eis\u00e9ra Alejandra Jodorowskeho, ktor\u00fd hovor\u00ed o duchovnej snahe o osvietenie, stavaj\u00fac il\u00faziu proti pravde. Alchymista (Jodorowsky) zhroma\u017ed\u00ed skupinu \u013eud\u00ed zo v\u0161etk\u00fdch oblast\u00ed \u017eivota, aby reprezentovali plan\u00e9ty slne\u010dnej s\u00fastavy. Z\u00e1merom okultnej skupiny je podrobi\u0165 jednotliv\u00fdch \u010dlenov zvl\u00e1\u0161tnym mystick\u00fdm [&hellip;]","og_url":"https:\/\/kulturneleto.eu\/en\/event\/letne-kino-na-stanici-svata-hora\/","og_site_name":"\u017dilinsk\u00e9 kult\u00farne leto 2025","article_publisher":"https:\/\/www.facebook.com\/Mesto-ilina-162541880519007","article_modified_time":"2023-07-06T08:50:50+00:00","og_image":[{"width":1280,"height":720,"url":"https:\/\/kulturneleto.eu\/wp-content\/uploads\/2023\/06\/hora.jpg","type":"image\/jpeg"}],"twitter_card":"summary_large_image","twitter_misc":{"Est. reading time":"1 minute"},"schema":{"@context":"https:\/\/schema.org","@graph":[{"@type":"WebPage","@id":"https:\/\/kulturneleto.eu\/event\/letne-kino-na-stanici-svata-hora\/","url":"https:\/\/kulturneleto.eu\/event\/letne-kino-na-stanici-svata-hora\/","name":"Letn\u00e9 kino na Stanici: Sv\u00e4t\u00e1 Hora - \u017dilinsk\u00e9 kult\u00farne leto 2025","isPartOf":{"@id":"https:\/\/kulturneleto.eu\/#website"},"primaryImageOfPage":{"@id":"https:\/\/kulturneleto.eu\/event\/letne-kino-na-stanici-svata-hora\/#primaryimage"},"image":{"@id":"https:\/\/kulturneleto.eu\/event\/letne-kino-na-stanici-svata-hora\/#primaryimage"},"thumbnailUrl":"https:\/\/kulturneleto.eu\/wp-content\/uploads\/2023\/06\/hora.jpg","datePublished":"2023-06-30T12:16:43+00:00","dateModified":"2023-07-06T08:50:50+00:00","breadcrumb":{"@id":"https:\/\/kulturneleto.eu\/event\/letne-kino-na-stanici-svata-hora\/#breadcrumb"},"inLanguage":"en-US","potentialAction":[{"@type":"ReadAction","target":["https:\/\/kulturneleto.eu\/event\/letne-kino-na-stanici-svata-hora\/"]}]},{"@type":"ImageObject","inLanguage":"en-US","@id":"https:\/\/kulturneleto.eu\/event\/letne-kino-na-stanici-svata-hora\/#primaryimage","url":"https:\/\/kulturneleto.eu\/wp-content\/uploads\/2023\/06\/hora.jpg","contentUrl":"https:\/\/kulturneleto.eu\/wp-content\/uploads\/2023\/06\/hora.jpg","width":1280,"height":720},{"@type":"BreadcrumbList","@id":"https:\/\/kulturneleto.eu\/event\/letne-kino-na-stanici-svata-hora\/#breadcrumb","itemListElement":[{"@type":"ListItem","position":1,"name":"Domovsk\u00e1 str\u00e1nka","item":"https:\/\/kulturneleto.eu\/"},{"@type":"ListItem","position":2,"name":"Letn\u00e9 kino na Stanici: Sv\u00e4t\u00e1 Hora"}]},{"@type":"WebSite","@id":"https:\/\/kulturneleto.eu\/#website","url":"https:\/\/kulturneleto.eu\/","name":"\u017dilinsk\u00e9 kult\u00farne leto 2025","description":"j\u00fal, august, september","publisher":{"@id":"https:\/\/kulturneleto.eu\/#organization"},"potentialAction":[{"@type":"SearchAction","target":{"@type":"EntryPoint","urlTemplate":"https:\/\/kulturneleto.eu\/?s={search_term_string}"},"query-input":{"@type":"PropertyValueSpecification","valueRequired":true,"valueName":"search_term_string"}}],"inLanguage":"en-US"},{"@type":"Organization","@id":"https:\/\/kulturneleto.eu\/#organization","name":"Kult\u00farne leto","url":"https:\/\/kulturneleto.eu\/","logo":{"@type":"ImageObject","inLanguage":"en-US","@id":"https:\/\/kulturneleto.eu\/#\/schema\/logo\/image\/","url":"https:\/\/kulturneleto.eu\/wp-content\/uploads\/2022\/06\/logo_zkl_2022_orange.png","contentUrl":"https:\/\/kulturneleto.eu\/wp-content\/uploads\/2022\/06\/logo_zkl_2022_orange.png","width":330,"height":117,"caption":"Kult\u00farne leto"},"image":{"@id":"https:\/\/kulturneleto.eu\/#\/schema\/logo\/image\/"},"sameAs":["https:\/\/www.facebook.com\/Mesto-ilina-162541880519007","https:\/\/www.youtube.com\/channel\/UCfY6Cc8yEeMgTWAUW5QaGAw","https:\/\/www.instagram.com\/mestozilina\/?hl=sk"]}]}},"_links":{"self":[{"href":"https:\/\/kulturneleto.eu\/en\/wp-json\/wp\/v2\/event_listing\/5305","targetHints":{"allow":["GET"]}}],"collection":[{"href":"https:\/\/kulturneleto.eu\/en\/wp-json\/wp\/v2\/event_listing"}],"about":[{"href":"https:\/\/kulturneleto.eu\/en\/wp-json\/wp\/v2\/types\/event_listing"}],"wp:featuredmedia":[{"embeddable":true,"href":"https:\/\/kulturneleto.eu\/en\/wp-json\/wp\/v2\/media\/5506"}],"wp:attachment":[{"href":"https:\/\/kulturneleto.eu\/en\/wp-json\/wp\/v2\/media?parent=5305"}],"wp:term":[{"taxonomy":"event_listing_category","embeddable":true,"href":"https:\/\/kulturneleto.eu\/en\/wp-json\/wp\/v2\/event_listing_category?post=5305"},{"taxonomy":"event_listing_type","embeddable":true,"href":"https:\/\/kulturneleto.eu\/en\/wp-json\/wp\/v2\/event_listing_type?post=5305"}],"curies":[{"name":"wp","href":"https:\/\/api.w.org\/{rel}","templated":true}]}}

Letné kino na Stanici: Svätá Hora

<p>Škandál festivalu v Cannes z roku 1973, obrazy svätokrádeže a existenciálneho symbolizmu vo filme Svätá hora scenáristu a režiséra Alejandra Jodorowskeho, ktorý hovorí o duchovnej snahe o osvietenie, stavajúc ilúziu proti pravde. Alchymista (Jodorowsky) zhromaždí skupinu ľudí zo všetkých oblastí života, aby reprezentovali planéty slnečnej sústavy. Zámerom okultnej skupiny je podrobiť jednotlivých členov zvláštnym mystickým obradom a oprostiť ich od svetských vecí predtým, ako sa vydajú na púť na ostrov Lotus. Tam vystúpia na Svätú horu, aby zvrhli nesmrteľných bohov, ktorí tajne vládnu vesmíru.</p>
<p>&nbsp;</p>
<p>La montaña sagrada, Mexiko / USA, 1973, 114 min, Réžia: Alejandro Jodorowsky Španielsky jazyk + Slovenské titulky</p>

<!-- This site is optimized with the Yoast SEO plugin v27.1.1 - https://yoast.com/product/yoast-seo-wordpress/ -->
<title>Letné kino na Stanici: Svätá Hora - Žilinské kultúrne leto 2025</title>
<meta name="robots" content="index, follow, max-snippet:-1, max-image-preview:large, max-video-preview:-1" />
<link rel="canonical" href="https://kulturneleto.eu/en/event/letne-kino-na-stanici-svata-hora/" />
<meta property="og:locale" content="en_US" />
<meta property="og:type" content="article" />
<meta property="og:title" content="Letné kino na Stanici: Svätá Hora - Žilinské kultúrne leto 2025" />
<meta property="og:description" content="Škandál festivalu v Cannes z roku 1973, obrazy svätokrádeže a existenciálneho symbolizmu vo filme Svätá hora scenáristu a režiséra Alejandra Jodorowskeho, ktorý hovorí o duchovnej snahe o osvietenie, stavajúc ilúziu proti pravde. Alchymista (Jodorowsky) zhromaždí skupinu ľudí zo všetkých oblastí života, aby reprezentovali planéty slnečnej sústavy. Zámerom okultnej skupiny je podrobiť jednotlivých členov zvláštnym mystickým [&hellip;]" />
<meta property="og:url" content="https://kulturneleto.eu/en/event/letne-kino-na-stanici-svata-hora/" />
<meta property="og:site_name" content="Žilinské kultúrne leto 2025" />
<meta property="article:publisher" content="https://www.facebook.com/Mesto-ilina-162541880519007" />
<meta property="article:modified_time" content="2023-07-06T08:50:50+00:00" />
<meta property="og:image" content="https://kulturneleto.eu/wp-content/uploads/2023/06/hora.jpg" />
	<meta property="og:image:width" content="1280" />
	<meta property="og:image:height" content="720" />
	<meta property="og:image:type" content="image/jpeg" />
<meta name="twitter:card" content="summary_large_image" />
<meta name="twitter:label1" content="Est. reading time" />
	<meta name="twitter:data1" content="1 minute" />
<script type="application/ld+json" class="yoast-schema-graph">{"@context":"https://schema.org","@graph":[{"@type":"WebPage","@id":"https://kulturneleto.eu/event/letne-kino-na-stanici-svata-hora/","url":"https://kulturneleto.eu/event/letne-kino-na-stanici-svata-hora/","name":"Letné kino na Stanici: Svätá Hora - Žilinské kultúrne leto 2025","isPartOf":{"@id":"https://kulturneleto.eu/#website"},"primaryImageOfPage":{"@id":"https://kulturneleto.eu/event/letne-kino-na-stanici-svata-hora/#primaryimage"},"image":{"@id":"https://kulturneleto.eu/event/letne-kino-na-stanici-svata-hora/#primaryimage"},"thumbnailUrl":"https://kulturneleto.eu/wp-content/uploads/2023/06/hora.jpg","datePublished":"2023-06-30T12:16:43+00:00","dateModified":"2023-07-06T08:50:50+00:00","breadcrumb":{"@id":"https://kulturneleto.eu/event/letne-kino-na-stanici-svata-hora/#breadcrumb"},"inLanguage":"en-US","potentialAction":[{"@type":"ReadAction","target":["https://kulturneleto.eu/event/letne-kino-na-stanici-svata-hora/"]}]},{"@type":"ImageObject","inLanguage":"en-US","@id":"https://kulturneleto.eu/event/letne-kino-na-stanici-svata-hora/#primaryimage","url":"https://kulturneleto.eu/wp-content/uploads/2023/06/hora.jpg","contentUrl":"https://kulturneleto.eu/wp-content/uploads/2023/06/hora.jpg","width":1280,"height":720},{"@type":"BreadcrumbList","@id":"https://kulturneleto.eu/event/letne-kino-na-stanici-svata-hora/#breadcrumb","itemListElement":[{"@type":"ListItem","position":1,"name":"Domovská stránka","item":"https://kulturneleto.eu/"},{"@type":"ListItem","position":2,"name":"Letné kino na Stanici: Svätá Hora"}]},{"@type":"WebSite","@id":"https://kulturneleto.eu/#website","url":"https://kulturneleto.eu/","name":"Žilinské kultúrne leto 2025","description":"júl, august, september","publisher":{"@id":"https://kulturneleto.eu/#organization"},"potentialAction":[{"@type":"SearchAction","target":{"@type":"EntryPoint","urlTemplate":"https://kulturneleto.eu/?s={search_term_string}"},"query-input":{"@type":"PropertyValueSpecification","valueRequired":true,"valueName":"search_term_string"}}],"inLanguage":"en-US"},{"@type":"Organization","@id":"https://kulturneleto.eu/#organization","name":"Kultúrne leto","url":"https://kulturneleto.eu/","logo":{"@type":"ImageObject","inLanguage":"en-US","@id":"https://kulturneleto.eu/#/schema/logo/image/","url":"https://kulturneleto.eu/wp-content/uploads/2022/06/logo_zkl_2022_orange.png","contentUrl":"https://kulturneleto.eu/wp-content/uploads/2022/06/logo_zkl_2022_orange.png","width":330,"height":117,"caption":"Kultúrne leto"},"image":{"@id":"https://kulturneleto.eu/#/schema/logo/image/"},"sameAs":["https://www.facebook.com/Mesto-ilina-162541880519007","https://www.youtube.com/channel/UCfY6Cc8yEeMgTWAUW5QaGAw","https://www.instagram.com/mestozilina/?hl=sk"]}]}</script>
<!-- / Yoast SEO plugin. -->

Letné kino na Stanici: Svätá Hora - Žilinské kultúrne leto 2025

Škandál festivalu v Cannes z roku 1973, obrazy svätokrádeže a existenciálneho symbolizmu vo filme Svätá hora scenáristu a režiséra Alejandra Jodorowskeho, ktorý hovorí o duchovnej snahe o osvietenie, stavajúc ilúziu proti pravde. Alchymista (Jodorowsky) zhromaždí skupinu ľudí zo všetkých oblastí života, aby reprezentovali planéty slnečnej sústavy. Zámerom okultnej skupiny je podrobiť jednotlivých členov zvláštnym mystickým [&hellip;]

Žilinské kultúrne leto 2025

Domovská stránka

júl, august, september

Kultúrne leto
