{"id":5313,"date":"2023-06-30T14:51:24","date_gmt":"2023-06-30T12:51:24","guid":{"rendered":"https:\/\/kulturneleto.eu\/?post_type=event_listing&#038;p=5313"},"modified":"2023-07-31T10:43:07","modified_gmt":"2023-07-31T08:43:07","slug":"kinematograf-invalid","status":"publish","type":"event_listing","link":"https:\/\/kulturneleto.eu\/en\/event\/kinematograf-invalid\/","title":{"rendered":"KINEMATOGRAF: Invalid"},"content":{"rendered":"<p>Divok\u00e9 90. roky. \u0160u\u0161tiakov\u00e9 s\u00fapravy, pestrofarebn\u00e9 sak\u00e1, ve\u013ek\u00e9 magnetof\u00f3ny, videoprehr\u00e1va\u010de, g\u00fd\u010dov\u00e1 dancefloor hudba, videopo\u017ei\u010dovne na ka\u017edom kroku, nov\u00e9 spolo\u010densk\u00e9 pomery, z\u00e1plava r\u00f4znych podvodn\u00ed\u010dkov, za\u010d\u00ednaj\u00faci organizovan\u00fd zlo\u010din a s n\u00edm spojen\u00e9 n\u00e1silie a korupcia. V tomto \u010dase a prostred\u00ed anonymn\u00e9ho slovensk\u00e9ho malomesta sa odohr\u00e1va pr\u00edbeh Laca Hundera \u2013 \u00fadr\u017eb\u00e1ra v m\u00fazeu, ktor\u00fd je hrd\u00fd na svoju pr\u00e1cu, ale kv\u00f4li svojej cholerickej povahe sa ocitne v nespr\u00e1vnom \u010dase na nespr\u00e1vnom mieste.<\/p>\n<p>&nbsp;<\/p>\n<p>&nbsp;<\/p>","protected":false},"featured_media":5516,"template":"","meta":[],"event_listing_category":[97],"event_listing_type":[81],"class_list":["post-5313","event_listing","type-event_listing","status-publish","has-post-thumbnail","hentry","event_listing_category-zkl2023","event_listing_type-kino-divadlo"],"yoast_head":"<!-- This site is optimized with the Yoast SEO plugin v27.1.1 - https:\/\/yoast.com\/product\/yoast-seo-wordpress\/ -->\n<title>KINEMATOGRAF: Invalid - \u017dilinsk\u00e9 kult\u00farne leto 2025<\/title>\n<meta name=\"robots\" content=\"index, follow, max-snippet:-1, max-image-preview:large, max-video-preview:-1\" \/>\n<link rel=\"canonical\" href=\"https:\/\/kulturneleto.eu\/en\/event\/kinematograf-invalid\/\" \/>\n<meta property=\"og:locale\" content=\"en_US\" \/>\n<meta property=\"og:type\" content=\"article\" \/>\n<meta property=\"og:title\" content=\"KINEMATOGRAF: Invalid - \u017dilinsk\u00e9 kult\u00farne leto 2025\" \/>\n<meta property=\"og:description\" content=\"Divok\u00e9 90. roky. \u0160u\u0161tiakov\u00e9 s\u00fapravy, pestrofarebn\u00e9 sak\u00e1, ve\u013ek\u00e9 magnetof\u00f3ny, videoprehr\u00e1va\u010de, g\u00fd\u010dov\u00e1 dancefloor hudba, videopo\u017ei\u010dovne na ka\u017edom kroku, nov\u00e9 spolo\u010densk\u00e9 pomery, z\u00e1plava r\u00f4znych podvodn\u00ed\u010dkov, za\u010d\u00ednaj\u00faci organizovan\u00fd zlo\u010din a s n\u00edm spojen\u00e9 n\u00e1silie a korupcia. V tomto \u010dase a prostred\u00ed anonymn\u00e9ho slovensk\u00e9ho malomesta sa odohr\u00e1va pr\u00edbeh Laca Hundera \u2013 \u00fadr\u017eb\u00e1ra v m\u00fazeu, ktor\u00fd je hrd\u00fd na svoju [&hellip;]\" \/>\n<meta property=\"og:url\" content=\"https:\/\/kulturneleto.eu\/en\/event\/kinematograf-invalid\/\" \/>\n<meta property=\"og:site_name\" content=\"\u017dilinsk\u00e9 kult\u00farne leto 2025\" \/>\n<meta property=\"article:publisher\" content=\"https:\/\/www.facebook.com\/Mesto-ilina-162541880519007\" \/>\n<meta property=\"article:modified_time\" content=\"2023-07-31T08:43:07+00:00\" \/>\n<meta property=\"og:image\" content=\"https:\/\/kulturneleto.eu\/wp-content\/uploads\/2023\/06\/invalid.webp\" \/>\n\t<meta property=\"og:image:width\" content=\"1200\" \/>\n\t<meta property=\"og:image:height\" content=\"868\" \/>\n\t<meta property=\"og:image:type\" content=\"image\/webp\" \/>\n<meta name=\"twitter:card\" content=\"summary_large_image\" \/>\n<meta name=\"twitter:label1\" content=\"Est. reading time\" \/>\n\t<meta name=\"twitter:data1\" content=\"1 minute\" \/>\n<script type=\"application\/ld+json\" class=\"yoast-schema-graph\">{\"@context\":\"https:\/\/schema.org\",\"@graph\":[{\"@type\":\"WebPage\",\"@id\":\"https:\/\/kulturneleto.eu\/event\/kinematograf-invalid\/\",\"url\":\"https:\/\/kulturneleto.eu\/event\/kinematograf-invalid\/\",\"name\":\"KINEMATOGRAF: Invalid - \u017dilinsk\u00e9 kult\u00farne leto 2025\",\"isPartOf\":{\"@id\":\"https:\/\/kulturneleto.eu\/#website\"},\"primaryImageOfPage\":{\"@id\":\"https:\/\/kulturneleto.eu\/event\/kinematograf-invalid\/#primaryimage\"},\"image\":{\"@id\":\"https:\/\/kulturneleto.eu\/event\/kinematograf-invalid\/#primaryimage\"},\"thumbnailUrl\":\"https:\/\/kulturneleto.eu\/wp-content\/uploads\/2023\/06\/invalid.webp\",\"datePublished\":\"2023-06-30T12:51:24+00:00\",\"dateModified\":\"2023-07-31T08:43:07+00:00\",\"breadcrumb\":{\"@id\":\"https:\/\/kulturneleto.eu\/event\/kinematograf-invalid\/#breadcrumb\"},\"inLanguage\":\"en-US\",\"potentialAction\":[{\"@type\":\"ReadAction\",\"target\":[\"https:\/\/kulturneleto.eu\/event\/kinematograf-invalid\/\"]}]},{\"@type\":\"ImageObject\",\"inLanguage\":\"en-US\",\"@id\":\"https:\/\/kulturneleto.eu\/event\/kinematograf-invalid\/#primaryimage\",\"url\":\"https:\/\/kulturneleto.eu\/wp-content\/uploads\/2023\/06\/invalid.webp\",\"contentUrl\":\"https:\/\/kulturneleto.eu\/wp-content\/uploads\/2023\/06\/invalid.webp\",\"width\":1200,\"height\":868},{\"@type\":\"BreadcrumbList\",\"@id\":\"https:\/\/kulturneleto.eu\/event\/kinematograf-invalid\/#breadcrumb\",\"itemListElement\":[{\"@type\":\"ListItem\",\"position\":1,\"name\":\"Domovsk\u00e1 str\u00e1nka\",\"item\":\"https:\/\/kulturneleto.eu\/\"},{\"@type\":\"ListItem\",\"position\":2,\"name\":\"KINEMATOGRAF: Invalid\"}]},{\"@type\":\"WebSite\",\"@id\":\"https:\/\/kulturneleto.eu\/#website\",\"url\":\"https:\/\/kulturneleto.eu\/\",\"name\":\"\u017dilinsk\u00e9 kult\u00farne leto 2025\",\"description\":\"j\u00fal, august, september\",\"publisher\":{\"@id\":\"https:\/\/kulturneleto.eu\/#organization\"},\"potentialAction\":[{\"@type\":\"SearchAction\",\"target\":{\"@type\":\"EntryPoint\",\"urlTemplate\":\"https:\/\/kulturneleto.eu\/?s={search_term_string}\"},\"query-input\":{\"@type\":\"PropertyValueSpecification\",\"valueRequired\":true,\"valueName\":\"search_term_string\"}}],\"inLanguage\":\"en-US\"},{\"@type\":\"Organization\",\"@id\":\"https:\/\/kulturneleto.eu\/#organization\",\"name\":\"Kult\u00farne leto\",\"url\":\"https:\/\/kulturneleto.eu\/\",\"logo\":{\"@type\":\"ImageObject\",\"inLanguage\":\"en-US\",\"@id\":\"https:\/\/kulturneleto.eu\/#\/schema\/logo\/image\/\",\"url\":\"https:\/\/kulturneleto.eu\/wp-content\/uploads\/2022\/06\/logo_zkl_2022_orange.png\",\"contentUrl\":\"https:\/\/kulturneleto.eu\/wp-content\/uploads\/2022\/06\/logo_zkl_2022_orange.png\",\"width\":330,\"height\":117,\"caption\":\"Kult\u00farne leto\"},\"image\":{\"@id\":\"https:\/\/kulturneleto.eu\/#\/schema\/logo\/image\/\"},\"sameAs\":[\"https:\/\/www.facebook.com\/Mesto-ilina-162541880519007\",\"https:\/\/www.youtube.com\/channel\/UCfY6Cc8yEeMgTWAUW5QaGAw\",\"https:\/\/www.instagram.com\/mestozilina\/?hl=sk\"]}]}<\/script>\n<!-- \/ Yoast SEO plugin. -->","yoast_head_json":{"title":"KINEMATOGRAF: Invalid - \u017dilinsk\u00e9 kult\u00farne leto 2025","robots":{"index":"index","follow":"follow","max-snippet":"max-snippet:-1","max-image-preview":"max-image-preview:large","max-video-preview":"max-video-preview:-1"},"canonical":"https:\/\/kulturneleto.eu\/en\/event\/kinematograf-invalid\/","og_locale":"en_US","og_type":"article","og_title":"KINEMATOGRAF: Invalid - \u017dilinsk\u00e9 kult\u00farne leto 2025","og_description":"Divok\u00e9 90. roky. \u0160u\u0161tiakov\u00e9 s\u00fapravy, pestrofarebn\u00e9 sak\u00e1, ve\u013ek\u00e9 magnetof\u00f3ny, videoprehr\u00e1va\u010de, g\u00fd\u010dov\u00e1 dancefloor hudba, videopo\u017ei\u010dovne na ka\u017edom kroku, nov\u00e9 spolo\u010densk\u00e9 pomery, z\u00e1plava r\u00f4znych podvodn\u00ed\u010dkov, za\u010d\u00ednaj\u00faci organizovan\u00fd zlo\u010din a s n\u00edm spojen\u00e9 n\u00e1silie a korupcia. V tomto \u010dase a prostred\u00ed anonymn\u00e9ho slovensk\u00e9ho malomesta sa odohr\u00e1va pr\u00edbeh Laca Hundera \u2013 \u00fadr\u017eb\u00e1ra v m\u00fazeu, ktor\u00fd je hrd\u00fd na svoju [&hellip;]","og_url":"https:\/\/kulturneleto.eu\/en\/event\/kinematograf-invalid\/","og_site_name":"\u017dilinsk\u00e9 kult\u00farne leto 2025","article_publisher":"https:\/\/www.facebook.com\/Mesto-ilina-162541880519007","article_modified_time":"2023-07-31T08:43:07+00:00","og_image":[{"width":1200,"height":868,"url":"https:\/\/kulturneleto.eu\/wp-content\/uploads\/2023\/06\/invalid.webp","type":"image\/webp"}],"twitter_card":"summary_large_image","twitter_misc":{"Est. reading time":"1 minute"},"schema":{"@context":"https:\/\/schema.org","@graph":[{"@type":"WebPage","@id":"https:\/\/kulturneleto.eu\/event\/kinematograf-invalid\/","url":"https:\/\/kulturneleto.eu\/event\/kinematograf-invalid\/","name":"KINEMATOGRAF: Invalid - \u017dilinsk\u00e9 kult\u00farne leto 2025","isPartOf":{"@id":"https:\/\/kulturneleto.eu\/#website"},"primaryImageOfPage":{"@id":"https:\/\/kulturneleto.eu\/event\/kinematograf-invalid\/#primaryimage"},"image":{"@id":"https:\/\/kulturneleto.eu\/event\/kinematograf-invalid\/#primaryimage"},"thumbnailUrl":"https:\/\/kulturneleto.eu\/wp-content\/uploads\/2023\/06\/invalid.webp","datePublished":"2023-06-30T12:51:24+00:00","dateModified":"2023-07-31T08:43:07+00:00","breadcrumb":{"@id":"https:\/\/kulturneleto.eu\/event\/kinematograf-invalid\/#breadcrumb"},"inLanguage":"en-US","potentialAction":[{"@type":"ReadAction","target":["https:\/\/kulturneleto.eu\/event\/kinematograf-invalid\/"]}]},{"@type":"ImageObject","inLanguage":"en-US","@id":"https:\/\/kulturneleto.eu\/event\/kinematograf-invalid\/#primaryimage","url":"https:\/\/kulturneleto.eu\/wp-content\/uploads\/2023\/06\/invalid.webp","contentUrl":"https:\/\/kulturneleto.eu\/wp-content\/uploads\/2023\/06\/invalid.webp","width":1200,"height":868},{"@type":"BreadcrumbList","@id":"https:\/\/kulturneleto.eu\/event\/kinematograf-invalid\/#breadcrumb","itemListElement":[{"@type":"ListItem","position":1,"name":"Domovsk\u00e1 str\u00e1nka","item":"https:\/\/kulturneleto.eu\/"},{"@type":"ListItem","position":2,"name":"KINEMATOGRAF: Invalid"}]},{"@type":"WebSite","@id":"https:\/\/kulturneleto.eu\/#website","url":"https:\/\/kulturneleto.eu\/","name":"\u017dilinsk\u00e9 kult\u00farne leto 2025","description":"j\u00fal, august, september","publisher":{"@id":"https:\/\/kulturneleto.eu\/#organization"},"potentialAction":[{"@type":"SearchAction","target":{"@type":"EntryPoint","urlTemplate":"https:\/\/kulturneleto.eu\/?s={search_term_string}"},"query-input":{"@type":"PropertyValueSpecification","valueRequired":true,"valueName":"search_term_string"}}],"inLanguage":"en-US"},{"@type":"Organization","@id":"https:\/\/kulturneleto.eu\/#organization","name":"Kult\u00farne leto","url":"https:\/\/kulturneleto.eu\/","logo":{"@type":"ImageObject","inLanguage":"en-US","@id":"https:\/\/kulturneleto.eu\/#\/schema\/logo\/image\/","url":"https:\/\/kulturneleto.eu\/wp-content\/uploads\/2022\/06\/logo_zkl_2022_orange.png","contentUrl":"https:\/\/kulturneleto.eu\/wp-content\/uploads\/2022\/06\/logo_zkl_2022_orange.png","width":330,"height":117,"caption":"Kult\u00farne leto"},"image":{"@id":"https:\/\/kulturneleto.eu\/#\/schema\/logo\/image\/"},"sameAs":["https:\/\/www.facebook.com\/Mesto-ilina-162541880519007","https:\/\/www.youtube.com\/channel\/UCfY6Cc8yEeMgTWAUW5QaGAw","https:\/\/www.instagram.com\/mestozilina\/?hl=sk"]}]}},"_links":{"self":[{"href":"https:\/\/kulturneleto.eu\/en\/wp-json\/wp\/v2\/event_listing\/5313","targetHints":{"allow":["GET"]}}],"collection":[{"href":"https:\/\/kulturneleto.eu\/en\/wp-json\/wp\/v2\/event_listing"}],"about":[{"href":"https:\/\/kulturneleto.eu\/en\/wp-json\/wp\/v2\/types\/event_listing"}],"wp:featuredmedia":[{"embeddable":true,"href":"https:\/\/kulturneleto.eu\/en\/wp-json\/wp\/v2\/media\/5516"}],"wp:attachment":[{"href":"https:\/\/kulturneleto.eu\/en\/wp-json\/wp\/v2\/media?parent=5313"}],"wp:term":[{"taxonomy":"event_listing_category","embeddable":true,"href":"https:\/\/kulturneleto.eu\/en\/wp-json\/wp\/v2\/event_listing_category?post=5313"},{"taxonomy":"event_listing_type","embeddable":true,"href":"https:\/\/kulturneleto.eu\/en\/wp-json\/wp\/v2\/event_listing_type?post=5313"}],"curies":[{"name":"wp","href":"https:\/\/api.w.org\/{rel}","templated":true}]}}

<p>Divoké 90. roky. Šuštiakové súpravy, pestrofarebné saká, veľké magnetofóny, videoprehrávače, gýčová dancefloor hudba, videopožičovne na každom kroku, nové spoločenské pomery, záplava rôznych podvodníčkov, začínajúci organizovaný zločin a s ním spojené násilie a korupcia. V tomto čase a prostredí anonymného slovenského malomesta sa odohráva príbeh Laca Hundera – údržbára v múzeu, ktorý je hrdý na svoju prácu, ale kvôli svojej cholerickej povahe sa ocitne v nesprávnom čase na nesprávnom mieste.</p>
<p>&nbsp;</p>
<p>&nbsp;</p>

<!-- This site is optimized with the Yoast SEO plugin v27.1.1 - https://yoast.com/product/yoast-seo-wordpress/ -->
<title>KINEMATOGRAF: Invalid - Žilinské kultúrne leto 2025</title>
<meta name="robots" content="index, follow, max-snippet:-1, max-image-preview:large, max-video-preview:-1" />
<link rel="canonical" href="https://kulturneleto.eu/en/event/kinematograf-invalid/" />
<meta property="og:locale" content="en_US" />
<meta property="og:type" content="article" />
<meta property="og:title" content="KINEMATOGRAF: Invalid - Žilinské kultúrne leto 2025" />
<meta property="og:description" content="Divoké 90. roky. Šuštiakové súpravy, pestrofarebné saká, veľké magnetofóny, videoprehrávače, gýčová dancefloor hudba, videopožičovne na každom kroku, nové spoločenské pomery, záplava rôznych podvodníčkov, začínajúci organizovaný zločin a s ním spojené násilie a korupcia. V tomto čase a prostredí anonymného slovenského malomesta sa odohráva príbeh Laca Hundera – údržbára v múzeu, ktorý je hrdý na svoju [&hellip;]" />
<meta property="og:url" content="https://kulturneleto.eu/en/event/kinematograf-invalid/" />
<meta property="og:site_name" content="Žilinské kultúrne leto 2025" />
<meta property="article:publisher" content="https://www.facebook.com/Mesto-ilina-162541880519007" />
<meta property="article:modified_time" content="2023-07-31T08:43:07+00:00" />
<meta property="og:image" content="https://kulturneleto.eu/wp-content/uploads/2023/06/invalid.webp" />
	<meta property="og:image:width" content="1200" />
	<meta property="og:image:height" content="868" />
	<meta property="og:image:type" content="image/webp" />
<meta name="twitter:card" content="summary_large_image" />
<meta name="twitter:label1" content="Est. reading time" />
	<meta name="twitter:data1" content="1 minute" />
<script type="application/ld+json" class="yoast-schema-graph">{"@context":"https://schema.org","@graph":[{"@type":"WebPage","@id":"https://kulturneleto.eu/event/kinematograf-invalid/","url":"https://kulturneleto.eu/event/kinematograf-invalid/","name":"KINEMATOGRAF: Invalid - Žilinské kultúrne leto 2025","isPartOf":{"@id":"https://kulturneleto.eu/#website"},"primaryImageOfPage":{"@id":"https://kulturneleto.eu/event/kinematograf-invalid/#primaryimage"},"image":{"@id":"https://kulturneleto.eu/event/kinematograf-invalid/#primaryimage"},"thumbnailUrl":"https://kulturneleto.eu/wp-content/uploads/2023/06/invalid.webp","datePublished":"2023-06-30T12:51:24+00:00","dateModified":"2023-07-31T08:43:07+00:00","breadcrumb":{"@id":"https://kulturneleto.eu/event/kinematograf-invalid/#breadcrumb"},"inLanguage":"en-US","potentialAction":[{"@type":"ReadAction","target":["https://kulturneleto.eu/event/kinematograf-invalid/"]}]},{"@type":"ImageObject","inLanguage":"en-US","@id":"https://kulturneleto.eu/event/kinematograf-invalid/#primaryimage","url":"https://kulturneleto.eu/wp-content/uploads/2023/06/invalid.webp","contentUrl":"https://kulturneleto.eu/wp-content/uploads/2023/06/invalid.webp","width":1200,"height":868},{"@type":"BreadcrumbList","@id":"https://kulturneleto.eu/event/kinematograf-invalid/#breadcrumb","itemListElement":[{"@type":"ListItem","position":1,"name":"Domovská stránka","item":"https://kulturneleto.eu/"},{"@type":"ListItem","position":2,"name":"KINEMATOGRAF: Invalid"}]},{"@type":"WebSite","@id":"https://kulturneleto.eu/#website","url":"https://kulturneleto.eu/","name":"Žilinské kultúrne leto 2025","description":"júl, august, september","publisher":{"@id":"https://kulturneleto.eu/#organization"},"potentialAction":[{"@type":"SearchAction","target":{"@type":"EntryPoint","urlTemplate":"https://kulturneleto.eu/?s={search_term_string}"},"query-input":{"@type":"PropertyValueSpecification","valueRequired":true,"valueName":"search_term_string"}}],"inLanguage":"en-US"},{"@type":"Organization","@id":"https://kulturneleto.eu/#organization","name":"Kultúrne leto","url":"https://kulturneleto.eu/","logo":{"@type":"ImageObject","inLanguage":"en-US","@id":"https://kulturneleto.eu/#/schema/logo/image/","url":"https://kulturneleto.eu/wp-content/uploads/2022/06/logo_zkl_2022_orange.png","contentUrl":"https://kulturneleto.eu/wp-content/uploads/2022/06/logo_zkl_2022_orange.png","width":330,"height":117,"caption":"Kultúrne leto"},"image":{"@id":"https://kulturneleto.eu/#/schema/logo/image/"},"sameAs":["https://www.facebook.com/Mesto-ilina-162541880519007","https://www.youtube.com/channel/UCfY6Cc8yEeMgTWAUW5QaGAw","https://www.instagram.com/mestozilina/?hl=sk"]}]}</script>
<!-- / Yoast SEO plugin. -->

KINEMATOGRAF: Invalid - Žilinské kultúrne leto 2025

Divoké 90. roky. Šuštiakové súpravy, pestrofarebné saká, veľké magnetofóny, videoprehrávače, gýčová dancefloor hudba, videopožičovne na každom kroku, nové spoločenské pomery, záplava rôznych podvodníčkov, začínajúci organizovaný zločin a s ním spojené násilie a korupcia. V tomto čase a prostredí anonymného slovenského malomesta sa odohráva príbeh Laca Hundera – údržbára v múzeu, ktorý je hrdý na svoju [&hellip;]

Žilinské kultúrne leto 2025

Domovská stránka

júl, august, september

Kultúrne leto
