{"id":5325,"date":"2023-06-30T15:11:01","date_gmt":"2023-06-30T13:11:01","guid":{"rendered":"https:\/\/kulturneleto.eu\/?post_type=event_listing&#038;p=5325"},"modified":"2023-07-07T11:39:52","modified_gmt":"2023-07-07T09:39:52","slug":"acro-duodavka-deny-rizo-workshop-acro-jogy-v-novej-synagoge","status":"publish","type":"event_listing","link":"https:\/\/kulturneleto.eu\/en\/event\/acro-duodavka-deny-rizo-workshop-acro-jogy-v-novej-synagoge\/","title":{"rendered":"Acro Duod\u00e1vka (Deny &#038; Rizo) \/ workshop acro jogy v\u202fNovej synag\u00f3ge"},"content":{"rendered":"<p>Prekonajte sam\u00fdch seba na AcroYoga workshope. Te\u0161ia sa na v\u00e1s in\u0161truktori Deny a Rizo, ktor\u00ed spolo\u010dne p\u00f4sobia pod n\u00e1zvom Acro Duod\u00e1vka a rozhodli sa t\u00fdmto workshopom (a vstupn\u00fdm z neho) podpori\u0165 fungovanie Novej synag\u00f3gy v roku drah\u00fdch energi\u00ed.<\/p>","protected":false},"featured_media":5528,"template":"","meta":[],"event_listing_category":[97],"event_listing_type":[83],"class_list":["post-5325","event_listing","type-event_listing","status-publish","has-post-thumbnail","hentry","event_listing_category-zkl2023","event_listing_type-ine"],"yoast_head":"<!-- This site is optimized with the Yoast SEO plugin v27.1.1 - https:\/\/yoast.com\/product\/yoast-seo-wordpress\/ -->\n<title>Acro Duod\u00e1vka (Deny &amp; Rizo) \/ workshop acro jogy v\u202fNovej synag\u00f3ge - \u017dilinsk\u00e9 kult\u00farne leto 2025<\/title>\n<meta name=\"robots\" content=\"index, follow, max-snippet:-1, max-image-preview:large, max-video-preview:-1\" \/>\n<link rel=\"canonical\" href=\"https:\/\/kulturneleto.eu\/en\/event\/acro-duodavka-deny-rizo-workshop-acro-jogy-v-novej-synagoge\/\" \/>\n<meta property=\"og:locale\" content=\"en_US\" \/>\n<meta property=\"og:type\" content=\"article\" \/>\n<meta property=\"og:title\" content=\"Acro Duod\u00e1vka (Deny &amp; Rizo) \/ workshop acro jogy v\u202fNovej synag\u00f3ge - \u017dilinsk\u00e9 kult\u00farne leto 2025\" \/>\n<meta property=\"og:description\" content=\"Prekonajte sam\u00fdch seba na AcroYoga workshope. Te\u0161ia sa na v\u00e1s in\u0161truktori Deny a Rizo, ktor\u00ed spolo\u010dne p\u00f4sobia pod n\u00e1zvom Acro Duod\u00e1vka a rozhodli sa t\u00fdmto workshopom (a vstupn\u00fdm z neho) podpori\u0165 fungovanie Novej synag\u00f3gy v roku drah\u00fdch energi\u00ed.\" \/>\n<meta property=\"og:url\" content=\"https:\/\/kulturneleto.eu\/en\/event\/acro-duodavka-deny-rizo-workshop-acro-jogy-v-novej-synagoge\/\" \/>\n<meta property=\"og:site_name\" content=\"\u017dilinsk\u00e9 kult\u00farne leto 2025\" \/>\n<meta property=\"article:publisher\" content=\"https:\/\/www.facebook.com\/Mesto-ilina-162541880519007\" \/>\n<meta property=\"article:modified_time\" content=\"2023-07-07T09:39:52+00:00\" \/>\n<meta property=\"og:image\" content=\"https:\/\/kulturneleto.eu\/wp-content\/uploads\/2023\/06\/acro.png\" \/>\n\t<meta property=\"og:image:width\" content=\"768\" \/>\n\t<meta property=\"og:image:height\" content=\"384\" \/>\n\t<meta property=\"og:image:type\" content=\"image\/png\" \/>\n<meta name=\"twitter:card\" content=\"summary_large_image\" \/>\n<meta name=\"twitter:label1\" content=\"Est. reading time\" \/>\n\t<meta name=\"twitter:data1\" content=\"1 minute\" \/>\n<script type=\"application\/ld+json\" class=\"yoast-schema-graph\">{\"@context\":\"https:\/\/schema.org\",\"@graph\":[{\"@type\":\"WebPage\",\"@id\":\"https:\/\/kulturneleto.eu\/event\/acro-duodavka-deny-rizo-workshop-acro-jogy-v-novej-synagoge\/\",\"url\":\"https:\/\/kulturneleto.eu\/event\/acro-duodavka-deny-rizo-workshop-acro-jogy-v-novej-synagoge\/\",\"name\":\"Acro Duod\u00e1vka (Deny & Rizo) \/ workshop acro jogy v\u202fNovej synag\u00f3ge - \u017dilinsk\u00e9 kult\u00farne leto 2025\",\"isPartOf\":{\"@id\":\"https:\/\/kulturneleto.eu\/#website\"},\"primaryImageOfPage\":{\"@id\":\"https:\/\/kulturneleto.eu\/event\/acro-duodavka-deny-rizo-workshop-acro-jogy-v-novej-synagoge\/#primaryimage\"},\"image\":{\"@id\":\"https:\/\/kulturneleto.eu\/event\/acro-duodavka-deny-rizo-workshop-acro-jogy-v-novej-synagoge\/#primaryimage\"},\"thumbnailUrl\":\"https:\/\/kulturneleto.eu\/wp-content\/uploads\/2023\/06\/acro.png\",\"datePublished\":\"2023-06-30T13:11:01+00:00\",\"dateModified\":\"2023-07-07T09:39:52+00:00\",\"breadcrumb\":{\"@id\":\"https:\/\/kulturneleto.eu\/event\/acro-duodavka-deny-rizo-workshop-acro-jogy-v-novej-synagoge\/#breadcrumb\"},\"inLanguage\":\"en-US\",\"potentialAction\":[{\"@type\":\"ReadAction\",\"target\":[\"https:\/\/kulturneleto.eu\/event\/acro-duodavka-deny-rizo-workshop-acro-jogy-v-novej-synagoge\/\"]}]},{\"@type\":\"ImageObject\",\"inLanguage\":\"en-US\",\"@id\":\"https:\/\/kulturneleto.eu\/event\/acro-duodavka-deny-rizo-workshop-acro-jogy-v-novej-synagoge\/#primaryimage\",\"url\":\"https:\/\/kulturneleto.eu\/wp-content\/uploads\/2023\/06\/acro.png\",\"contentUrl\":\"https:\/\/kulturneleto.eu\/wp-content\/uploads\/2023\/06\/acro.png\",\"width\":768,\"height\":384},{\"@type\":\"BreadcrumbList\",\"@id\":\"https:\/\/kulturneleto.eu\/event\/acro-duodavka-deny-rizo-workshop-acro-jogy-v-novej-synagoge\/#breadcrumb\",\"itemListElement\":[{\"@type\":\"ListItem\",\"position\":1,\"name\":\"Domovsk\u00e1 str\u00e1nka\",\"item\":\"https:\/\/kulturneleto.eu\/\"},{\"@type\":\"ListItem\",\"position\":2,\"name\":\"Acro Duod\u00e1vka (Deny &#038; Rizo) \/ workshop acro jogy v\u202fNovej synag\u00f3ge\"}]},{\"@type\":\"WebSite\",\"@id\":\"https:\/\/kulturneleto.eu\/#website\",\"url\":\"https:\/\/kulturneleto.eu\/\",\"name\":\"\u017dilinsk\u00e9 kult\u00farne leto 2025\",\"description\":\"j\u00fal, august, september\",\"publisher\":{\"@id\":\"https:\/\/kulturneleto.eu\/#organization\"},\"potentialAction\":[{\"@type\":\"SearchAction\",\"target\":{\"@type\":\"EntryPoint\",\"urlTemplate\":\"https:\/\/kulturneleto.eu\/?s={search_term_string}\"},\"query-input\":{\"@type\":\"PropertyValueSpecification\",\"valueRequired\":true,\"valueName\":\"search_term_string\"}}],\"inLanguage\":\"en-US\"},{\"@type\":\"Organization\",\"@id\":\"https:\/\/kulturneleto.eu\/#organization\",\"name\":\"Kult\u00farne leto\",\"url\":\"https:\/\/kulturneleto.eu\/\",\"logo\":{\"@type\":\"ImageObject\",\"inLanguage\":\"en-US\",\"@id\":\"https:\/\/kulturneleto.eu\/#\/schema\/logo\/image\/\",\"url\":\"https:\/\/kulturneleto.eu\/wp-content\/uploads\/2022\/06\/logo_zkl_2022_orange.png\",\"contentUrl\":\"https:\/\/kulturneleto.eu\/wp-content\/uploads\/2022\/06\/logo_zkl_2022_orange.png\",\"width\":330,\"height\":117,\"caption\":\"Kult\u00farne leto\"},\"image\":{\"@id\":\"https:\/\/kulturneleto.eu\/#\/schema\/logo\/image\/\"},\"sameAs\":[\"https:\/\/www.facebook.com\/Mesto-ilina-162541880519007\",\"https:\/\/www.youtube.com\/channel\/UCfY6Cc8yEeMgTWAUW5QaGAw\",\"https:\/\/www.instagram.com\/mestozilina\/?hl=sk\"]}]}<\/script>\n<!-- \/ Yoast SEO plugin. -->","yoast_head_json":{"title":"Acro Duod\u00e1vka (Deny & Rizo) \/ workshop acro jogy v\u202fNovej synag\u00f3ge - \u017dilinsk\u00e9 kult\u00farne leto 2025","robots":{"index":"index","follow":"follow","max-snippet":"max-snippet:-1","max-image-preview":"max-image-preview:large","max-video-preview":"max-video-preview:-1"},"canonical":"https:\/\/kulturneleto.eu\/en\/event\/acro-duodavka-deny-rizo-workshop-acro-jogy-v-novej-synagoge\/","og_locale":"en_US","og_type":"article","og_title":"Acro Duod\u00e1vka (Deny & Rizo) \/ workshop acro jogy v\u202fNovej synag\u00f3ge - \u017dilinsk\u00e9 kult\u00farne leto 2025","og_description":"Prekonajte sam\u00fdch seba na AcroYoga workshope. Te\u0161ia sa na v\u00e1s in\u0161truktori Deny a Rizo, ktor\u00ed spolo\u010dne p\u00f4sobia pod n\u00e1zvom Acro Duod\u00e1vka a rozhodli sa t\u00fdmto workshopom (a vstupn\u00fdm z neho) podpori\u0165 fungovanie Novej synag\u00f3gy v roku drah\u00fdch energi\u00ed.","og_url":"https:\/\/kulturneleto.eu\/en\/event\/acro-duodavka-deny-rizo-workshop-acro-jogy-v-novej-synagoge\/","og_site_name":"\u017dilinsk\u00e9 kult\u00farne leto 2025","article_publisher":"https:\/\/www.facebook.com\/Mesto-ilina-162541880519007","article_modified_time":"2023-07-07T09:39:52+00:00","og_image":[{"width":768,"height":384,"url":"https:\/\/kulturneleto.eu\/wp-content\/uploads\/2023\/06\/acro.png","type":"image\/png"}],"twitter_card":"summary_large_image","twitter_misc":{"Est. reading time":"1 minute"},"schema":{"@context":"https:\/\/schema.org","@graph":[{"@type":"WebPage","@id":"https:\/\/kulturneleto.eu\/event\/acro-duodavka-deny-rizo-workshop-acro-jogy-v-novej-synagoge\/","url":"https:\/\/kulturneleto.eu\/event\/acro-duodavka-deny-rizo-workshop-acro-jogy-v-novej-synagoge\/","name":"Acro Duod\u00e1vka (Deny & Rizo) \/ workshop acro jogy v\u202fNovej synag\u00f3ge - \u017dilinsk\u00e9 kult\u00farne leto 2025","isPartOf":{"@id":"https:\/\/kulturneleto.eu\/#website"},"primaryImageOfPage":{"@id":"https:\/\/kulturneleto.eu\/event\/acro-duodavka-deny-rizo-workshop-acro-jogy-v-novej-synagoge\/#primaryimage"},"image":{"@id":"https:\/\/kulturneleto.eu\/event\/acro-duodavka-deny-rizo-workshop-acro-jogy-v-novej-synagoge\/#primaryimage"},"thumbnailUrl":"https:\/\/kulturneleto.eu\/wp-content\/uploads\/2023\/06\/acro.png","datePublished":"2023-06-30T13:11:01+00:00","dateModified":"2023-07-07T09:39:52+00:00","breadcrumb":{"@id":"https:\/\/kulturneleto.eu\/event\/acro-duodavka-deny-rizo-workshop-acro-jogy-v-novej-synagoge\/#breadcrumb"},"inLanguage":"en-US","potentialAction":[{"@type":"ReadAction","target":["https:\/\/kulturneleto.eu\/event\/acro-duodavka-deny-rizo-workshop-acro-jogy-v-novej-synagoge\/"]}]},{"@type":"ImageObject","inLanguage":"en-US","@id":"https:\/\/kulturneleto.eu\/event\/acro-duodavka-deny-rizo-workshop-acro-jogy-v-novej-synagoge\/#primaryimage","url":"https:\/\/kulturneleto.eu\/wp-content\/uploads\/2023\/06\/acro.png","contentUrl":"https:\/\/kulturneleto.eu\/wp-content\/uploads\/2023\/06\/acro.png","width":768,"height":384},{"@type":"BreadcrumbList","@id":"https:\/\/kulturneleto.eu\/event\/acro-duodavka-deny-rizo-workshop-acro-jogy-v-novej-synagoge\/#breadcrumb","itemListElement":[{"@type":"ListItem","position":1,"name":"Domovsk\u00e1 str\u00e1nka","item":"https:\/\/kulturneleto.eu\/"},{"@type":"ListItem","position":2,"name":"Acro Duod\u00e1vka (Deny &#038; Rizo) \/ workshop acro jogy v\u202fNovej synag\u00f3ge"}]},{"@type":"WebSite","@id":"https:\/\/kulturneleto.eu\/#website","url":"https:\/\/kulturneleto.eu\/","name":"\u017dilinsk\u00e9 kult\u00farne leto 2025","description":"j\u00fal, august, september","publisher":{"@id":"https:\/\/kulturneleto.eu\/#organization"},"potentialAction":[{"@type":"SearchAction","target":{"@type":"EntryPoint","urlTemplate":"https:\/\/kulturneleto.eu\/?s={search_term_string}"},"query-input":{"@type":"PropertyValueSpecification","valueRequired":true,"valueName":"search_term_string"}}],"inLanguage":"en-US"},{"@type":"Organization","@id":"https:\/\/kulturneleto.eu\/#organization","name":"Kult\u00farne leto","url":"https:\/\/kulturneleto.eu\/","logo":{"@type":"ImageObject","inLanguage":"en-US","@id":"https:\/\/kulturneleto.eu\/#\/schema\/logo\/image\/","url":"https:\/\/kulturneleto.eu\/wp-content\/uploads\/2022\/06\/logo_zkl_2022_orange.png","contentUrl":"https:\/\/kulturneleto.eu\/wp-content\/uploads\/2022\/06\/logo_zkl_2022_orange.png","width":330,"height":117,"caption":"Kult\u00farne leto"},"image":{"@id":"https:\/\/kulturneleto.eu\/#\/schema\/logo\/image\/"},"sameAs":["https:\/\/www.facebook.com\/Mesto-ilina-162541880519007","https:\/\/www.youtube.com\/channel\/UCfY6Cc8yEeMgTWAUW5QaGAw","https:\/\/www.instagram.com\/mestozilina\/?hl=sk"]}]}},"_links":{"self":[{"href":"https:\/\/kulturneleto.eu\/en\/wp-json\/wp\/v2\/event_listing\/5325","targetHints":{"allow":["GET"]}}],"collection":[{"href":"https:\/\/kulturneleto.eu\/en\/wp-json\/wp\/v2\/event_listing"}],"about":[{"href":"https:\/\/kulturneleto.eu\/en\/wp-json\/wp\/v2\/types\/event_listing"}],"wp:featuredmedia":[{"embeddable":true,"href":"https:\/\/kulturneleto.eu\/en\/wp-json\/wp\/v2\/media\/5528"}],"wp:attachment":[{"href":"https:\/\/kulturneleto.eu\/en\/wp-json\/wp\/v2\/media?parent=5325"}],"wp:term":[{"taxonomy":"event_listing_category","embeddable":true,"href":"https:\/\/kulturneleto.eu\/en\/wp-json\/wp\/v2\/event_listing_category?post=5325"},{"taxonomy":"event_listing_type","embeddable":true,"href":"https:\/\/kulturneleto.eu\/en\/wp-json\/wp\/v2\/event_listing_type?post=5325"}],"curies":[{"name":"wp","href":"https:\/\/api.w.org\/{rel}","templated":true}]}}

Acro Duodávka (Deny &#038; Rizo) / workshop acro jogy v Novej synagóge

<p>Prekonajte samých seba na AcroYoga workshope. Tešia sa na vás inštruktori Deny a Rizo, ktorí spoločne pôsobia pod názvom Acro Duodávka a rozhodli sa týmto workshopom (a vstupným z neho) podporiť fungovanie Novej synagógy v roku drahých energií.</p>

<!-- This site is optimized with the Yoast SEO plugin v27.1.1 - https://yoast.com/product/yoast-seo-wordpress/ -->
<title>Acro Duodávka (Deny &amp; Rizo) / workshop acro jogy v Novej synagóge - Žilinské kultúrne leto 2025</title>
<meta name="robots" content="index, follow, max-snippet:-1, max-image-preview:large, max-video-preview:-1" />
<link rel="canonical" href="https://kulturneleto.eu/en/event/acro-duodavka-deny-rizo-workshop-acro-jogy-v-novej-synagoge/" />
<meta property="og:locale" content="en_US" />
<meta property="og:type" content="article" />
<meta property="og:title" content="Acro Duodávka (Deny &amp; Rizo) / workshop acro jogy v Novej synagóge - Žilinské kultúrne leto 2025" />
<meta property="og:description" content="Prekonajte samých seba na AcroYoga workshope. Tešia sa na vás inštruktori Deny a Rizo, ktorí spoločne pôsobia pod názvom Acro Duodávka a rozhodli sa týmto workshopom (a vstupným z neho) podporiť fungovanie Novej synagógy v roku drahých energií." />
<meta property="og:url" content="https://kulturneleto.eu/en/event/acro-duodavka-deny-rizo-workshop-acro-jogy-v-novej-synagoge/" />
<meta property="og:site_name" content="Žilinské kultúrne leto 2025" />
<meta property="article:publisher" content="https://www.facebook.com/Mesto-ilina-162541880519007" />
<meta property="article:modified_time" content="2023-07-07T09:39:52+00:00" />
<meta property="og:image" content="https://kulturneleto.eu/wp-content/uploads/2023/06/acro.png" />
	<meta property="og:image:width" content="768" />
	<meta property="og:image:height" content="384" />
	<meta property="og:image:type" content="image/png" />
<meta name="twitter:card" content="summary_large_image" />
<meta name="twitter:label1" content="Est. reading time" />
	<meta name="twitter:data1" content="1 minute" />
<script type="application/ld+json" class="yoast-schema-graph">{"@context":"https://schema.org","@graph":[{"@type":"WebPage","@id":"https://kulturneleto.eu/event/acro-duodavka-deny-rizo-workshop-acro-jogy-v-novej-synagoge/","url":"https://kulturneleto.eu/event/acro-duodavka-deny-rizo-workshop-acro-jogy-v-novej-synagoge/","name":"Acro Duodávka (Deny & Rizo) / workshop acro jogy v Novej synagóge - Žilinské kultúrne leto 2025","isPartOf":{"@id":"https://kulturneleto.eu/#website"},"primaryImageOfPage":{"@id":"https://kulturneleto.eu/event/acro-duodavka-deny-rizo-workshop-acro-jogy-v-novej-synagoge/#primaryimage"},"image":{"@id":"https://kulturneleto.eu/event/acro-duodavka-deny-rizo-workshop-acro-jogy-v-novej-synagoge/#primaryimage"},"thumbnailUrl":"https://kulturneleto.eu/wp-content/uploads/2023/06/acro.png","datePublished":"2023-06-30T13:11:01+00:00","dateModified":"2023-07-07T09:39:52+00:00","breadcrumb":{"@id":"https://kulturneleto.eu/event/acro-duodavka-deny-rizo-workshop-acro-jogy-v-novej-synagoge/#breadcrumb"},"inLanguage":"en-US","potentialAction":[{"@type":"ReadAction","target":["https://kulturneleto.eu/event/acro-duodavka-deny-rizo-workshop-acro-jogy-v-novej-synagoge/"]}]},{"@type":"ImageObject","inLanguage":"en-US","@id":"https://kulturneleto.eu/event/acro-duodavka-deny-rizo-workshop-acro-jogy-v-novej-synagoge/#primaryimage","url":"https://kulturneleto.eu/wp-content/uploads/2023/06/acro.png","contentUrl":"https://kulturneleto.eu/wp-content/uploads/2023/06/acro.png","width":768,"height":384},{"@type":"BreadcrumbList","@id":"https://kulturneleto.eu/event/acro-duodavka-deny-rizo-workshop-acro-jogy-v-novej-synagoge/#breadcrumb","itemListElement":[{"@type":"ListItem","position":1,"name":"Domovská stránka","item":"https://kulturneleto.eu/"},{"@type":"ListItem","position":2,"name":"Acro Duodávka (Deny &#038; Rizo) / workshop acro jogy v Novej synagóge"}]},{"@type":"WebSite","@id":"https://kulturneleto.eu/#website","url":"https://kulturneleto.eu/","name":"Žilinské kultúrne leto 2025","description":"júl, august, september","publisher":{"@id":"https://kulturneleto.eu/#organization"},"potentialAction":[{"@type":"SearchAction","target":{"@type":"EntryPoint","urlTemplate":"https://kulturneleto.eu/?s={search_term_string}"},"query-input":{"@type":"PropertyValueSpecification","valueRequired":true,"valueName":"search_term_string"}}],"inLanguage":"en-US"},{"@type":"Organization","@id":"https://kulturneleto.eu/#organization","name":"Kultúrne leto","url":"https://kulturneleto.eu/","logo":{"@type":"ImageObject","inLanguage":"en-US","@id":"https://kulturneleto.eu/#/schema/logo/image/","url":"https://kulturneleto.eu/wp-content/uploads/2022/06/logo_zkl_2022_orange.png","contentUrl":"https://kulturneleto.eu/wp-content/uploads/2022/06/logo_zkl_2022_orange.png","width":330,"height":117,"caption":"Kultúrne leto"},"image":{"@id":"https://kulturneleto.eu/#/schema/logo/image/"},"sameAs":["https://www.facebook.com/Mesto-ilina-162541880519007","https://www.youtube.com/channel/UCfY6Cc8yEeMgTWAUW5QaGAw","https://www.instagram.com/mestozilina/?hl=sk"]}]}</script>
<!-- / Yoast SEO plugin. -->

Acro Duodávka (Deny & Rizo) / workshop acro jogy v Novej synagóge - Žilinské kultúrne leto 2025

Prekonajte samých seba na AcroYoga workshope. Tešia sa na vás inštruktori Deny a Rizo, ktorí spoločne pôsobia pod názvom Acro Duodávka a rozhodli sa týmto workshopom (a vstupným z neho) podporiť fungovanie Novej synagógy v roku drahých energií.

Žilinské kultúrne leto 2025

Domovská stránka

júl, august, september

Kultúrne leto
