{"id":5436,"date":"2023-07-03T16:00:40","date_gmt":"2023-07-03T14:00:40","guid":{"rendered":"https:\/\/kulturneleto.eu\/?post_type=event_listing&#038;p=5436"},"modified":"2023-07-10T12:29:32","modified_gmt":"2023-07-10T10:29:32","slug":"najkrajsie-vylety-po-slovensku","status":"publish","type":"event_listing","link":"https:\/\/kulturneleto.eu\/en\/event\/najkrajsie-vylety-po-slovensku\/","title":{"rendered":"Najkraj\u0161ie v\u00fdlety po Slovensku"},"content":{"rendered":"<p>S de\u0165mi sa porozpr\u00e1vame o najkraj\u0161\u00edch miestach a najkraj\u0161\u00edch v\u00fdletoch po na\u0161ej kr\u00e1snej krajine. Hrady, z\u00e1mky, k\u00fapalisk\u00e1, priehrady a kopce s kr\u00e1snymi v\u00fdh\u013eadmi.<\/p>\n<p>&nbsp;<\/p>\n<p>Vhodn\u00e9 pre deti <strong>od 5 do 10<\/strong>\u00a0rokov.<\/p>\n<p>&nbsp;<\/p>\n<p>Na podujatie<strong>\u00a0je potrebn\u00e9 sa prihl\u00e1si\u0165<\/strong>:\u00a0<strong><a href=\"https:\/\/forms.gle\/4q4WyV7cQ982kBDK9\">https:\/\/forms.gle\/4q4WyV7cQ982kBDK9<\/a><\/strong><\/p>","protected":false},"featured_media":5545,"template":"","meta":[],"event_listing_category":[97],"event_listing_type":[83],"class_list":["post-5436","event_listing","type-event_listing","status-publish","has-post-thumbnail","hentry","event_listing_category-zkl2023","event_listing_type-ine"],"yoast_head":"<!-- This site is optimized with the Yoast SEO plugin v27.1.1 - https:\/\/yoast.com\/product\/yoast-seo-wordpress\/ -->\n<title>Najkraj\u0161ie v\u00fdlety po Slovensku - \u017dilinsk\u00e9 kult\u00farne leto 2025<\/title>\n<meta name=\"robots\" content=\"index, follow, max-snippet:-1, max-image-preview:large, max-video-preview:-1\" \/>\n<link rel=\"canonical\" href=\"https:\/\/kulturneleto.eu\/en\/event\/najkrajsie-vylety-po-slovensku\/\" \/>\n<meta property=\"og:locale\" content=\"en_US\" \/>\n<meta property=\"og:type\" content=\"article\" \/>\n<meta property=\"og:title\" content=\"Najkraj\u0161ie v\u00fdlety po Slovensku - \u017dilinsk\u00e9 kult\u00farne leto 2025\" \/>\n<meta property=\"og:description\" content=\"S de\u0165mi sa porozpr\u00e1vame o najkraj\u0161\u00edch miestach a najkraj\u0161\u00edch v\u00fdletoch po na\u0161ej kr\u00e1snej krajine. Hrady, z\u00e1mky, k\u00fapalisk\u00e1, priehrady a kopce s kr\u00e1snymi v\u00fdh\u013eadmi. &nbsp; Vhodn\u00e9 pre deti od 5 do 10\u00a0rokov. &nbsp; Na podujatie\u00a0je potrebn\u00e9 sa prihl\u00e1si\u0165:\u00a0https:\/\/forms.gle\/4q4WyV7cQ982kBDK9\" \/>\n<meta property=\"og:url\" content=\"https:\/\/kulturneleto.eu\/en\/event\/najkrajsie-vylety-po-slovensku\/\" \/>\n<meta property=\"og:site_name\" content=\"\u017dilinsk\u00e9 kult\u00farne leto 2025\" \/>\n<meta property=\"article:publisher\" content=\"https:\/\/www.facebook.com\/Mesto-ilina-162541880519007\" \/>\n<meta property=\"article:modified_time\" content=\"2023-07-10T10:29:32+00:00\" \/>\n<meta property=\"og:image\" content=\"https:\/\/kulturneleto.eu\/wp-content\/uploads\/2023\/06\/kniznica_august-scaled.jpg\" \/>\n\t<meta property=\"og:image:width\" content=\"2560\" \/>\n\t<meta property=\"og:image:height\" content=\"1810\" \/>\n\t<meta property=\"og:image:type\" content=\"image\/jpeg\" \/>\n<meta name=\"twitter:card\" content=\"summary_large_image\" \/>\n<meta name=\"twitter:label1\" content=\"Est. reading time\" \/>\n\t<meta name=\"twitter:data1\" content=\"1 minute\" \/>\n<script type=\"application\/ld+json\" class=\"yoast-schema-graph\">{\"@context\":\"https:\/\/schema.org\",\"@graph\":[{\"@type\":\"WebPage\",\"@id\":\"https:\/\/kulturneleto.eu\/event\/najkrajsie-vylety-po-slovensku\/\",\"url\":\"https:\/\/kulturneleto.eu\/event\/najkrajsie-vylety-po-slovensku\/\",\"name\":\"Najkraj\u0161ie v\u00fdlety po Slovensku - \u017dilinsk\u00e9 kult\u00farne leto 2025\",\"isPartOf\":{\"@id\":\"https:\/\/kulturneleto.eu\/#website\"},\"primaryImageOfPage\":{\"@id\":\"https:\/\/kulturneleto.eu\/event\/najkrajsie-vylety-po-slovensku\/#primaryimage\"},\"image\":{\"@id\":\"https:\/\/kulturneleto.eu\/event\/najkrajsie-vylety-po-slovensku\/#primaryimage\"},\"thumbnailUrl\":\"https:\/\/kulturneleto.eu\/wp-content\/uploads\/2023\/06\/kniznica_august-scaled.jpg\",\"datePublished\":\"2023-07-03T14:00:40+00:00\",\"dateModified\":\"2023-07-10T10:29:32+00:00\",\"breadcrumb\":{\"@id\":\"https:\/\/kulturneleto.eu\/event\/najkrajsie-vylety-po-slovensku\/#breadcrumb\"},\"inLanguage\":\"en-US\",\"potentialAction\":[{\"@type\":\"ReadAction\",\"target\":[\"https:\/\/kulturneleto.eu\/event\/najkrajsie-vylety-po-slovensku\/\"]}]},{\"@type\":\"ImageObject\",\"inLanguage\":\"en-US\",\"@id\":\"https:\/\/kulturneleto.eu\/event\/najkrajsie-vylety-po-slovensku\/#primaryimage\",\"url\":\"https:\/\/kulturneleto.eu\/wp-content\/uploads\/2023\/06\/kniznica_august-scaled.jpg\",\"contentUrl\":\"https:\/\/kulturneleto.eu\/wp-content\/uploads\/2023\/06\/kniznica_august-scaled.jpg\",\"width\":2560,\"height\":1810},{\"@type\":\"BreadcrumbList\",\"@id\":\"https:\/\/kulturneleto.eu\/event\/najkrajsie-vylety-po-slovensku\/#breadcrumb\",\"itemListElement\":[{\"@type\":\"ListItem\",\"position\":1,\"name\":\"Domovsk\u00e1 str\u00e1nka\",\"item\":\"https:\/\/kulturneleto.eu\/\"},{\"@type\":\"ListItem\",\"position\":2,\"name\":\"Najkraj\u0161ie v\u00fdlety po Slovensku\"}]},{\"@type\":\"WebSite\",\"@id\":\"https:\/\/kulturneleto.eu\/#website\",\"url\":\"https:\/\/kulturneleto.eu\/\",\"name\":\"\u017dilinsk\u00e9 kult\u00farne leto 2025\",\"description\":\"j\u00fal, august, september\",\"publisher\":{\"@id\":\"https:\/\/kulturneleto.eu\/#organization\"},\"potentialAction\":[{\"@type\":\"SearchAction\",\"target\":{\"@type\":\"EntryPoint\",\"urlTemplate\":\"https:\/\/kulturneleto.eu\/?s={search_term_string}\"},\"query-input\":{\"@type\":\"PropertyValueSpecification\",\"valueRequired\":true,\"valueName\":\"search_term_string\"}}],\"inLanguage\":\"en-US\"},{\"@type\":\"Organization\",\"@id\":\"https:\/\/kulturneleto.eu\/#organization\",\"name\":\"Kult\u00farne leto\",\"url\":\"https:\/\/kulturneleto.eu\/\",\"logo\":{\"@type\":\"ImageObject\",\"inLanguage\":\"en-US\",\"@id\":\"https:\/\/kulturneleto.eu\/#\/schema\/logo\/image\/\",\"url\":\"https:\/\/kulturneleto.eu\/wp-content\/uploads\/2022\/06\/logo_zkl_2022_orange.png\",\"contentUrl\":\"https:\/\/kulturneleto.eu\/wp-content\/uploads\/2022\/06\/logo_zkl_2022_orange.png\",\"width\":330,\"height\":117,\"caption\":\"Kult\u00farne leto\"},\"image\":{\"@id\":\"https:\/\/kulturneleto.eu\/#\/schema\/logo\/image\/\"},\"sameAs\":[\"https:\/\/www.facebook.com\/Mesto-ilina-162541880519007\",\"https:\/\/www.youtube.com\/channel\/UCfY6Cc8yEeMgTWAUW5QaGAw\",\"https:\/\/www.instagram.com\/mestozilina\/?hl=sk\"]}]}<\/script>\n<!-- \/ Yoast SEO plugin. -->","yoast_head_json":{"title":"Najkraj\u0161ie v\u00fdlety po Slovensku - \u017dilinsk\u00e9 kult\u00farne leto 2025","robots":{"index":"index","follow":"follow","max-snippet":"max-snippet:-1","max-image-preview":"max-image-preview:large","max-video-preview":"max-video-preview:-1"},"canonical":"https:\/\/kulturneleto.eu\/en\/event\/najkrajsie-vylety-po-slovensku\/","og_locale":"en_US","og_type":"article","og_title":"Najkraj\u0161ie v\u00fdlety po Slovensku - \u017dilinsk\u00e9 kult\u00farne leto 2025","og_description":"S de\u0165mi sa porozpr\u00e1vame o najkraj\u0161\u00edch miestach a najkraj\u0161\u00edch v\u00fdletoch po na\u0161ej kr\u00e1snej krajine. Hrady, z\u00e1mky, k\u00fapalisk\u00e1, priehrady a kopce s kr\u00e1snymi v\u00fdh\u013eadmi. &nbsp; Vhodn\u00e9 pre deti od 5 do 10\u00a0rokov. &nbsp; Na podujatie\u00a0je potrebn\u00e9 sa prihl\u00e1si\u0165:\u00a0https:\/\/forms.gle\/4q4WyV7cQ982kBDK9","og_url":"https:\/\/kulturneleto.eu\/en\/event\/najkrajsie-vylety-po-slovensku\/","og_site_name":"\u017dilinsk\u00e9 kult\u00farne leto 2025","article_publisher":"https:\/\/www.facebook.com\/Mesto-ilina-162541880519007","article_modified_time":"2023-07-10T10:29:32+00:00","og_image":[{"width":2560,"height":1810,"url":"https:\/\/kulturneleto.eu\/wp-content\/uploads\/2023\/06\/kniznica_august-scaled.jpg","type":"image\/jpeg"}],"twitter_card":"summary_large_image","twitter_misc":{"Est. reading time":"1 minute"},"schema":{"@context":"https:\/\/schema.org","@graph":[{"@type":"WebPage","@id":"https:\/\/kulturneleto.eu\/event\/najkrajsie-vylety-po-slovensku\/","url":"https:\/\/kulturneleto.eu\/event\/najkrajsie-vylety-po-slovensku\/","name":"Najkraj\u0161ie v\u00fdlety po Slovensku - \u017dilinsk\u00e9 kult\u00farne leto 2025","isPartOf":{"@id":"https:\/\/kulturneleto.eu\/#website"},"primaryImageOfPage":{"@id":"https:\/\/kulturneleto.eu\/event\/najkrajsie-vylety-po-slovensku\/#primaryimage"},"image":{"@id":"https:\/\/kulturneleto.eu\/event\/najkrajsie-vylety-po-slovensku\/#primaryimage"},"thumbnailUrl":"https:\/\/kulturneleto.eu\/wp-content\/uploads\/2023\/06\/kniznica_august-scaled.jpg","datePublished":"2023-07-03T14:00:40+00:00","dateModified":"2023-07-10T10:29:32+00:00","breadcrumb":{"@id":"https:\/\/kulturneleto.eu\/event\/najkrajsie-vylety-po-slovensku\/#breadcrumb"},"inLanguage":"en-US","potentialAction":[{"@type":"ReadAction","target":["https:\/\/kulturneleto.eu\/event\/najkrajsie-vylety-po-slovensku\/"]}]},{"@type":"ImageObject","inLanguage":"en-US","@id":"https:\/\/kulturneleto.eu\/event\/najkrajsie-vylety-po-slovensku\/#primaryimage","url":"https:\/\/kulturneleto.eu\/wp-content\/uploads\/2023\/06\/kniznica_august-scaled.jpg","contentUrl":"https:\/\/kulturneleto.eu\/wp-content\/uploads\/2023\/06\/kniznica_august-scaled.jpg","width":2560,"height":1810},{"@type":"BreadcrumbList","@id":"https:\/\/kulturneleto.eu\/event\/najkrajsie-vylety-po-slovensku\/#breadcrumb","itemListElement":[{"@type":"ListItem","position":1,"name":"Domovsk\u00e1 str\u00e1nka","item":"https:\/\/kulturneleto.eu\/"},{"@type":"ListItem","position":2,"name":"Najkraj\u0161ie v\u00fdlety po Slovensku"}]},{"@type":"WebSite","@id":"https:\/\/kulturneleto.eu\/#website","url":"https:\/\/kulturneleto.eu\/","name":"\u017dilinsk\u00e9 kult\u00farne leto 2025","description":"j\u00fal, august, september","publisher":{"@id":"https:\/\/kulturneleto.eu\/#organization"},"potentialAction":[{"@type":"SearchAction","target":{"@type":"EntryPoint","urlTemplate":"https:\/\/kulturneleto.eu\/?s={search_term_string}"},"query-input":{"@type":"PropertyValueSpecification","valueRequired":true,"valueName":"search_term_string"}}],"inLanguage":"en-US"},{"@type":"Organization","@id":"https:\/\/kulturneleto.eu\/#organization","name":"Kult\u00farne leto","url":"https:\/\/kulturneleto.eu\/","logo":{"@type":"ImageObject","inLanguage":"en-US","@id":"https:\/\/kulturneleto.eu\/#\/schema\/logo\/image\/","url":"https:\/\/kulturneleto.eu\/wp-content\/uploads\/2022\/06\/logo_zkl_2022_orange.png","contentUrl":"https:\/\/kulturneleto.eu\/wp-content\/uploads\/2022\/06\/logo_zkl_2022_orange.png","width":330,"height":117,"caption":"Kult\u00farne leto"},"image":{"@id":"https:\/\/kulturneleto.eu\/#\/schema\/logo\/image\/"},"sameAs":["https:\/\/www.facebook.com\/Mesto-ilina-162541880519007","https:\/\/www.youtube.com\/channel\/UCfY6Cc8yEeMgTWAUW5QaGAw","https:\/\/www.instagram.com\/mestozilina\/?hl=sk"]}]}},"_links":{"self":[{"href":"https:\/\/kulturneleto.eu\/en\/wp-json\/wp\/v2\/event_listing\/5436","targetHints":{"allow":["GET"]}}],"collection":[{"href":"https:\/\/kulturneleto.eu\/en\/wp-json\/wp\/v2\/event_listing"}],"about":[{"href":"https:\/\/kulturneleto.eu\/en\/wp-json\/wp\/v2\/types\/event_listing"}],"wp:featuredmedia":[{"embeddable":true,"href":"https:\/\/kulturneleto.eu\/en\/wp-json\/wp\/v2\/media\/5545"}],"wp:attachment":[{"href":"https:\/\/kulturneleto.eu\/en\/wp-json\/wp\/v2\/media?parent=5436"}],"wp:term":[{"taxonomy":"event_listing_category","embeddable":true,"href":"https:\/\/kulturneleto.eu\/en\/wp-json\/wp\/v2\/event_listing_category?post=5436"},{"taxonomy":"event_listing_type","embeddable":true,"href":"https:\/\/kulturneleto.eu\/en\/wp-json\/wp\/v2\/event_listing_type?post=5436"}],"curies":[{"name":"wp","href":"https:\/\/api.w.org\/{rel}","templated":true}]}}

Najkrajšie výlety po Slovensku

<p>S deťmi sa porozprávame o najkrajších miestach a najkrajších výletoch po našej krásnej krajine. Hrady, zámky, kúpaliská, priehrady a kopce s krásnymi výhľadmi.</p>
<p>&nbsp;</p>
<p>Vhodné pre deti <strong>od 5 do 10</strong> rokov.</p>
<p>&nbsp;</p>
<p>Na podujatie<strong> je potrebné sa prihlásiť</strong>: <strong><a href="https://forms.gle/4q4WyV7cQ982kBDK9">https://forms.gle/4q4WyV7cQ982kBDK9</a></strong></p>

<!-- This site is optimized with the Yoast SEO plugin v27.1.1 - https://yoast.com/product/yoast-seo-wordpress/ -->
<title>Najkrajšie výlety po Slovensku - Žilinské kultúrne leto 2025</title>
<meta name="robots" content="index, follow, max-snippet:-1, max-image-preview:large, max-video-preview:-1" />
<link rel="canonical" href="https://kulturneleto.eu/en/event/najkrajsie-vylety-po-slovensku/" />
<meta property="og:locale" content="en_US" />
<meta property="og:type" content="article" />
<meta property="og:title" content="Najkrajšie výlety po Slovensku - Žilinské kultúrne leto 2025" />
<meta property="og:description" content="S deťmi sa porozprávame o najkrajších miestach a najkrajších výletoch po našej krásnej krajine. Hrady, zámky, kúpaliská, priehrady a kopce s krásnymi výhľadmi. &nbsp; Vhodné pre deti od 5 do 10 rokov. &nbsp; Na podujatie je potrebné sa prihlásiť: https://forms.gle/4q4WyV7cQ982kBDK9" />
<meta property="og:url" content="https://kulturneleto.eu/en/event/najkrajsie-vylety-po-slovensku/" />
<meta property="og:site_name" content="Žilinské kultúrne leto 2025" />
<meta property="article:publisher" content="https://www.facebook.com/Mesto-ilina-162541880519007" />
<meta property="article:modified_time" content="2023-07-10T10:29:32+00:00" />
<meta property="og:image" content="https://kulturneleto.eu/wp-content/uploads/2023/06/kniznica_august-scaled.jpg" />
	<meta property="og:image:width" content="2560" />
	<meta property="og:image:height" content="1810" />
	<meta property="og:image:type" content="image/jpeg" />
<meta name="twitter:card" content="summary_large_image" />
<meta name="twitter:label1" content="Est. reading time" />
	<meta name="twitter:data1" content="1 minute" />
<script type="application/ld+json" class="yoast-schema-graph">{"@context":"https://schema.org","@graph":[{"@type":"WebPage","@id":"https://kulturneleto.eu/event/najkrajsie-vylety-po-slovensku/","url":"https://kulturneleto.eu/event/najkrajsie-vylety-po-slovensku/","name":"Najkrajšie výlety po Slovensku - Žilinské kultúrne leto 2025","isPartOf":{"@id":"https://kulturneleto.eu/#website"},"primaryImageOfPage":{"@id":"https://kulturneleto.eu/event/najkrajsie-vylety-po-slovensku/#primaryimage"},"image":{"@id":"https://kulturneleto.eu/event/najkrajsie-vylety-po-slovensku/#primaryimage"},"thumbnailUrl":"https://kulturneleto.eu/wp-content/uploads/2023/06/kniznica_august-scaled.jpg","datePublished":"2023-07-03T14:00:40+00:00","dateModified":"2023-07-10T10:29:32+00:00","breadcrumb":{"@id":"https://kulturneleto.eu/event/najkrajsie-vylety-po-slovensku/#breadcrumb"},"inLanguage":"en-US","potentialAction":[{"@type":"ReadAction","target":["https://kulturneleto.eu/event/najkrajsie-vylety-po-slovensku/"]}]},{"@type":"ImageObject","inLanguage":"en-US","@id":"https://kulturneleto.eu/event/najkrajsie-vylety-po-slovensku/#primaryimage","url":"https://kulturneleto.eu/wp-content/uploads/2023/06/kniznica_august-scaled.jpg","contentUrl":"https://kulturneleto.eu/wp-content/uploads/2023/06/kniznica_august-scaled.jpg","width":2560,"height":1810},{"@type":"BreadcrumbList","@id":"https://kulturneleto.eu/event/najkrajsie-vylety-po-slovensku/#breadcrumb","itemListElement":[{"@type":"ListItem","position":1,"name":"Domovská stránka","item":"https://kulturneleto.eu/"},{"@type":"ListItem","position":2,"name":"Najkrajšie výlety po Slovensku"}]},{"@type":"WebSite","@id":"https://kulturneleto.eu/#website","url":"https://kulturneleto.eu/","name":"Žilinské kultúrne leto 2025","description":"júl, august, september","publisher":{"@id":"https://kulturneleto.eu/#organization"},"potentialAction":[{"@type":"SearchAction","target":{"@type":"EntryPoint","urlTemplate":"https://kulturneleto.eu/?s={search_term_string}"},"query-input":{"@type":"PropertyValueSpecification","valueRequired":true,"valueName":"search_term_string"}}],"inLanguage":"en-US"},{"@type":"Organization","@id":"https://kulturneleto.eu/#organization","name":"Kultúrne leto","url":"https://kulturneleto.eu/","logo":{"@type":"ImageObject","inLanguage":"en-US","@id":"https://kulturneleto.eu/#/schema/logo/image/","url":"https://kulturneleto.eu/wp-content/uploads/2022/06/logo_zkl_2022_orange.png","contentUrl":"https://kulturneleto.eu/wp-content/uploads/2022/06/logo_zkl_2022_orange.png","width":330,"height":117,"caption":"Kultúrne leto"},"image":{"@id":"https://kulturneleto.eu/#/schema/logo/image/"},"sameAs":["https://www.facebook.com/Mesto-ilina-162541880519007","https://www.youtube.com/channel/UCfY6Cc8yEeMgTWAUW5QaGAw","https://www.instagram.com/mestozilina/?hl=sk"]}]}</script>
<!-- / Yoast SEO plugin. -->

Najkrajšie výlety po Slovensku - Žilinské kultúrne leto 2025

S deťmi sa porozprávame o najkrajších miestach a najkrajších výletoch po našej krásnej krajine. Hrady, zámky, kúpaliská, priehrady a kopce s krásnymi výhľadmi. &nbsp; Vhodné pre deti od 5 do 10 rokov. &nbsp; Na podujatie je potrebné sa prihlásiť: https://forms.gle/4q4WyV7cQ982kBDK9

Žilinské kultúrne leto 2025

Domovská stránka

júl, august, september

Kultúrne leto
