{"id":5437,"date":"2023-07-03T16:07:16","date_gmt":"2023-07-03T14:07:16","guid":{"rendered":"https:\/\/kulturneleto.eu\/?post_type=event_listing&#038;p=5437"},"modified":"2023-07-11T13:52:56","modified_gmt":"2023-07-11T11:52:56","slug":"letne-kino-na-stanici-pariz-texas","status":"publish","type":"event_listing","link":"https:\/\/kulturneleto.eu\/en\/event\/letne-kino-na-stanici-pariz-texas\/","title":{"rendered":"Letn\u00e9 kino na Stanici &#8211; Par\u00ed\u017e, Texas"},"content":{"rendered":"<p>Re\u017eis\u00e9r Wim Wenders nato\u010dil asi najlep\u0161\u00ed road-movie v\u0161etk\u00fdch \u010dias. Fantastick\u00e1 atmosf\u00e9ra hor\u00faceho Texasu a hudba legend\u00e1rneho Ry Coodera tvoria nezabudnute\u013en\u00fd z\u00e1\u017eitok a povinnos\u0165 ka\u017ed\u00e9ho milovn\u00edka filmu.<\/p>\n<p>&nbsp;<\/p>\n<p>Sl\u00e1vny film, nato\u010den\u00fd pod\u013ea scen\u00e1ra Sama Sheparda, je poh\u013eadom eur\u00f3pskeho re\u017eis\u00e9ra na americk\u00fa spolo\u010dnos\u0165 a rozpad jej rodinn\u00fdch hodn\u00f4t. Vy\u010derpan\u00fd mu\u017e putuje p\u00fa\u0161\u0165ou, stratil pam\u00e4\u0165 a re\u010d. \u010cak\u00e1 ho dlh\u00e1 cesta h\u013eadania seba sam\u00e9ho.<\/p>\n<p>&nbsp;<\/p>\n<p>Paris, Texas, Ve\u013ek\u00e1 Brit\u00e1nia \/ Franc\u00fazsko \/ Z\u00e1padn\u00e9 Nemecko \/ USA, 1984, 147 min, R\u00e9\u017eia: Wim Wenders<\/p>\n<p>Anglick\u00fd jazyk + Slovensk\u00e9 titulky<\/p>","protected":false},"featured_media":5562,"template":"","meta":[],"event_listing_category":[97],"event_listing_type":[81],"class_list":["post-5437","event_listing","type-event_listing","status-publish","has-post-thumbnail","hentry","event_listing_category-zkl2023","event_listing_type-kino-divadlo"],"yoast_head":"<!-- This site is optimized with the Yoast SEO plugin v27.1.1 - https:\/\/yoast.com\/product\/yoast-seo-wordpress\/ -->\n<title>Letn\u00e9 kino na Stanici - Par\u00ed\u017e, Texas - \u017dilinsk\u00e9 kult\u00farne leto 2025<\/title>\n<meta name=\"robots\" content=\"index, follow, max-snippet:-1, max-image-preview:large, max-video-preview:-1\" \/>\n<link rel=\"canonical\" href=\"https:\/\/kulturneleto.eu\/en\/event\/letne-kino-na-stanici-pariz-texas\/\" \/>\n<meta property=\"og:locale\" content=\"en_US\" \/>\n<meta property=\"og:type\" content=\"article\" \/>\n<meta property=\"og:title\" content=\"Letn\u00e9 kino na Stanici - Par\u00ed\u017e, Texas - \u017dilinsk\u00e9 kult\u00farne leto 2025\" \/>\n<meta property=\"og:description\" content=\"Re\u017eis\u00e9r Wim Wenders nato\u010dil asi najlep\u0161\u00ed road-movie v\u0161etk\u00fdch \u010dias. Fantastick\u00e1 atmosf\u00e9ra hor\u00faceho Texasu a hudba legend\u00e1rneho Ry Coodera tvoria nezabudnute\u013en\u00fd z\u00e1\u017eitok a povinnos\u0165 ka\u017ed\u00e9ho milovn\u00edka filmu. &nbsp; Sl\u00e1vny film, nato\u010den\u00fd pod\u013ea scen\u00e1ra Sama Sheparda, je poh\u013eadom eur\u00f3pskeho re\u017eis\u00e9ra na americk\u00fa spolo\u010dnos\u0165 a rozpad jej rodinn\u00fdch hodn\u00f4t. Vy\u010derpan\u00fd mu\u017e putuje p\u00fa\u0161\u0165ou, stratil pam\u00e4\u0165 a re\u010d. \u010cak\u00e1 [&hellip;]\" \/>\n<meta property=\"og:url\" content=\"https:\/\/kulturneleto.eu\/en\/event\/letne-kino-na-stanici-pariz-texas\/\" \/>\n<meta property=\"og:site_name\" content=\"\u017dilinsk\u00e9 kult\u00farne leto 2025\" \/>\n<meta property=\"article:publisher\" content=\"https:\/\/www.facebook.com\/Mesto-ilina-162541880519007\" \/>\n<meta property=\"article:modified_time\" content=\"2023-07-11T11:52:56+00:00\" \/>\n<meta property=\"og:image\" content=\"https:\/\/kulturneleto.eu\/wp-content\/uploads\/2023\/07\/paris_texas_2.jpg\" \/>\n\t<meta property=\"og:image:width\" content=\"1296\" \/>\n\t<meta property=\"og:image:height\" content=\"893\" \/>\n\t<meta property=\"og:image:type\" content=\"image\/jpeg\" \/>\n<meta name=\"twitter:card\" content=\"summary_large_image\" \/>\n<meta name=\"twitter:label1\" content=\"Est. reading time\" \/>\n\t<meta name=\"twitter:data1\" content=\"1 minute\" \/>\n<script type=\"application\/ld+json\" class=\"yoast-schema-graph\">{\"@context\":\"https:\/\/schema.org\",\"@graph\":[{\"@type\":\"WebPage\",\"@id\":\"https:\/\/kulturneleto.eu\/event\/letne-kino-na-stanici-pariz-texas\/\",\"url\":\"https:\/\/kulturneleto.eu\/event\/letne-kino-na-stanici-pariz-texas\/\",\"name\":\"Letn\u00e9 kino na Stanici - Par\u00ed\u017e, Texas - \u017dilinsk\u00e9 kult\u00farne leto 2025\",\"isPartOf\":{\"@id\":\"https:\/\/kulturneleto.eu\/#website\"},\"primaryImageOfPage\":{\"@id\":\"https:\/\/kulturneleto.eu\/event\/letne-kino-na-stanici-pariz-texas\/#primaryimage\"},\"image\":{\"@id\":\"https:\/\/kulturneleto.eu\/event\/letne-kino-na-stanici-pariz-texas\/#primaryimage\"},\"thumbnailUrl\":\"https:\/\/kulturneleto.eu\/wp-content\/uploads\/2023\/07\/paris_texas_2.jpg\",\"datePublished\":\"2023-07-03T14:07:16+00:00\",\"dateModified\":\"2023-07-11T11:52:56+00:00\",\"breadcrumb\":{\"@id\":\"https:\/\/kulturneleto.eu\/event\/letne-kino-na-stanici-pariz-texas\/#breadcrumb\"},\"inLanguage\":\"en-US\",\"potentialAction\":[{\"@type\":\"ReadAction\",\"target\":[\"https:\/\/kulturneleto.eu\/event\/letne-kino-na-stanici-pariz-texas\/\"]}]},{\"@type\":\"ImageObject\",\"inLanguage\":\"en-US\",\"@id\":\"https:\/\/kulturneleto.eu\/event\/letne-kino-na-stanici-pariz-texas\/#primaryimage\",\"url\":\"https:\/\/kulturneleto.eu\/wp-content\/uploads\/2023\/07\/paris_texas_2.jpg\",\"contentUrl\":\"https:\/\/kulturneleto.eu\/wp-content\/uploads\/2023\/07\/paris_texas_2.jpg\",\"width\":1296,\"height\":893},{\"@type\":\"BreadcrumbList\",\"@id\":\"https:\/\/kulturneleto.eu\/event\/letne-kino-na-stanici-pariz-texas\/#breadcrumb\",\"itemListElement\":[{\"@type\":\"ListItem\",\"position\":1,\"name\":\"Domovsk\u00e1 str\u00e1nka\",\"item\":\"https:\/\/kulturneleto.eu\/\"},{\"@type\":\"ListItem\",\"position\":2,\"name\":\"Letn\u00e9 kino na Stanici &#8211; Par\u00ed\u017e, Texas\"}]},{\"@type\":\"WebSite\",\"@id\":\"https:\/\/kulturneleto.eu\/#website\",\"url\":\"https:\/\/kulturneleto.eu\/\",\"name\":\"\u017dilinsk\u00e9 kult\u00farne leto 2025\",\"description\":\"j\u00fal, august, september\",\"publisher\":{\"@id\":\"https:\/\/kulturneleto.eu\/#organization\"},\"potentialAction\":[{\"@type\":\"SearchAction\",\"target\":{\"@type\":\"EntryPoint\",\"urlTemplate\":\"https:\/\/kulturneleto.eu\/?s={search_term_string}\"},\"query-input\":{\"@type\":\"PropertyValueSpecification\",\"valueRequired\":true,\"valueName\":\"search_term_string\"}}],\"inLanguage\":\"en-US\"},{\"@type\":\"Organization\",\"@id\":\"https:\/\/kulturneleto.eu\/#organization\",\"name\":\"Kult\u00farne leto\",\"url\":\"https:\/\/kulturneleto.eu\/\",\"logo\":{\"@type\":\"ImageObject\",\"inLanguage\":\"en-US\",\"@id\":\"https:\/\/kulturneleto.eu\/#\/schema\/logo\/image\/\",\"url\":\"https:\/\/kulturneleto.eu\/wp-content\/uploads\/2022\/06\/logo_zkl_2022_orange.png\",\"contentUrl\":\"https:\/\/kulturneleto.eu\/wp-content\/uploads\/2022\/06\/logo_zkl_2022_orange.png\",\"width\":330,\"height\":117,\"caption\":\"Kult\u00farne leto\"},\"image\":{\"@id\":\"https:\/\/kulturneleto.eu\/#\/schema\/logo\/image\/\"},\"sameAs\":[\"https:\/\/www.facebook.com\/Mesto-ilina-162541880519007\",\"https:\/\/www.youtube.com\/channel\/UCfY6Cc8yEeMgTWAUW5QaGAw\",\"https:\/\/www.instagram.com\/mestozilina\/?hl=sk\"]}]}<\/script>\n<!-- \/ Yoast SEO plugin. -->","yoast_head_json":{"title":"Letn\u00e9 kino na Stanici - Par\u00ed\u017e, Texas - \u017dilinsk\u00e9 kult\u00farne leto 2025","robots":{"index":"index","follow":"follow","max-snippet":"max-snippet:-1","max-image-preview":"max-image-preview:large","max-video-preview":"max-video-preview:-1"},"canonical":"https:\/\/kulturneleto.eu\/en\/event\/letne-kino-na-stanici-pariz-texas\/","og_locale":"en_US","og_type":"article","og_title":"Letn\u00e9 kino na Stanici - Par\u00ed\u017e, Texas - \u017dilinsk\u00e9 kult\u00farne leto 2025","og_description":"Re\u017eis\u00e9r Wim Wenders nato\u010dil asi najlep\u0161\u00ed road-movie v\u0161etk\u00fdch \u010dias. Fantastick\u00e1 atmosf\u00e9ra hor\u00faceho Texasu a hudba legend\u00e1rneho Ry Coodera tvoria nezabudnute\u013en\u00fd z\u00e1\u017eitok a povinnos\u0165 ka\u017ed\u00e9ho milovn\u00edka filmu. &nbsp; Sl\u00e1vny film, nato\u010den\u00fd pod\u013ea scen\u00e1ra Sama Sheparda, je poh\u013eadom eur\u00f3pskeho re\u017eis\u00e9ra na americk\u00fa spolo\u010dnos\u0165 a rozpad jej rodinn\u00fdch hodn\u00f4t. Vy\u010derpan\u00fd mu\u017e putuje p\u00fa\u0161\u0165ou, stratil pam\u00e4\u0165 a re\u010d. \u010cak\u00e1 [&hellip;]","og_url":"https:\/\/kulturneleto.eu\/en\/event\/letne-kino-na-stanici-pariz-texas\/","og_site_name":"\u017dilinsk\u00e9 kult\u00farne leto 2025","article_publisher":"https:\/\/www.facebook.com\/Mesto-ilina-162541880519007","article_modified_time":"2023-07-11T11:52:56+00:00","og_image":[{"width":1296,"height":893,"url":"https:\/\/kulturneleto.eu\/wp-content\/uploads\/2023\/07\/paris_texas_2.jpg","type":"image\/jpeg"}],"twitter_card":"summary_large_image","twitter_misc":{"Est. reading time":"1 minute"},"schema":{"@context":"https:\/\/schema.org","@graph":[{"@type":"WebPage","@id":"https:\/\/kulturneleto.eu\/event\/letne-kino-na-stanici-pariz-texas\/","url":"https:\/\/kulturneleto.eu\/event\/letne-kino-na-stanici-pariz-texas\/","name":"Letn\u00e9 kino na Stanici - Par\u00ed\u017e, Texas - \u017dilinsk\u00e9 kult\u00farne leto 2025","isPartOf":{"@id":"https:\/\/kulturneleto.eu\/#website"},"primaryImageOfPage":{"@id":"https:\/\/kulturneleto.eu\/event\/letne-kino-na-stanici-pariz-texas\/#primaryimage"},"image":{"@id":"https:\/\/kulturneleto.eu\/event\/letne-kino-na-stanici-pariz-texas\/#primaryimage"},"thumbnailUrl":"https:\/\/kulturneleto.eu\/wp-content\/uploads\/2023\/07\/paris_texas_2.jpg","datePublished":"2023-07-03T14:07:16+00:00","dateModified":"2023-07-11T11:52:56+00:00","breadcrumb":{"@id":"https:\/\/kulturneleto.eu\/event\/letne-kino-na-stanici-pariz-texas\/#breadcrumb"},"inLanguage":"en-US","potentialAction":[{"@type":"ReadAction","target":["https:\/\/kulturneleto.eu\/event\/letne-kino-na-stanici-pariz-texas\/"]}]},{"@type":"ImageObject","inLanguage":"en-US","@id":"https:\/\/kulturneleto.eu\/event\/letne-kino-na-stanici-pariz-texas\/#primaryimage","url":"https:\/\/kulturneleto.eu\/wp-content\/uploads\/2023\/07\/paris_texas_2.jpg","contentUrl":"https:\/\/kulturneleto.eu\/wp-content\/uploads\/2023\/07\/paris_texas_2.jpg","width":1296,"height":893},{"@type":"BreadcrumbList","@id":"https:\/\/kulturneleto.eu\/event\/letne-kino-na-stanici-pariz-texas\/#breadcrumb","itemListElement":[{"@type":"ListItem","position":1,"name":"Domovsk\u00e1 str\u00e1nka","item":"https:\/\/kulturneleto.eu\/"},{"@type":"ListItem","position":2,"name":"Letn\u00e9 kino na Stanici &#8211; Par\u00ed\u017e, Texas"}]},{"@type":"WebSite","@id":"https:\/\/kulturneleto.eu\/#website","url":"https:\/\/kulturneleto.eu\/","name":"\u017dilinsk\u00e9 kult\u00farne leto 2025","description":"j\u00fal, august, september","publisher":{"@id":"https:\/\/kulturneleto.eu\/#organization"},"potentialAction":[{"@type":"SearchAction","target":{"@type":"EntryPoint","urlTemplate":"https:\/\/kulturneleto.eu\/?s={search_term_string}"},"query-input":{"@type":"PropertyValueSpecification","valueRequired":true,"valueName":"search_term_string"}}],"inLanguage":"en-US"},{"@type":"Organization","@id":"https:\/\/kulturneleto.eu\/#organization","name":"Kult\u00farne leto","url":"https:\/\/kulturneleto.eu\/","logo":{"@type":"ImageObject","inLanguage":"en-US","@id":"https:\/\/kulturneleto.eu\/#\/schema\/logo\/image\/","url":"https:\/\/kulturneleto.eu\/wp-content\/uploads\/2022\/06\/logo_zkl_2022_orange.png","contentUrl":"https:\/\/kulturneleto.eu\/wp-content\/uploads\/2022\/06\/logo_zkl_2022_orange.png","width":330,"height":117,"caption":"Kult\u00farne leto"},"image":{"@id":"https:\/\/kulturneleto.eu\/#\/schema\/logo\/image\/"},"sameAs":["https:\/\/www.facebook.com\/Mesto-ilina-162541880519007","https:\/\/www.youtube.com\/channel\/UCfY6Cc8yEeMgTWAUW5QaGAw","https:\/\/www.instagram.com\/mestozilina\/?hl=sk"]}]}},"_links":{"self":[{"href":"https:\/\/kulturneleto.eu\/en\/wp-json\/wp\/v2\/event_listing\/5437","targetHints":{"allow":["GET"]}}],"collection":[{"href":"https:\/\/kulturneleto.eu\/en\/wp-json\/wp\/v2\/event_listing"}],"about":[{"href":"https:\/\/kulturneleto.eu\/en\/wp-json\/wp\/v2\/types\/event_listing"}],"wp:featuredmedia":[{"embeddable":true,"href":"https:\/\/kulturneleto.eu\/en\/wp-json\/wp\/v2\/media\/5562"}],"wp:attachment":[{"href":"https:\/\/kulturneleto.eu\/en\/wp-json\/wp\/v2\/media?parent=5437"}],"wp:term":[{"taxonomy":"event_listing_category","embeddable":true,"href":"https:\/\/kulturneleto.eu\/en\/wp-json\/wp\/v2\/event_listing_category?post=5437"},{"taxonomy":"event_listing_type","embeddable":true,"href":"https:\/\/kulturneleto.eu\/en\/wp-json\/wp\/v2\/event_listing_type?post=5437"}],"curies":[{"name":"wp","href":"https:\/\/api.w.org\/{rel}","templated":true}]}}

Letné kino na Stanici &#8211; Paríž, Texas

<p>Režisér Wim Wenders natočil asi najlepší road-movie všetkých čias. Fantastická atmosféra horúceho Texasu a hudba legendárneho Ry Coodera tvoria nezabudnuteľný zážitok a povinnosť každého milovníka filmu.</p>
<p>&nbsp;</p>
<p>Slávny film, natočený podľa scenára Sama Sheparda, je pohľadom európskeho režiséra na americkú spoločnosť a rozpad jej rodinných hodnôt. Vyčerpaný muž putuje púšťou, stratil pamäť a reč. Čaká ho dlhá cesta hľadania seba samého.</p>
<p>&nbsp;</p>
<p>Paris, Texas, Veľká Británia / Francúzsko / Západné Nemecko / USA, 1984, 147 min, Réžia: Wim Wenders</p>
<p>Anglický jazyk + Slovenské titulky</p>

<!-- This site is optimized with the Yoast SEO plugin v27.1.1 - https://yoast.com/product/yoast-seo-wordpress/ -->
<title>Letné kino na Stanici - Paríž, Texas - Žilinské kultúrne leto 2025</title>
<meta name="robots" content="index, follow, max-snippet:-1, max-image-preview:large, max-video-preview:-1" />
<link rel="canonical" href="https://kulturneleto.eu/en/event/letne-kino-na-stanici-pariz-texas/" />
<meta property="og:locale" content="en_US" />
<meta property="og:type" content="article" />
<meta property="og:title" content="Letné kino na Stanici - Paríž, Texas - Žilinské kultúrne leto 2025" />
<meta property="og:description" content="Režisér Wim Wenders natočil asi najlepší road-movie všetkých čias. Fantastická atmosféra horúceho Texasu a hudba legendárneho Ry Coodera tvoria nezabudnuteľný zážitok a povinnosť každého milovníka filmu. &nbsp; Slávny film, natočený podľa scenára Sama Sheparda, je pohľadom európskeho režiséra na americkú spoločnosť a rozpad jej rodinných hodnôt. Vyčerpaný muž putuje púšťou, stratil pamäť a reč. Čaká [&hellip;]" />
<meta property="og:url" content="https://kulturneleto.eu/en/event/letne-kino-na-stanici-pariz-texas/" />
<meta property="og:site_name" content="Žilinské kultúrne leto 2025" />
<meta property="article:publisher" content="https://www.facebook.com/Mesto-ilina-162541880519007" />
<meta property="article:modified_time" content="2023-07-11T11:52:56+00:00" />
<meta property="og:image" content="https://kulturneleto.eu/wp-content/uploads/2023/07/paris_texas_2.jpg" />
	<meta property="og:image:width" content="1296" />
	<meta property="og:image:height" content="893" />
	<meta property="og:image:type" content="image/jpeg" />
<meta name="twitter:card" content="summary_large_image" />
<meta name="twitter:label1" content="Est. reading time" />
	<meta name="twitter:data1" content="1 minute" />
<script type="application/ld+json" class="yoast-schema-graph">{"@context":"https://schema.org","@graph":[{"@type":"WebPage","@id":"https://kulturneleto.eu/event/letne-kino-na-stanici-pariz-texas/","url":"https://kulturneleto.eu/event/letne-kino-na-stanici-pariz-texas/","name":"Letné kino na Stanici - Paríž, Texas - Žilinské kultúrne leto 2025","isPartOf":{"@id":"https://kulturneleto.eu/#website"},"primaryImageOfPage":{"@id":"https://kulturneleto.eu/event/letne-kino-na-stanici-pariz-texas/#primaryimage"},"image":{"@id":"https://kulturneleto.eu/event/letne-kino-na-stanici-pariz-texas/#primaryimage"},"thumbnailUrl":"https://kulturneleto.eu/wp-content/uploads/2023/07/paris_texas_2.jpg","datePublished":"2023-07-03T14:07:16+00:00","dateModified":"2023-07-11T11:52:56+00:00","breadcrumb":{"@id":"https://kulturneleto.eu/event/letne-kino-na-stanici-pariz-texas/#breadcrumb"},"inLanguage":"en-US","potentialAction":[{"@type":"ReadAction","target":["https://kulturneleto.eu/event/letne-kino-na-stanici-pariz-texas/"]}]},{"@type":"ImageObject","inLanguage":"en-US","@id":"https://kulturneleto.eu/event/letne-kino-na-stanici-pariz-texas/#primaryimage","url":"https://kulturneleto.eu/wp-content/uploads/2023/07/paris_texas_2.jpg","contentUrl":"https://kulturneleto.eu/wp-content/uploads/2023/07/paris_texas_2.jpg","width":1296,"height":893},{"@type":"BreadcrumbList","@id":"https://kulturneleto.eu/event/letne-kino-na-stanici-pariz-texas/#breadcrumb","itemListElement":[{"@type":"ListItem","position":1,"name":"Domovská stránka","item":"https://kulturneleto.eu/"},{"@type":"ListItem","position":2,"name":"Letné kino na Stanici &#8211; Paríž, Texas"}]},{"@type":"WebSite","@id":"https://kulturneleto.eu/#website","url":"https://kulturneleto.eu/","name":"Žilinské kultúrne leto 2025","description":"júl, august, september","publisher":{"@id":"https://kulturneleto.eu/#organization"},"potentialAction":[{"@type":"SearchAction","target":{"@type":"EntryPoint","urlTemplate":"https://kulturneleto.eu/?s={search_term_string}"},"query-input":{"@type":"PropertyValueSpecification","valueRequired":true,"valueName":"search_term_string"}}],"inLanguage":"en-US"},{"@type":"Organization","@id":"https://kulturneleto.eu/#organization","name":"Kultúrne leto","url":"https://kulturneleto.eu/","logo":{"@type":"ImageObject","inLanguage":"en-US","@id":"https://kulturneleto.eu/#/schema/logo/image/","url":"https://kulturneleto.eu/wp-content/uploads/2022/06/logo_zkl_2022_orange.png","contentUrl":"https://kulturneleto.eu/wp-content/uploads/2022/06/logo_zkl_2022_orange.png","width":330,"height":117,"caption":"Kultúrne leto"},"image":{"@id":"https://kulturneleto.eu/#/schema/logo/image/"},"sameAs":["https://www.facebook.com/Mesto-ilina-162541880519007","https://www.youtube.com/channel/UCfY6Cc8yEeMgTWAUW5QaGAw","https://www.instagram.com/mestozilina/?hl=sk"]}]}</script>
<!-- / Yoast SEO plugin. -->

Letné kino na Stanici - Paríž, Texas - Žilinské kultúrne leto 2025

Režisér Wim Wenders natočil asi najlepší road-movie všetkých čias. Fantastická atmosféra horúceho Texasu a hudba legendárneho Ry Coodera tvoria nezabudnuteľný zážitok a povinnosť každého milovníka filmu. &nbsp; Slávny film, natočený podľa scenára Sama Sheparda, je pohľadom európskeho režiséra na americkú spoločnosť a rozpad jej rodinných hodnôt. Vyčerpaný muž putuje púšťou, stratil pamäť a reč. Čaká [&hellip;]

Žilinské kultúrne leto 2025

Domovská stránka

júl, august, september

Kultúrne leto
