{"id":5443,"date":"2023-07-03T16:15:25","date_gmt":"2023-07-03T14:15:25","guid":{"rendered":"https:\/\/kulturneleto.eu\/?post_type=event_listing&#038;p=5443"},"modified":"2023-08-14T12:26:21","modified_gmt":"2023-08-14T10:26:21","slug":"koncert-v-zahrade-smooth-camel-quartet","status":"publish","type":"event_listing","link":"https:\/\/kulturneleto.eu\/en\/event\/koncert-v-zahrade-smooth-camel-quartet\/","title":{"rendered":"KONCERT V Z\u00c1HRADE &#8211; Smooth Camel Quartet"},"content":{"rendered":"<p>V z\u00e1hrade Rosenfeldovho pal\u00e1ca zahraj\u00fa svoj koncert traja mlad\u00ed jazzmani. Vy\u0161tudovan\u00ed hudobn\u00edci za\u010diatkom leta roku 2022 zalo\u017eili zoskupenie Smooth Camel. S chu\u0165ou hra\u0165 a tvori\u0165 maj\u00fa svoj reperto\u00e1r vytvoren\u00fd z t\u00fdch najv\u00e4\u010d\u0161\u00edch hitov popul\u00e1rnej hudby, ktor\u00e9 si upravuj\u00fa do vlastn\u00fdch aran\u017em\u00e1nov.<\/p>\n<p>&nbsp;<\/p>\n<p>Kapela vystupuje v zlo\u017een\u00ed: Michal Ondri\u010dka \u2013 saxof\u00f3n, Luk\u00e1\u0161 \u0160n\u00e1bel \u2013 gitara a Mat\u00fa\u0161 Lev\u010d\u00edk \u2013 basgitara, ku ktorej sa v roku 2023 prip\u00e1ja buben\u00edk Timotej Rajnoha.<\/p>\n<p>Te\u0161i\u0165 sa m\u00f4\u017eete na autorsk\u00fa ale aj prevzat\u00fa tvorbu v oblasti JAZZ FUSION.<\/p>\n<p>&nbsp;<\/p>\n<p><strong>Vstup:<\/strong>\u00a04,00 Eur (dospel\u00ed \u2013 18+) \/ 2,00 Eur (\u0161tudenti \u2013 Z\u0160, S\u0160, V\u0160)<br \/>\nDeti (do veku 6 rokov), seniori a Z\u0164P \u2013 vstup zadarmo.<\/p>\n<p>&nbsp;<\/p>","protected":false},"featured_media":7198,"template":"","meta":[],"event_listing_category":[97],"event_listing_type":[85],"class_list":["post-5443","event_listing","type-event_listing","status-publish","has-post-thumbnail","hentry","event_listing_category-zkl2023","event_listing_type-hudba-tanec"],"yoast_head":"<!-- This site is optimized with the Yoast SEO plugin v27.1.1 - https:\/\/yoast.com\/product\/yoast-seo-wordpress\/ -->\n<title>KONCERT V Z\u00c1HRADE - Smooth Camel Quartet - \u017dilinsk\u00e9 kult\u00farne leto 2025<\/title>\n<meta name=\"robots\" content=\"index, follow, max-snippet:-1, max-image-preview:large, max-video-preview:-1\" \/>\n<link rel=\"canonical\" href=\"https:\/\/kulturneleto.eu\/en\/event\/koncert-v-zahrade-smooth-camel-quartet\/\" \/>\n<meta property=\"og:locale\" content=\"en_US\" \/>\n<meta property=\"og:type\" content=\"article\" \/>\n<meta property=\"og:title\" content=\"KONCERT V Z\u00c1HRADE - Smooth Camel Quartet - \u017dilinsk\u00e9 kult\u00farne leto 2025\" \/>\n<meta property=\"og:description\" content=\"V z\u00e1hrade Rosenfeldovho pal\u00e1ca zahraj\u00fa svoj koncert traja mlad\u00ed jazzmani. Vy\u0161tudovan\u00ed hudobn\u00edci za\u010diatkom leta roku 2022 zalo\u017eili zoskupenie Smooth Camel. S chu\u0165ou hra\u0165 a tvori\u0165 maj\u00fa svoj reperto\u00e1r vytvoren\u00fd z t\u00fdch najv\u00e4\u010d\u0161\u00edch hitov popul\u00e1rnej hudby, ktor\u00e9 si upravuj\u00fa do vlastn\u00fdch aran\u017em\u00e1nov. &nbsp; Kapela vystupuje v zlo\u017een\u00ed: Michal Ondri\u010dka \u2013 saxof\u00f3n, Luk\u00e1\u0161 \u0160n\u00e1bel \u2013 gitara a [&hellip;]\" \/>\n<meta property=\"og:url\" content=\"https:\/\/kulturneleto.eu\/en\/event\/koncert-v-zahrade-smooth-camel-quartet\/\" \/>\n<meta property=\"og:site_name\" content=\"\u017dilinsk\u00e9 kult\u00farne leto 2025\" \/>\n<meta property=\"article:publisher\" content=\"https:\/\/www.facebook.com\/Mesto-ilina-162541880519007\" \/>\n<meta property=\"article:modified_time\" content=\"2023-08-14T10:26:21+00:00\" \/>\n<meta property=\"og:image\" content=\"https:\/\/kulturneleto.eu\/wp-content\/uploads\/2023\/07\/smooth.jpg\" \/>\n\t<meta property=\"og:image:width\" content=\"1920\" \/>\n\t<meta property=\"og:image:height\" content=\"1005\" \/>\n\t<meta property=\"og:image:type\" content=\"image\/jpeg\" \/>\n<meta name=\"twitter:card\" content=\"summary_large_image\" \/>\n<meta name=\"twitter:label1\" content=\"Est. reading time\" \/>\n\t<meta name=\"twitter:data1\" content=\"1 minute\" \/>\n<script type=\"application\/ld+json\" class=\"yoast-schema-graph\">{\"@context\":\"https:\/\/schema.org\",\"@graph\":[{\"@type\":\"WebPage\",\"@id\":\"https:\/\/kulturneleto.eu\/event\/koncert-v-zahrade-smooth-camel-quartet\/\",\"url\":\"https:\/\/kulturneleto.eu\/event\/koncert-v-zahrade-smooth-camel-quartet\/\",\"name\":\"KONCERT V Z\u00c1HRADE - Smooth Camel Quartet - \u017dilinsk\u00e9 kult\u00farne leto 2025\",\"isPartOf\":{\"@id\":\"https:\/\/kulturneleto.eu\/#website\"},\"primaryImageOfPage\":{\"@id\":\"https:\/\/kulturneleto.eu\/event\/koncert-v-zahrade-smooth-camel-quartet\/#primaryimage\"},\"image\":{\"@id\":\"https:\/\/kulturneleto.eu\/event\/koncert-v-zahrade-smooth-camel-quartet\/#primaryimage\"},\"thumbnailUrl\":\"https:\/\/kulturneleto.eu\/wp-content\/uploads\/2023\/07\/smooth.jpg\",\"datePublished\":\"2023-07-03T14:15:25+00:00\",\"dateModified\":\"2023-08-14T10:26:21+00:00\",\"breadcrumb\":{\"@id\":\"https:\/\/kulturneleto.eu\/event\/koncert-v-zahrade-smooth-camel-quartet\/#breadcrumb\"},\"inLanguage\":\"en-US\",\"potentialAction\":[{\"@type\":\"ReadAction\",\"target\":[\"https:\/\/kulturneleto.eu\/event\/koncert-v-zahrade-smooth-camel-quartet\/\"]}]},{\"@type\":\"ImageObject\",\"inLanguage\":\"en-US\",\"@id\":\"https:\/\/kulturneleto.eu\/event\/koncert-v-zahrade-smooth-camel-quartet\/#primaryimage\",\"url\":\"https:\/\/kulturneleto.eu\/wp-content\/uploads\/2023\/07\/smooth.jpg\",\"contentUrl\":\"https:\/\/kulturneleto.eu\/wp-content\/uploads\/2023\/07\/smooth.jpg\",\"width\":1920,\"height\":1005},{\"@type\":\"BreadcrumbList\",\"@id\":\"https:\/\/kulturneleto.eu\/event\/koncert-v-zahrade-smooth-camel-quartet\/#breadcrumb\",\"itemListElement\":[{\"@type\":\"ListItem\",\"position\":1,\"name\":\"Domovsk\u00e1 str\u00e1nka\",\"item\":\"https:\/\/kulturneleto.eu\/\"},{\"@type\":\"ListItem\",\"position\":2,\"name\":\"KONCERT V Z\u00c1HRADE &#8211; Smooth Camel Quartet\"}]},{\"@type\":\"WebSite\",\"@id\":\"https:\/\/kulturneleto.eu\/#website\",\"url\":\"https:\/\/kulturneleto.eu\/\",\"name\":\"\u017dilinsk\u00e9 kult\u00farne leto 2025\",\"description\":\"j\u00fal, august, september\",\"publisher\":{\"@id\":\"https:\/\/kulturneleto.eu\/#organization\"},\"potentialAction\":[{\"@type\":\"SearchAction\",\"target\":{\"@type\":\"EntryPoint\",\"urlTemplate\":\"https:\/\/kulturneleto.eu\/?s={search_term_string}\"},\"query-input\":{\"@type\":\"PropertyValueSpecification\",\"valueRequired\":true,\"valueName\":\"search_term_string\"}}],\"inLanguage\":\"en-US\"},{\"@type\":\"Organization\",\"@id\":\"https:\/\/kulturneleto.eu\/#organization\",\"name\":\"Kult\u00farne leto\",\"url\":\"https:\/\/kulturneleto.eu\/\",\"logo\":{\"@type\":\"ImageObject\",\"inLanguage\":\"en-US\",\"@id\":\"https:\/\/kulturneleto.eu\/#\/schema\/logo\/image\/\",\"url\":\"https:\/\/kulturneleto.eu\/wp-content\/uploads\/2022\/06\/logo_zkl_2022_orange.png\",\"contentUrl\":\"https:\/\/kulturneleto.eu\/wp-content\/uploads\/2022\/06\/logo_zkl_2022_orange.png\",\"width\":330,\"height\":117,\"caption\":\"Kult\u00farne leto\"},\"image\":{\"@id\":\"https:\/\/kulturneleto.eu\/#\/schema\/logo\/image\/\"},\"sameAs\":[\"https:\/\/www.facebook.com\/Mesto-ilina-162541880519007\",\"https:\/\/www.youtube.com\/channel\/UCfY6Cc8yEeMgTWAUW5QaGAw\",\"https:\/\/www.instagram.com\/mestozilina\/?hl=sk\"]}]}<\/script>\n<!-- \/ Yoast SEO plugin. -->","yoast_head_json":{"title":"KONCERT V Z\u00c1HRADE - Smooth Camel Quartet - \u017dilinsk\u00e9 kult\u00farne leto 2025","robots":{"index":"index","follow":"follow","max-snippet":"max-snippet:-1","max-image-preview":"max-image-preview:large","max-video-preview":"max-video-preview:-1"},"canonical":"https:\/\/kulturneleto.eu\/en\/event\/koncert-v-zahrade-smooth-camel-quartet\/","og_locale":"en_US","og_type":"article","og_title":"KONCERT V Z\u00c1HRADE - Smooth Camel Quartet - \u017dilinsk\u00e9 kult\u00farne leto 2025","og_description":"V z\u00e1hrade Rosenfeldovho pal\u00e1ca zahraj\u00fa svoj koncert traja mlad\u00ed jazzmani. Vy\u0161tudovan\u00ed hudobn\u00edci za\u010diatkom leta roku 2022 zalo\u017eili zoskupenie Smooth Camel. S chu\u0165ou hra\u0165 a tvori\u0165 maj\u00fa svoj reperto\u00e1r vytvoren\u00fd z t\u00fdch najv\u00e4\u010d\u0161\u00edch hitov popul\u00e1rnej hudby, ktor\u00e9 si upravuj\u00fa do vlastn\u00fdch aran\u017em\u00e1nov. &nbsp; Kapela vystupuje v zlo\u017een\u00ed: Michal Ondri\u010dka \u2013 saxof\u00f3n, Luk\u00e1\u0161 \u0160n\u00e1bel \u2013 gitara a [&hellip;]","og_url":"https:\/\/kulturneleto.eu\/en\/event\/koncert-v-zahrade-smooth-camel-quartet\/","og_site_name":"\u017dilinsk\u00e9 kult\u00farne leto 2025","article_publisher":"https:\/\/www.facebook.com\/Mesto-ilina-162541880519007","article_modified_time":"2023-08-14T10:26:21+00:00","og_image":[{"width":1920,"height":1005,"url":"https:\/\/kulturneleto.eu\/wp-content\/uploads\/2023\/07\/smooth.jpg","type":"image\/jpeg"}],"twitter_card":"summary_large_image","twitter_misc":{"Est. reading time":"1 minute"},"schema":{"@context":"https:\/\/schema.org","@graph":[{"@type":"WebPage","@id":"https:\/\/kulturneleto.eu\/event\/koncert-v-zahrade-smooth-camel-quartet\/","url":"https:\/\/kulturneleto.eu\/event\/koncert-v-zahrade-smooth-camel-quartet\/","name":"KONCERT V Z\u00c1HRADE - Smooth Camel Quartet - \u017dilinsk\u00e9 kult\u00farne leto 2025","isPartOf":{"@id":"https:\/\/kulturneleto.eu\/#website"},"primaryImageOfPage":{"@id":"https:\/\/kulturneleto.eu\/event\/koncert-v-zahrade-smooth-camel-quartet\/#primaryimage"},"image":{"@id":"https:\/\/kulturneleto.eu\/event\/koncert-v-zahrade-smooth-camel-quartet\/#primaryimage"},"thumbnailUrl":"https:\/\/kulturneleto.eu\/wp-content\/uploads\/2023\/07\/smooth.jpg","datePublished":"2023-07-03T14:15:25+00:00","dateModified":"2023-08-14T10:26:21+00:00","breadcrumb":{"@id":"https:\/\/kulturneleto.eu\/event\/koncert-v-zahrade-smooth-camel-quartet\/#breadcrumb"},"inLanguage":"en-US","potentialAction":[{"@type":"ReadAction","target":["https:\/\/kulturneleto.eu\/event\/koncert-v-zahrade-smooth-camel-quartet\/"]}]},{"@type":"ImageObject","inLanguage":"en-US","@id":"https:\/\/kulturneleto.eu\/event\/koncert-v-zahrade-smooth-camel-quartet\/#primaryimage","url":"https:\/\/kulturneleto.eu\/wp-content\/uploads\/2023\/07\/smooth.jpg","contentUrl":"https:\/\/kulturneleto.eu\/wp-content\/uploads\/2023\/07\/smooth.jpg","width":1920,"height":1005},{"@type":"BreadcrumbList","@id":"https:\/\/kulturneleto.eu\/event\/koncert-v-zahrade-smooth-camel-quartet\/#breadcrumb","itemListElement":[{"@type":"ListItem","position":1,"name":"Domovsk\u00e1 str\u00e1nka","item":"https:\/\/kulturneleto.eu\/"},{"@type":"ListItem","position":2,"name":"KONCERT V Z\u00c1HRADE &#8211; Smooth Camel Quartet"}]},{"@type":"WebSite","@id":"https:\/\/kulturneleto.eu\/#website","url":"https:\/\/kulturneleto.eu\/","name":"\u017dilinsk\u00e9 kult\u00farne leto 2025","description":"j\u00fal, august, september","publisher":{"@id":"https:\/\/kulturneleto.eu\/#organization"},"potentialAction":[{"@type":"SearchAction","target":{"@type":"EntryPoint","urlTemplate":"https:\/\/kulturneleto.eu\/?s={search_term_string}"},"query-input":{"@type":"PropertyValueSpecification","valueRequired":true,"valueName":"search_term_string"}}],"inLanguage":"en-US"},{"@type":"Organization","@id":"https:\/\/kulturneleto.eu\/#organization","name":"Kult\u00farne leto","url":"https:\/\/kulturneleto.eu\/","logo":{"@type":"ImageObject","inLanguage":"en-US","@id":"https:\/\/kulturneleto.eu\/#\/schema\/logo\/image\/","url":"https:\/\/kulturneleto.eu\/wp-content\/uploads\/2022\/06\/logo_zkl_2022_orange.png","contentUrl":"https:\/\/kulturneleto.eu\/wp-content\/uploads\/2022\/06\/logo_zkl_2022_orange.png","width":330,"height":117,"caption":"Kult\u00farne leto"},"image":{"@id":"https:\/\/kulturneleto.eu\/#\/schema\/logo\/image\/"},"sameAs":["https:\/\/www.facebook.com\/Mesto-ilina-162541880519007","https:\/\/www.youtube.com\/channel\/UCfY6Cc8yEeMgTWAUW5QaGAw","https:\/\/www.instagram.com\/mestozilina\/?hl=sk"]}]}},"_links":{"self":[{"href":"https:\/\/kulturneleto.eu\/en\/wp-json\/wp\/v2\/event_listing\/5443","targetHints":{"allow":["GET"]}}],"collection":[{"href":"https:\/\/kulturneleto.eu\/en\/wp-json\/wp\/v2\/event_listing"}],"about":[{"href":"https:\/\/kulturneleto.eu\/en\/wp-json\/wp\/v2\/types\/event_listing"}],"wp:featuredmedia":[{"embeddable":true,"href":"https:\/\/kulturneleto.eu\/en\/wp-json\/wp\/v2\/media\/7198"}],"wp:attachment":[{"href":"https:\/\/kulturneleto.eu\/en\/wp-json\/wp\/v2\/media?parent=5443"}],"wp:term":[{"taxonomy":"event_listing_category","embeddable":true,"href":"https:\/\/kulturneleto.eu\/en\/wp-json\/wp\/v2\/event_listing_category?post=5443"},{"taxonomy":"event_listing_type","embeddable":true,"href":"https:\/\/kulturneleto.eu\/en\/wp-json\/wp\/v2\/event_listing_type?post=5443"}],"curies":[{"name":"wp","href":"https:\/\/api.w.org\/{rel}","templated":true}]}}

KONCERT V ZÁHRADE &#8211; Smooth Camel Quartet

<p>V záhrade Rosenfeldovho paláca zahrajú svoj koncert traja mladí jazzmani. Vyštudovaní hudobníci začiatkom leta roku 2022 založili zoskupenie Smooth Camel. S chuťou hrať a tvoriť majú svoj repertoár vytvorený z tých najväčších hitov populárnej hudby, ktoré si upravujú do vlastných aranžmánov.</p>
<p>&nbsp;</p>
<p>Kapela vystupuje v zložení: Michal Ondrička – saxofón, Lukáš Šnábel – gitara a Matúš Levčík – basgitara, ku ktorej sa v roku 2023 pripája bubeník Timotej Rajnoha.</p>
<p>Tešiť sa môžete na autorskú ale aj prevzatú tvorbu v oblasti JAZZ FUSION.</p>
<p>&nbsp;</p>
<p><strong>Vstup:</strong> 4,00 Eur (dospelí – 18+) / 2,00 Eur (študenti – ZŠ, SŠ, VŠ)<br />
Deti (do veku 6 rokov), seniori a ZŤP – vstup zadarmo.</p>
<p>&nbsp;</p>

<!-- This site is optimized with the Yoast SEO plugin v27.1.1 - https://yoast.com/product/yoast-seo-wordpress/ -->
<title>KONCERT V ZÁHRADE - Smooth Camel Quartet - Žilinské kultúrne leto 2025</title>
<meta name="robots" content="index, follow, max-snippet:-1, max-image-preview:large, max-video-preview:-1" />
<link rel="canonical" href="https://kulturneleto.eu/en/event/koncert-v-zahrade-smooth-camel-quartet/" />
<meta property="og:locale" content="en_US" />
<meta property="og:type" content="article" />
<meta property="og:title" content="KONCERT V ZÁHRADE - Smooth Camel Quartet - Žilinské kultúrne leto 2025" />
<meta property="og:description" content="V záhrade Rosenfeldovho paláca zahrajú svoj koncert traja mladí jazzmani. Vyštudovaní hudobníci začiatkom leta roku 2022 založili zoskupenie Smooth Camel. S chuťou hrať a tvoriť majú svoj repertoár vytvorený z tých najväčších hitov populárnej hudby, ktoré si upravujú do vlastných aranžmánov. &nbsp; Kapela vystupuje v zložení: Michal Ondrička – saxofón, Lukáš Šnábel – gitara a [&hellip;]" />
<meta property="og:url" content="https://kulturneleto.eu/en/event/koncert-v-zahrade-smooth-camel-quartet/" />
<meta property="og:site_name" content="Žilinské kultúrne leto 2025" />
<meta property="article:publisher" content="https://www.facebook.com/Mesto-ilina-162541880519007" />
<meta property="article:modified_time" content="2023-08-14T10:26:21+00:00" />
<meta property="og:image" content="https://kulturneleto.eu/wp-content/uploads/2023/07/smooth.jpg" />
	<meta property="og:image:width" content="1920" />
	<meta property="og:image:height" content="1005" />
	<meta property="og:image:type" content="image/jpeg" />
<meta name="twitter:card" content="summary_large_image" />
<meta name="twitter:label1" content="Est. reading time" />
	<meta name="twitter:data1" content="1 minute" />
<script type="application/ld+json" class="yoast-schema-graph">{"@context":"https://schema.org","@graph":[{"@type":"WebPage","@id":"https://kulturneleto.eu/event/koncert-v-zahrade-smooth-camel-quartet/","url":"https://kulturneleto.eu/event/koncert-v-zahrade-smooth-camel-quartet/","name":"KONCERT V ZÁHRADE - Smooth Camel Quartet - Žilinské kultúrne leto 2025","isPartOf":{"@id":"https://kulturneleto.eu/#website"},"primaryImageOfPage":{"@id":"https://kulturneleto.eu/event/koncert-v-zahrade-smooth-camel-quartet/#primaryimage"},"image":{"@id":"https://kulturneleto.eu/event/koncert-v-zahrade-smooth-camel-quartet/#primaryimage"},"thumbnailUrl":"https://kulturneleto.eu/wp-content/uploads/2023/07/smooth.jpg","datePublished":"2023-07-03T14:15:25+00:00","dateModified":"2023-08-14T10:26:21+00:00","breadcrumb":{"@id":"https://kulturneleto.eu/event/koncert-v-zahrade-smooth-camel-quartet/#breadcrumb"},"inLanguage":"en-US","potentialAction":[{"@type":"ReadAction","target":["https://kulturneleto.eu/event/koncert-v-zahrade-smooth-camel-quartet/"]}]},{"@type":"ImageObject","inLanguage":"en-US","@id":"https://kulturneleto.eu/event/koncert-v-zahrade-smooth-camel-quartet/#primaryimage","url":"https://kulturneleto.eu/wp-content/uploads/2023/07/smooth.jpg","contentUrl":"https://kulturneleto.eu/wp-content/uploads/2023/07/smooth.jpg","width":1920,"height":1005},{"@type":"BreadcrumbList","@id":"https://kulturneleto.eu/event/koncert-v-zahrade-smooth-camel-quartet/#breadcrumb","itemListElement":[{"@type":"ListItem","position":1,"name":"Domovská stránka","item":"https://kulturneleto.eu/"},{"@type":"ListItem","position":2,"name":"KONCERT V ZÁHRADE &#8211; Smooth Camel Quartet"}]},{"@type":"WebSite","@id":"https://kulturneleto.eu/#website","url":"https://kulturneleto.eu/","name":"Žilinské kultúrne leto 2025","description":"júl, august, september","publisher":{"@id":"https://kulturneleto.eu/#organization"},"potentialAction":[{"@type":"SearchAction","target":{"@type":"EntryPoint","urlTemplate":"https://kulturneleto.eu/?s={search_term_string}"},"query-input":{"@type":"PropertyValueSpecification","valueRequired":true,"valueName":"search_term_string"}}],"inLanguage":"en-US"},{"@type":"Organization","@id":"https://kulturneleto.eu/#organization","name":"Kultúrne leto","url":"https://kulturneleto.eu/","logo":{"@type":"ImageObject","inLanguage":"en-US","@id":"https://kulturneleto.eu/#/schema/logo/image/","url":"https://kulturneleto.eu/wp-content/uploads/2022/06/logo_zkl_2022_orange.png","contentUrl":"https://kulturneleto.eu/wp-content/uploads/2022/06/logo_zkl_2022_orange.png","width":330,"height":117,"caption":"Kultúrne leto"},"image":{"@id":"https://kulturneleto.eu/#/schema/logo/image/"},"sameAs":["https://www.facebook.com/Mesto-ilina-162541880519007","https://www.youtube.com/channel/UCfY6Cc8yEeMgTWAUW5QaGAw","https://www.instagram.com/mestozilina/?hl=sk"]}]}</script>
<!-- / Yoast SEO plugin. -->

KONCERT V ZÁHRADE - Smooth Camel Quartet - Žilinské kultúrne leto 2025

V záhrade Rosenfeldovho paláca zahrajú svoj koncert traja mladí jazzmani. Vyštudovaní hudobníci začiatkom leta roku 2022 založili zoskupenie Smooth Camel. S chuťou hrať a tvoriť majú svoj repertoár vytvorený z tých najväčších hitov populárnej hudby, ktoré si upravujú do vlastných aranžmánov. &nbsp; Kapela vystupuje v zložení: Michal Ondrička – saxofón, Lukáš Šnábel – gitara a [&hellip;]

Žilinské kultúrne leto 2025

Domovská stránka

júl, august, september

Kultúrne leto
