{"id":5472,"date":"2023-07-04T10:41:23","date_gmt":"2023-07-04T08:41:23","guid":{"rendered":"https:\/\/kulturneleto.eu\/?post_type=event_listing&#038;p=5472"},"modified":"2023-08-25T09:55:35","modified_gmt":"2023-08-25T07:55:35","slug":"slnko-na-skalach-3","status":"publish","type":"event_listing","link":"https:\/\/kulturneleto.eu\/en\/event\/slnko-na-skalach-3\/","title":{"rendered":"Slnko na skal\u00e1ch"},"content":{"rendered":"<p>Poz\u00fdvame nad\u0161encov netradi\u010dn\u00fdch \u0161portov na najv\u00e4\u010d\u0161\u00ed filmov\u00fd festival outdoorov\u00fdch aktiv\u00edt na Slovensku.<\/p>\n<p>9. ro\u010dn\u00edk outdoorov\u00e9ho festivalu pod hol\u00fdm nebom sa bude kona\u0165:<br \/>\n6. &#8211; 7.9. s\u00e1la Mestsk\u00e9ho \u00faradu v \u017diline<br \/>\n8. &#8211; 10.9. kemp Slne\u010dn\u00e9 Skaly<\/p>\n<p><a href=\"https:\/\/kulturneleto.eu\/wp-content\/uploads\/2023\/07\/outdoor_festival_Slnko_2022-program.jpg\"><img fetchpriority=\"high\" decoding=\"async\" class=\"alignnone size-full wp-image-7200\" src=\"https:\/\/kulturneleto.eu\/wp-content\/uploads\/2023\/07\/outdoor_festival_Slnko_2022-program.jpg\" alt=\"\" width=\"1300\" height=\"1839\" srcset=\"https:\/\/kulturneleto.eu\/wp-content\/uploads\/2023\/07\/outdoor_festival_Slnko_2022-program.jpg 1300w, https:\/\/kulturneleto.eu\/wp-content\/uploads\/2023\/07\/outdoor_festival_Slnko_2022-program-724x1024.jpg 724w, https:\/\/kulturneleto.eu\/wp-content\/uploads\/2023\/07\/outdoor_festival_Slnko_2022-program-768x1086.jpg 768w, https:\/\/kulturneleto.eu\/wp-content\/uploads\/2023\/07\/outdoor_festival_Slnko_2022-program-1086x1536.jpg 1086w\" sizes=\"(max-width: 1300px) 100vw, 1300px\" \/><\/a><\/p>","protected":false},"featured_media":7200,"template":"","meta":[],"event_listing_category":[97],"event_listing_type":[83],"class_list":["post-5472","event_listing","type-event_listing","status-publish","has-post-thumbnail","hentry","event_listing_category-zkl2023","event_listing_type-ine"],"yoast_head":"<!-- This site is optimized with the Yoast SEO plugin v27.1.1 - https:\/\/yoast.com\/product\/yoast-seo-wordpress\/ -->\n<title>Slnko na skal\u00e1ch - \u017dilinsk\u00e9 kult\u00farne leto 2025<\/title>\n<meta name=\"robots\" content=\"index, follow, max-snippet:-1, max-image-preview:large, max-video-preview:-1\" \/>\n<link rel=\"canonical\" href=\"https:\/\/kulturneleto.eu\/en\/event\/slnko-na-skalach-3\/\" \/>\n<meta property=\"og:locale\" content=\"en_US\" \/>\n<meta property=\"og:type\" content=\"article\" \/>\n<meta property=\"og:title\" content=\"Slnko na skal\u00e1ch - \u017dilinsk\u00e9 kult\u00farne leto 2025\" \/>\n<meta property=\"og:description\" content=\"Poz\u00fdvame nad\u0161encov netradi\u010dn\u00fdch \u0161portov na najv\u00e4\u010d\u0161\u00ed filmov\u00fd festival outdoorov\u00fdch aktiv\u00edt na Slovensku. 9. ro\u010dn\u00edk outdoorov\u00e9ho festivalu pod hol\u00fdm nebom sa bude kona\u0165: 6. &#8211; 7.9. s\u00e1la Mestsk\u00e9ho \u00faradu v \u017diline 8. &#8211; 10.9. kemp Slne\u010dn\u00e9 Skaly\" \/>\n<meta property=\"og:url\" content=\"https:\/\/kulturneleto.eu\/en\/event\/slnko-na-skalach-3\/\" \/>\n<meta property=\"og:site_name\" content=\"\u017dilinsk\u00e9 kult\u00farne leto 2025\" \/>\n<meta property=\"article:publisher\" content=\"https:\/\/www.facebook.com\/Mesto-ilina-162541880519007\" \/>\n<meta property=\"article:modified_time\" content=\"2023-08-25T07:55:35+00:00\" \/>\n<meta property=\"og:image\" content=\"https:\/\/kulturneleto.eu\/wp-content\/uploads\/2023\/07\/outdoor_festival_Slnko_2022-program.jpg\" \/>\n\t<meta property=\"og:image:width\" content=\"1300\" \/>\n\t<meta property=\"og:image:height\" content=\"1839\" \/>\n\t<meta property=\"og:image:type\" content=\"image\/jpeg\" \/>\n<meta name=\"twitter:card\" content=\"summary_large_image\" \/>\n<meta name=\"twitter:label1\" content=\"Est. reading time\" \/>\n\t<meta name=\"twitter:data1\" content=\"1 minute\" \/>\n<script type=\"application\/ld+json\" class=\"yoast-schema-graph\">{\"@context\":\"https:\/\/schema.org\",\"@graph\":[{\"@type\":\"WebPage\",\"@id\":\"https:\/\/kulturneleto.eu\/event\/slnko-na-skalach-3\/\",\"url\":\"https:\/\/kulturneleto.eu\/event\/slnko-na-skalach-3\/\",\"name\":\"Slnko na skal\u00e1ch - \u017dilinsk\u00e9 kult\u00farne leto 2025\",\"isPartOf\":{\"@id\":\"https:\/\/kulturneleto.eu\/#website\"},\"primaryImageOfPage\":{\"@id\":\"https:\/\/kulturneleto.eu\/event\/slnko-na-skalach-3\/#primaryimage\"},\"image\":{\"@id\":\"https:\/\/kulturneleto.eu\/event\/slnko-na-skalach-3\/#primaryimage\"},\"thumbnailUrl\":\"https:\/\/kulturneleto.eu\/wp-content\/uploads\/2023\/07\/outdoor_festival_Slnko_2022-program.jpg\",\"datePublished\":\"2023-07-04T08:41:23+00:00\",\"dateModified\":\"2023-08-25T07:55:35+00:00\",\"breadcrumb\":{\"@id\":\"https:\/\/kulturneleto.eu\/event\/slnko-na-skalach-3\/#breadcrumb\"},\"inLanguage\":\"en-US\",\"potentialAction\":[{\"@type\":\"ReadAction\",\"target\":[\"https:\/\/kulturneleto.eu\/event\/slnko-na-skalach-3\/\"]}]},{\"@type\":\"ImageObject\",\"inLanguage\":\"en-US\",\"@id\":\"https:\/\/kulturneleto.eu\/event\/slnko-na-skalach-3\/#primaryimage\",\"url\":\"https:\/\/kulturneleto.eu\/wp-content\/uploads\/2023\/07\/outdoor_festival_Slnko_2022-program.jpg\",\"contentUrl\":\"https:\/\/kulturneleto.eu\/wp-content\/uploads\/2023\/07\/outdoor_festival_Slnko_2022-program.jpg\",\"width\":1300,\"height\":1839},{\"@type\":\"BreadcrumbList\",\"@id\":\"https:\/\/kulturneleto.eu\/event\/slnko-na-skalach-3\/#breadcrumb\",\"itemListElement\":[{\"@type\":\"ListItem\",\"position\":1,\"name\":\"Domovsk\u00e1 str\u00e1nka\",\"item\":\"https:\/\/kulturneleto.eu\/\"},{\"@type\":\"ListItem\",\"position\":2,\"name\":\"Slnko na skal\u00e1ch\"}]},{\"@type\":\"WebSite\",\"@id\":\"https:\/\/kulturneleto.eu\/#website\",\"url\":\"https:\/\/kulturneleto.eu\/\",\"name\":\"\u017dilinsk\u00e9 kult\u00farne leto 2025\",\"description\":\"j\u00fal, august, september\",\"publisher\":{\"@id\":\"https:\/\/kulturneleto.eu\/#organization\"},\"potentialAction\":[{\"@type\":\"SearchAction\",\"target\":{\"@type\":\"EntryPoint\",\"urlTemplate\":\"https:\/\/kulturneleto.eu\/?s={search_term_string}\"},\"query-input\":{\"@type\":\"PropertyValueSpecification\",\"valueRequired\":true,\"valueName\":\"search_term_string\"}}],\"inLanguage\":\"en-US\"},{\"@type\":\"Organization\",\"@id\":\"https:\/\/kulturneleto.eu\/#organization\",\"name\":\"Kult\u00farne leto\",\"url\":\"https:\/\/kulturneleto.eu\/\",\"logo\":{\"@type\":\"ImageObject\",\"inLanguage\":\"en-US\",\"@id\":\"https:\/\/kulturneleto.eu\/#\/schema\/logo\/image\/\",\"url\":\"https:\/\/kulturneleto.eu\/wp-content\/uploads\/2022\/06\/logo_zkl_2022_orange.png\",\"contentUrl\":\"https:\/\/kulturneleto.eu\/wp-content\/uploads\/2022\/06\/logo_zkl_2022_orange.png\",\"width\":330,\"height\":117,\"caption\":\"Kult\u00farne leto\"},\"image\":{\"@id\":\"https:\/\/kulturneleto.eu\/#\/schema\/logo\/image\/\"},\"sameAs\":[\"https:\/\/www.facebook.com\/Mesto-ilina-162541880519007\",\"https:\/\/www.youtube.com\/channel\/UCfY6Cc8yEeMgTWAUW5QaGAw\",\"https:\/\/www.instagram.com\/mestozilina\/?hl=sk\"]}]}<\/script>\n<!-- \/ Yoast SEO plugin. -->","yoast_head_json":{"title":"Slnko na skal\u00e1ch - \u017dilinsk\u00e9 kult\u00farne leto 2025","robots":{"index":"index","follow":"follow","max-snippet":"max-snippet:-1","max-image-preview":"max-image-preview:large","max-video-preview":"max-video-preview:-1"},"canonical":"https:\/\/kulturneleto.eu\/en\/event\/slnko-na-skalach-3\/","og_locale":"en_US","og_type":"article","og_title":"Slnko na skal\u00e1ch - \u017dilinsk\u00e9 kult\u00farne leto 2025","og_description":"Poz\u00fdvame nad\u0161encov netradi\u010dn\u00fdch \u0161portov na najv\u00e4\u010d\u0161\u00ed filmov\u00fd festival outdoorov\u00fdch aktiv\u00edt na Slovensku. 9. ro\u010dn\u00edk outdoorov\u00e9ho festivalu pod hol\u00fdm nebom sa bude kona\u0165: 6. &#8211; 7.9. s\u00e1la Mestsk\u00e9ho \u00faradu v \u017diline 8. &#8211; 10.9. kemp Slne\u010dn\u00e9 Skaly","og_url":"https:\/\/kulturneleto.eu\/en\/event\/slnko-na-skalach-3\/","og_site_name":"\u017dilinsk\u00e9 kult\u00farne leto 2025","article_publisher":"https:\/\/www.facebook.com\/Mesto-ilina-162541880519007","article_modified_time":"2023-08-25T07:55:35+00:00","og_image":[{"width":1300,"height":1839,"url":"https:\/\/kulturneleto.eu\/wp-content\/uploads\/2023\/07\/outdoor_festival_Slnko_2022-program.jpg","type":"image\/jpeg"}],"twitter_card":"summary_large_image","twitter_misc":{"Est. reading time":"1 minute"},"schema":{"@context":"https:\/\/schema.org","@graph":[{"@type":"WebPage","@id":"https:\/\/kulturneleto.eu\/event\/slnko-na-skalach-3\/","url":"https:\/\/kulturneleto.eu\/event\/slnko-na-skalach-3\/","name":"Slnko na skal\u00e1ch - \u017dilinsk\u00e9 kult\u00farne leto 2025","isPartOf":{"@id":"https:\/\/kulturneleto.eu\/#website"},"primaryImageOfPage":{"@id":"https:\/\/kulturneleto.eu\/event\/slnko-na-skalach-3\/#primaryimage"},"image":{"@id":"https:\/\/kulturneleto.eu\/event\/slnko-na-skalach-3\/#primaryimage"},"thumbnailUrl":"https:\/\/kulturneleto.eu\/wp-content\/uploads\/2023\/07\/outdoor_festival_Slnko_2022-program.jpg","datePublished":"2023-07-04T08:41:23+00:00","dateModified":"2023-08-25T07:55:35+00:00","breadcrumb":{"@id":"https:\/\/kulturneleto.eu\/event\/slnko-na-skalach-3\/#breadcrumb"},"inLanguage":"en-US","potentialAction":[{"@type":"ReadAction","target":["https:\/\/kulturneleto.eu\/event\/slnko-na-skalach-3\/"]}]},{"@type":"ImageObject","inLanguage":"en-US","@id":"https:\/\/kulturneleto.eu\/event\/slnko-na-skalach-3\/#primaryimage","url":"https:\/\/kulturneleto.eu\/wp-content\/uploads\/2023\/07\/outdoor_festival_Slnko_2022-program.jpg","contentUrl":"https:\/\/kulturneleto.eu\/wp-content\/uploads\/2023\/07\/outdoor_festival_Slnko_2022-program.jpg","width":1300,"height":1839},{"@type":"BreadcrumbList","@id":"https:\/\/kulturneleto.eu\/event\/slnko-na-skalach-3\/#breadcrumb","itemListElement":[{"@type":"ListItem","position":1,"name":"Domovsk\u00e1 str\u00e1nka","item":"https:\/\/kulturneleto.eu\/"},{"@type":"ListItem","position":2,"name":"Slnko na skal\u00e1ch"}]},{"@type":"WebSite","@id":"https:\/\/kulturneleto.eu\/#website","url":"https:\/\/kulturneleto.eu\/","name":"\u017dilinsk\u00e9 kult\u00farne leto 2025","description":"j\u00fal, august, september","publisher":{"@id":"https:\/\/kulturneleto.eu\/#organization"},"potentialAction":[{"@type":"SearchAction","target":{"@type":"EntryPoint","urlTemplate":"https:\/\/kulturneleto.eu\/?s={search_term_string}"},"query-input":{"@type":"PropertyValueSpecification","valueRequired":true,"valueName":"search_term_string"}}],"inLanguage":"en-US"},{"@type":"Organization","@id":"https:\/\/kulturneleto.eu\/#organization","name":"Kult\u00farne leto","url":"https:\/\/kulturneleto.eu\/","logo":{"@type":"ImageObject","inLanguage":"en-US","@id":"https:\/\/kulturneleto.eu\/#\/schema\/logo\/image\/","url":"https:\/\/kulturneleto.eu\/wp-content\/uploads\/2022\/06\/logo_zkl_2022_orange.png","contentUrl":"https:\/\/kulturneleto.eu\/wp-content\/uploads\/2022\/06\/logo_zkl_2022_orange.png","width":330,"height":117,"caption":"Kult\u00farne leto"},"image":{"@id":"https:\/\/kulturneleto.eu\/#\/schema\/logo\/image\/"},"sameAs":["https:\/\/www.facebook.com\/Mesto-ilina-162541880519007","https:\/\/www.youtube.com\/channel\/UCfY6Cc8yEeMgTWAUW5QaGAw","https:\/\/www.instagram.com\/mestozilina\/?hl=sk"]}]}},"_links":{"self":[{"href":"https:\/\/kulturneleto.eu\/en\/wp-json\/wp\/v2\/event_listing\/5472","targetHints":{"allow":["GET"]}}],"collection":[{"href":"https:\/\/kulturneleto.eu\/en\/wp-json\/wp\/v2\/event_listing"}],"about":[{"href":"https:\/\/kulturneleto.eu\/en\/wp-json\/wp\/v2\/types\/event_listing"}],"wp:featuredmedia":[{"embeddable":true,"href":"https:\/\/kulturneleto.eu\/en\/wp-json\/wp\/v2\/media\/7200"}],"wp:attachment":[{"href":"https:\/\/kulturneleto.eu\/en\/wp-json\/wp\/v2\/media?parent=5472"}],"wp:term":[{"taxonomy":"event_listing_category","embeddable":true,"href":"https:\/\/kulturneleto.eu\/en\/wp-json\/wp\/v2\/event_listing_category?post=5472"},{"taxonomy":"event_listing_type","embeddable":true,"href":"https:\/\/kulturneleto.eu\/en\/wp-json\/wp\/v2\/event_listing_type?post=5472"}],"curies":[{"name":"wp","href":"https:\/\/api.w.org\/{rel}","templated":true}]}}

Slnko na skalách

<p>Pozývame nadšencov netradičných športov na najväčší filmový festival outdoorových aktivít na Slovensku.</p>
<p>9. ročník outdoorového festivalu pod holým nebom sa bude konať:<br />
6. &#8211; 7.9. sála Mestského úradu v Žiline<br />
8. &#8211; 10.9. kemp Slnečné Skaly</p>
<p><a href="https://kulturneleto.eu/wp-content/uploads/2023/07/outdoor_festival_Slnko_2022-program.jpg"><img fetchpriority="high" decoding="async" class="alignnone size-full wp-image-7200" src="https://kulturneleto.eu/wp-content/uploads/2023/07/outdoor_festival_Slnko_2022-program.jpg" alt="" width="1300" height="1839" srcset="https://kulturneleto.eu/wp-content/uploads/2023/07/outdoor_festival_Slnko_2022-program.jpg 1300w, https://kulturneleto.eu/wp-content/uploads/2023/07/outdoor_festival_Slnko_2022-program-724x1024.jpg 724w, https://kulturneleto.eu/wp-content/uploads/2023/07/outdoor_festival_Slnko_2022-program-768x1086.jpg 768w, https://kulturneleto.eu/wp-content/uploads/2023/07/outdoor_festival_Slnko_2022-program-1086x1536.jpg 1086w" sizes="(max-width: 1300px) 100vw, 1300px" /></a></p>

<!-- This site is optimized with the Yoast SEO plugin v27.1.1 - https://yoast.com/product/yoast-seo-wordpress/ -->
<title>Slnko na skalách - Žilinské kultúrne leto 2025</title>
<meta name="robots" content="index, follow, max-snippet:-1, max-image-preview:large, max-video-preview:-1" />
<link rel="canonical" href="https://kulturneleto.eu/en/event/slnko-na-skalach-3/" />
<meta property="og:locale" content="en_US" />
<meta property="og:type" content="article" />
<meta property="og:title" content="Slnko na skalách - Žilinské kultúrne leto 2025" />
<meta property="og:description" content="Pozývame nadšencov netradičných športov na najväčší filmový festival outdoorových aktivít na Slovensku. 9. ročník outdoorového festivalu pod holým nebom sa bude konať: 6. &#8211; 7.9. sála Mestského úradu v Žiline 8. &#8211; 10.9. kemp Slnečné Skaly" />
<meta property="og:url" content="https://kulturneleto.eu/en/event/slnko-na-skalach-3/" />
<meta property="og:site_name" content="Žilinské kultúrne leto 2025" />
<meta property="article:publisher" content="https://www.facebook.com/Mesto-ilina-162541880519007" />
<meta property="article:modified_time" content="2023-08-25T07:55:35+00:00" />
<meta property="og:image" content="https://kulturneleto.eu/wp-content/uploads/2023/07/outdoor_festival_Slnko_2022-program.jpg" />
	<meta property="og:image:width" content="1300" />
	<meta property="og:image:height" content="1839" />
	<meta property="og:image:type" content="image/jpeg" />
<meta name="twitter:card" content="summary_large_image" />
<meta name="twitter:label1" content="Est. reading time" />
	<meta name="twitter:data1" content="1 minute" />
<script type="application/ld+json" class="yoast-schema-graph">{"@context":"https://schema.org","@graph":[{"@type":"WebPage","@id":"https://kulturneleto.eu/event/slnko-na-skalach-3/","url":"https://kulturneleto.eu/event/slnko-na-skalach-3/","name":"Slnko na skalách - Žilinské kultúrne leto 2025","isPartOf":{"@id":"https://kulturneleto.eu/#website"},"primaryImageOfPage":{"@id":"https://kulturneleto.eu/event/slnko-na-skalach-3/#primaryimage"},"image":{"@id":"https://kulturneleto.eu/event/slnko-na-skalach-3/#primaryimage"},"thumbnailUrl":"https://kulturneleto.eu/wp-content/uploads/2023/07/outdoor_festival_Slnko_2022-program.jpg","datePublished":"2023-07-04T08:41:23+00:00","dateModified":"2023-08-25T07:55:35+00:00","breadcrumb":{"@id":"https://kulturneleto.eu/event/slnko-na-skalach-3/#breadcrumb"},"inLanguage":"en-US","potentialAction":[{"@type":"ReadAction","target":["https://kulturneleto.eu/event/slnko-na-skalach-3/"]}]},{"@type":"ImageObject","inLanguage":"en-US","@id":"https://kulturneleto.eu/event/slnko-na-skalach-3/#primaryimage","url":"https://kulturneleto.eu/wp-content/uploads/2023/07/outdoor_festival_Slnko_2022-program.jpg","contentUrl":"https://kulturneleto.eu/wp-content/uploads/2023/07/outdoor_festival_Slnko_2022-program.jpg","width":1300,"height":1839},{"@type":"BreadcrumbList","@id":"https://kulturneleto.eu/event/slnko-na-skalach-3/#breadcrumb","itemListElement":[{"@type":"ListItem","position":1,"name":"Domovská stránka","item":"https://kulturneleto.eu/"},{"@type":"ListItem","position":2,"name":"Slnko na skalách"}]},{"@type":"WebSite","@id":"https://kulturneleto.eu/#website","url":"https://kulturneleto.eu/","name":"Žilinské kultúrne leto 2025","description":"júl, august, september","publisher":{"@id":"https://kulturneleto.eu/#organization"},"potentialAction":[{"@type":"SearchAction","target":{"@type":"EntryPoint","urlTemplate":"https://kulturneleto.eu/?s={search_term_string}"},"query-input":{"@type":"PropertyValueSpecification","valueRequired":true,"valueName":"search_term_string"}}],"inLanguage":"en-US"},{"@type":"Organization","@id":"https://kulturneleto.eu/#organization","name":"Kultúrne leto","url":"https://kulturneleto.eu/","logo":{"@type":"ImageObject","inLanguage":"en-US","@id":"https://kulturneleto.eu/#/schema/logo/image/","url":"https://kulturneleto.eu/wp-content/uploads/2022/06/logo_zkl_2022_orange.png","contentUrl":"https://kulturneleto.eu/wp-content/uploads/2022/06/logo_zkl_2022_orange.png","width":330,"height":117,"caption":"Kultúrne leto"},"image":{"@id":"https://kulturneleto.eu/#/schema/logo/image/"},"sameAs":["https://www.facebook.com/Mesto-ilina-162541880519007","https://www.youtube.com/channel/UCfY6Cc8yEeMgTWAUW5QaGAw","https://www.instagram.com/mestozilina/?hl=sk"]}]}</script>
<!-- / Yoast SEO plugin. -->

Slnko na skalách - Žilinské kultúrne leto 2025

Pozývame nadšencov netradičných športov na najväčší filmový festival outdoorových aktivít na Slovensku. 9. ročník outdoorového festivalu pod holým nebom sa bude konať: 6. &#8211; 7.9. sála Mestského úradu v Žiline 8. &#8211; 10.9. kemp Slnečné Skaly

Žilinské kultúrne leto 2025

Domovská stránka

júl, august, september

Kultúrne leto
