{"id":5477,"date":"2023-07-04T10:45:24","date_gmt":"2023-07-04T08:45:24","guid":{"rendered":"https:\/\/kulturneleto.eu\/?post_type=event_listing&#038;p=5477"},"modified":"2023-07-17T12:49:43","modified_gmt":"2023-07-17T10:49:43","slug":"hlasy-holokaustu","status":"publish","type":"event_listing","link":"https:\/\/kulturneleto.eu\/en\/event\/hlasy-holokaustu\/","title":{"rendered":"Hlasy holokaustu"},"content":{"rendered":"<p>Festival Konvergencie do \u017diliny prin\u00e1\u0161a hudobn\u00fd program venovan\u00fd spomienkam pam\u00e4tn\u00edkov 2. svetovej vojny.<\/p>\n<p>&nbsp;<\/p>\n<div class=\"x11i5rnm xat24cr x1mh8g0r x1vvkbs xtlvy1s\">Nesmieme zabudn\u00fa\u0165 \u2013 a predsa niektor\u00ed popieraj\u00fa holokaust. Pam\u00e4tn\u00edkov, ktor\u00ed si pam\u00e4taj\u00fa hr\u00f4zy 2. svetovej vojny, je \u010doraz menej. Ost\u00e1vaj\u00fa v\u0161ak ich pr\u00edbehy pripom\u00ednaj\u00face zlo, ak\u00e9 sa v dejin\u00e1ch nesmie zopakova\u0165. N\u00f3rsky klavirista Haakon Smith a jeho man\u017eelka, opern\u00e1 spev\u00e1\u010dka Martha Smith, b\u00fdvali vo \u0161tvrti Washington Heights v New Yorku. Pozorne po\u010d\u00favali a zapisovali spomienky svojich susedov, ktor\u00ed pre\u017eili holokaust a pretavili ich do hudobno-slovn\u00e9ho cyklu \u201eVoices of the Holocaust\u201c. Cyklus piesn\u00ed po\u010duli \u013eudia v USA i mnoh\u00fdch krajin\u00e1ch Eur\u00f3py. V\u010faka festivalu Konvergencie si ich budete m\u00f4c\u0165 vypo\u010du\u0165 v slovenskej premi\u00e9re v orchestr\u00e1lnej \u00faprave Daniela Rumlera a v podan\u00ed Hilaris Chamber Orchestra, sopranistky Evy \u0160u\u0161kovej, tenoristu Mat\u00fa\u0161a \u0160imka a klaviristu Haakona Smitha v priestore Novej Synag\u00f3gy, ktor\u00fd umocn\u00ed odkaz hlasov holokaustu.<\/div>\n<p>&nbsp;<\/p>\n<div class=\"x11i5rnm xat24cr x1mh8g0r x1vvkbs xtlvy1s\">V druhej \u010dasti ve\u010dera V\u00e1s do sveta \u017eidovskej komunity vtiahne Pre\u00dfburger Klezmer Band s nov\u00fdm spracovan\u00edm tradi\u010dn\u00fdch klezemerov\u00fdch tancov a jidi\u0161 piesn\u00ed, ktor\u00e9 boli vydan\u00e9 pred viac ako 70 rokmi na p\u00f4vodn\u00fdch \u0161elakov\u00fdch platniach, \u010di u\u017e v prostred\u00ed Eur\u00f3py alebo v USA.<\/div>","protected":false},"featured_media":5918,"template":"","meta":[],"event_listing_category":[97],"event_listing_type":[85],"class_list":["post-5477","event_listing","type-event_listing","status-publish","has-post-thumbnail","hentry","event_listing_category-zkl2023","event_listing_type-hudba-tanec"],"yoast_head":"<!-- This site is optimized with the Yoast SEO plugin v27.1.1 - https:\/\/yoast.com\/product\/yoast-seo-wordpress\/ -->\n<title>Hlasy holokaustu - \u017dilinsk\u00e9 kult\u00farne leto 2025<\/title>\n<meta name=\"robots\" content=\"index, follow, max-snippet:-1, max-image-preview:large, max-video-preview:-1\" \/>\n<link rel=\"canonical\" href=\"https:\/\/kulturneleto.eu\/en\/event\/hlasy-holokaustu\/\" \/>\n<meta property=\"og:locale\" content=\"en_US\" \/>\n<meta property=\"og:type\" content=\"article\" \/>\n<meta property=\"og:title\" content=\"Hlasy holokaustu - \u017dilinsk\u00e9 kult\u00farne leto 2025\" \/>\n<meta property=\"og:description\" content=\"Festival Konvergencie do \u017diliny prin\u00e1\u0161a hudobn\u00fd program venovan\u00fd spomienkam pam\u00e4tn\u00edkov 2. svetovej vojny. &nbsp; Nesmieme zabudn\u00fa\u0165 \u2013 a predsa niektor\u00ed popieraj\u00fa holokaust. Pam\u00e4tn\u00edkov, ktor\u00ed si pam\u00e4taj\u00fa hr\u00f4zy 2. svetovej vojny, je \u010doraz menej. Ost\u00e1vaj\u00fa v\u0161ak ich pr\u00edbehy pripom\u00ednaj\u00face zlo, ak\u00e9 sa v dejin\u00e1ch nesmie zopakova\u0165. N\u00f3rsky klavirista Haakon Smith a jeho man\u017eelka, opern\u00e1 spev\u00e1\u010dka Martha [&hellip;]\" \/>\n<meta property=\"og:url\" content=\"https:\/\/kulturneleto.eu\/en\/event\/hlasy-holokaustu\/\" \/>\n<meta property=\"og:site_name\" content=\"\u017dilinsk\u00e9 kult\u00farne leto 2025\" \/>\n<meta property=\"article:publisher\" content=\"https:\/\/www.facebook.com\/Mesto-ilina-162541880519007\" \/>\n<meta property=\"article:modified_time\" content=\"2023-07-17T10:49:43+00:00\" \/>\n<meta property=\"og:image\" content=\"https:\/\/kulturneleto.eu\/wp-content\/uploads\/2023\/07\/hlas.jpg\" \/>\n\t<meta property=\"og:image:width\" content=\"1920\" \/>\n\t<meta property=\"og:image:height\" content=\"1005\" \/>\n\t<meta property=\"og:image:type\" content=\"image\/jpeg\" \/>\n<meta name=\"twitter:card\" content=\"summary_large_image\" \/>\n<meta name=\"twitter:label1\" content=\"Est. reading time\" \/>\n\t<meta name=\"twitter:data1\" content=\"1 minute\" \/>\n<script type=\"application\/ld+json\" class=\"yoast-schema-graph\">{\"@context\":\"https:\/\/schema.org\",\"@graph\":[{\"@type\":\"WebPage\",\"@id\":\"https:\/\/kulturneleto.eu\/event\/hlasy-holokaustu\/\",\"url\":\"https:\/\/kulturneleto.eu\/event\/hlasy-holokaustu\/\",\"name\":\"Hlasy holokaustu - \u017dilinsk\u00e9 kult\u00farne leto 2025\",\"isPartOf\":{\"@id\":\"https:\/\/kulturneleto.eu\/#website\"},\"primaryImageOfPage\":{\"@id\":\"https:\/\/kulturneleto.eu\/event\/hlasy-holokaustu\/#primaryimage\"},\"image\":{\"@id\":\"https:\/\/kulturneleto.eu\/event\/hlasy-holokaustu\/#primaryimage\"},\"thumbnailUrl\":\"https:\/\/kulturneleto.eu\/wp-content\/uploads\/2023\/07\/hlas.jpg\",\"datePublished\":\"2023-07-04T08:45:24+00:00\",\"dateModified\":\"2023-07-17T10:49:43+00:00\",\"breadcrumb\":{\"@id\":\"https:\/\/kulturneleto.eu\/event\/hlasy-holokaustu\/#breadcrumb\"},\"inLanguage\":\"en-US\",\"potentialAction\":[{\"@type\":\"ReadAction\",\"target\":[\"https:\/\/kulturneleto.eu\/event\/hlasy-holokaustu\/\"]}]},{\"@type\":\"ImageObject\",\"inLanguage\":\"en-US\",\"@id\":\"https:\/\/kulturneleto.eu\/event\/hlasy-holokaustu\/#primaryimage\",\"url\":\"https:\/\/kulturneleto.eu\/wp-content\/uploads\/2023\/07\/hlas.jpg\",\"contentUrl\":\"https:\/\/kulturneleto.eu\/wp-content\/uploads\/2023\/07\/hlas.jpg\",\"width\":1920,\"height\":1005},{\"@type\":\"BreadcrumbList\",\"@id\":\"https:\/\/kulturneleto.eu\/event\/hlasy-holokaustu\/#breadcrumb\",\"itemListElement\":[{\"@type\":\"ListItem\",\"position\":1,\"name\":\"Domovsk\u00e1 str\u00e1nka\",\"item\":\"https:\/\/kulturneleto.eu\/\"},{\"@type\":\"ListItem\",\"position\":2,\"name\":\"Hlasy holokaustu\"}]},{\"@type\":\"WebSite\",\"@id\":\"https:\/\/kulturneleto.eu\/#website\",\"url\":\"https:\/\/kulturneleto.eu\/\",\"name\":\"\u017dilinsk\u00e9 kult\u00farne leto 2025\",\"description\":\"j\u00fal, august, september\",\"publisher\":{\"@id\":\"https:\/\/kulturneleto.eu\/#organization\"},\"potentialAction\":[{\"@type\":\"SearchAction\",\"target\":{\"@type\":\"EntryPoint\",\"urlTemplate\":\"https:\/\/kulturneleto.eu\/?s={search_term_string}\"},\"query-input\":{\"@type\":\"PropertyValueSpecification\",\"valueRequired\":true,\"valueName\":\"search_term_string\"}}],\"inLanguage\":\"en-US\"},{\"@type\":\"Organization\",\"@id\":\"https:\/\/kulturneleto.eu\/#organization\",\"name\":\"Kult\u00farne leto\",\"url\":\"https:\/\/kulturneleto.eu\/\",\"logo\":{\"@type\":\"ImageObject\",\"inLanguage\":\"en-US\",\"@id\":\"https:\/\/kulturneleto.eu\/#\/schema\/logo\/image\/\",\"url\":\"https:\/\/kulturneleto.eu\/wp-content\/uploads\/2022\/06\/logo_zkl_2022_orange.png\",\"contentUrl\":\"https:\/\/kulturneleto.eu\/wp-content\/uploads\/2022\/06\/logo_zkl_2022_orange.png\",\"width\":330,\"height\":117,\"caption\":\"Kult\u00farne leto\"},\"image\":{\"@id\":\"https:\/\/kulturneleto.eu\/#\/schema\/logo\/image\/\"},\"sameAs\":[\"https:\/\/www.facebook.com\/Mesto-ilina-162541880519007\",\"https:\/\/www.youtube.com\/channel\/UCfY6Cc8yEeMgTWAUW5QaGAw\",\"https:\/\/www.instagram.com\/mestozilina\/?hl=sk\"]}]}<\/script>\n<!-- \/ Yoast SEO plugin. -->","yoast_head_json":{"title":"Hlasy holokaustu - \u017dilinsk\u00e9 kult\u00farne leto 2025","robots":{"index":"index","follow":"follow","max-snippet":"max-snippet:-1","max-image-preview":"max-image-preview:large","max-video-preview":"max-video-preview:-1"},"canonical":"https:\/\/kulturneleto.eu\/en\/event\/hlasy-holokaustu\/","og_locale":"en_US","og_type":"article","og_title":"Hlasy holokaustu - \u017dilinsk\u00e9 kult\u00farne leto 2025","og_description":"Festival Konvergencie do \u017diliny prin\u00e1\u0161a hudobn\u00fd program venovan\u00fd spomienkam pam\u00e4tn\u00edkov 2. svetovej vojny. &nbsp; Nesmieme zabudn\u00fa\u0165 \u2013 a predsa niektor\u00ed popieraj\u00fa holokaust. Pam\u00e4tn\u00edkov, ktor\u00ed si pam\u00e4taj\u00fa hr\u00f4zy 2. svetovej vojny, je \u010doraz menej. Ost\u00e1vaj\u00fa v\u0161ak ich pr\u00edbehy pripom\u00ednaj\u00face zlo, ak\u00e9 sa v dejin\u00e1ch nesmie zopakova\u0165. N\u00f3rsky klavirista Haakon Smith a jeho man\u017eelka, opern\u00e1 spev\u00e1\u010dka Martha [&hellip;]","og_url":"https:\/\/kulturneleto.eu\/en\/event\/hlasy-holokaustu\/","og_site_name":"\u017dilinsk\u00e9 kult\u00farne leto 2025","article_publisher":"https:\/\/www.facebook.com\/Mesto-ilina-162541880519007","article_modified_time":"2023-07-17T10:49:43+00:00","og_image":[{"width":1920,"height":1005,"url":"https:\/\/kulturneleto.eu\/wp-content\/uploads\/2023\/07\/hlas.jpg","type":"image\/jpeg"}],"twitter_card":"summary_large_image","twitter_misc":{"Est. reading time":"1 minute"},"schema":{"@context":"https:\/\/schema.org","@graph":[{"@type":"WebPage","@id":"https:\/\/kulturneleto.eu\/event\/hlasy-holokaustu\/","url":"https:\/\/kulturneleto.eu\/event\/hlasy-holokaustu\/","name":"Hlasy holokaustu - \u017dilinsk\u00e9 kult\u00farne leto 2025","isPartOf":{"@id":"https:\/\/kulturneleto.eu\/#website"},"primaryImageOfPage":{"@id":"https:\/\/kulturneleto.eu\/event\/hlasy-holokaustu\/#primaryimage"},"image":{"@id":"https:\/\/kulturneleto.eu\/event\/hlasy-holokaustu\/#primaryimage"},"thumbnailUrl":"https:\/\/kulturneleto.eu\/wp-content\/uploads\/2023\/07\/hlas.jpg","datePublished":"2023-07-04T08:45:24+00:00","dateModified":"2023-07-17T10:49:43+00:00","breadcrumb":{"@id":"https:\/\/kulturneleto.eu\/event\/hlasy-holokaustu\/#breadcrumb"},"inLanguage":"en-US","potentialAction":[{"@type":"ReadAction","target":["https:\/\/kulturneleto.eu\/event\/hlasy-holokaustu\/"]}]},{"@type":"ImageObject","inLanguage":"en-US","@id":"https:\/\/kulturneleto.eu\/event\/hlasy-holokaustu\/#primaryimage","url":"https:\/\/kulturneleto.eu\/wp-content\/uploads\/2023\/07\/hlas.jpg","contentUrl":"https:\/\/kulturneleto.eu\/wp-content\/uploads\/2023\/07\/hlas.jpg","width":1920,"height":1005},{"@type":"BreadcrumbList","@id":"https:\/\/kulturneleto.eu\/event\/hlasy-holokaustu\/#breadcrumb","itemListElement":[{"@type":"ListItem","position":1,"name":"Domovsk\u00e1 str\u00e1nka","item":"https:\/\/kulturneleto.eu\/"},{"@type":"ListItem","position":2,"name":"Hlasy holokaustu"}]},{"@type":"WebSite","@id":"https:\/\/kulturneleto.eu\/#website","url":"https:\/\/kulturneleto.eu\/","name":"\u017dilinsk\u00e9 kult\u00farne leto 2025","description":"j\u00fal, august, september","publisher":{"@id":"https:\/\/kulturneleto.eu\/#organization"},"potentialAction":[{"@type":"SearchAction","target":{"@type":"EntryPoint","urlTemplate":"https:\/\/kulturneleto.eu\/?s={search_term_string}"},"query-input":{"@type":"PropertyValueSpecification","valueRequired":true,"valueName":"search_term_string"}}],"inLanguage":"en-US"},{"@type":"Organization","@id":"https:\/\/kulturneleto.eu\/#organization","name":"Kult\u00farne leto","url":"https:\/\/kulturneleto.eu\/","logo":{"@type":"ImageObject","inLanguage":"en-US","@id":"https:\/\/kulturneleto.eu\/#\/schema\/logo\/image\/","url":"https:\/\/kulturneleto.eu\/wp-content\/uploads\/2022\/06\/logo_zkl_2022_orange.png","contentUrl":"https:\/\/kulturneleto.eu\/wp-content\/uploads\/2022\/06\/logo_zkl_2022_orange.png","width":330,"height":117,"caption":"Kult\u00farne leto"},"image":{"@id":"https:\/\/kulturneleto.eu\/#\/schema\/logo\/image\/"},"sameAs":["https:\/\/www.facebook.com\/Mesto-ilina-162541880519007","https:\/\/www.youtube.com\/channel\/UCfY6Cc8yEeMgTWAUW5QaGAw","https:\/\/www.instagram.com\/mestozilina\/?hl=sk"]}]}},"_links":{"self":[{"href":"https:\/\/kulturneleto.eu\/en\/wp-json\/wp\/v2\/event_listing\/5477","targetHints":{"allow":["GET"]}}],"collection":[{"href":"https:\/\/kulturneleto.eu\/en\/wp-json\/wp\/v2\/event_listing"}],"about":[{"href":"https:\/\/kulturneleto.eu\/en\/wp-json\/wp\/v2\/types\/event_listing"}],"wp:featuredmedia":[{"embeddable":true,"href":"https:\/\/kulturneleto.eu\/en\/wp-json\/wp\/v2\/media\/5918"}],"wp:attachment":[{"href":"https:\/\/kulturneleto.eu\/en\/wp-json\/wp\/v2\/media?parent=5477"}],"wp:term":[{"taxonomy":"event_listing_category","embeddable":true,"href":"https:\/\/kulturneleto.eu\/en\/wp-json\/wp\/v2\/event_listing_category?post=5477"},{"taxonomy":"event_listing_type","embeddable":true,"href":"https:\/\/kulturneleto.eu\/en\/wp-json\/wp\/v2\/event_listing_type?post=5477"}],"curies":[{"name":"wp","href":"https:\/\/api.w.org\/{rel}","templated":true}]}}

<p>Festival Konvergencie do Žiliny prináša hudobný program venovaný spomienkam pamätníkov 2. svetovej vojny.</p>
<p>&nbsp;</p>
<div class="x11i5rnm xat24cr x1mh8g0r x1vvkbs xtlvy1s">Nesmieme zabudnúť – a predsa niektorí popierajú holokaust. Pamätníkov, ktorí si pamätajú hrôzy 2. svetovej vojny, je čoraz menej. Ostávajú však ich príbehy pripomínajúce zlo, aké sa v dejinách nesmie zopakovať. Nórsky klavirista Haakon Smith a jeho manželka, operná speváčka Martha Smith, bývali vo štvrti Washington Heights v New Yorku. Pozorne počúvali a zapisovali spomienky svojich susedov, ktorí prežili holokaust a pretavili ich do hudobno-slovného cyklu „Voices of the Holocaust“. Cyklus piesní počuli ľudia v USA i mnohých krajinách Európy. Vďaka festivalu Konvergencie si ich budete môcť vypočuť v slovenskej premiére v orchestrálnej úprave Daniela Rumlera a v podaní Hilaris Chamber Orchestra, sopranistky Evy Šuškovej, tenoristu Matúša Šimka a klaviristu Haakona Smitha v priestore Novej Synagógy, ktorý umocní odkaz hlasov holokaustu.</div>
<p>&nbsp;</p>
<div class="x11i5rnm xat24cr x1mh8g0r x1vvkbs xtlvy1s">V druhej časti večera Vás do sveta židovskej komunity vtiahne Preßburger Klezmer Band s novým spracovaním tradičných klezemerových tancov a jidiš piesní, ktoré boli vydané pred viac ako 70 rokmi na pôvodných šelakových platniach, či už v prostredí Európy alebo v USA.</div>

<!-- This site is optimized with the Yoast SEO plugin v27.1.1 - https://yoast.com/product/yoast-seo-wordpress/ -->
<title>Hlasy holokaustu - Žilinské kultúrne leto 2025</title>
<meta name="robots" content="index, follow, max-snippet:-1, max-image-preview:large, max-video-preview:-1" />
<link rel="canonical" href="https://kulturneleto.eu/en/event/hlasy-holokaustu/" />
<meta property="og:locale" content="en_US" />
<meta property="og:type" content="article" />
<meta property="og:title" content="Hlasy holokaustu - Žilinské kultúrne leto 2025" />
<meta property="og:description" content="Festival Konvergencie do Žiliny prináša hudobný program venovaný spomienkam pamätníkov 2. svetovej vojny. &nbsp; Nesmieme zabudnúť – a predsa niektorí popierajú holokaust. Pamätníkov, ktorí si pamätajú hrôzy 2. svetovej vojny, je čoraz menej. Ostávajú však ich príbehy pripomínajúce zlo, aké sa v dejinách nesmie zopakovať. Nórsky klavirista Haakon Smith a jeho manželka, operná speváčka Martha [&hellip;]" />
<meta property="og:url" content="https://kulturneleto.eu/en/event/hlasy-holokaustu/" />
<meta property="og:site_name" content="Žilinské kultúrne leto 2025" />
<meta property="article:publisher" content="https://www.facebook.com/Mesto-ilina-162541880519007" />
<meta property="article:modified_time" content="2023-07-17T10:49:43+00:00" />
<meta property="og:image" content="https://kulturneleto.eu/wp-content/uploads/2023/07/hlas.jpg" />
	<meta property="og:image:width" content="1920" />
	<meta property="og:image:height" content="1005" />
	<meta property="og:image:type" content="image/jpeg" />
<meta name="twitter:card" content="summary_large_image" />
<meta name="twitter:label1" content="Est. reading time" />
	<meta name="twitter:data1" content="1 minute" />
<script type="application/ld+json" class="yoast-schema-graph">{"@context":"https://schema.org","@graph":[{"@type":"WebPage","@id":"https://kulturneleto.eu/event/hlasy-holokaustu/","url":"https://kulturneleto.eu/event/hlasy-holokaustu/","name":"Hlasy holokaustu - Žilinské kultúrne leto 2025","isPartOf":{"@id":"https://kulturneleto.eu/#website"},"primaryImageOfPage":{"@id":"https://kulturneleto.eu/event/hlasy-holokaustu/#primaryimage"},"image":{"@id":"https://kulturneleto.eu/event/hlasy-holokaustu/#primaryimage"},"thumbnailUrl":"https://kulturneleto.eu/wp-content/uploads/2023/07/hlas.jpg","datePublished":"2023-07-04T08:45:24+00:00","dateModified":"2023-07-17T10:49:43+00:00","breadcrumb":{"@id":"https://kulturneleto.eu/event/hlasy-holokaustu/#breadcrumb"},"inLanguage":"en-US","potentialAction":[{"@type":"ReadAction","target":["https://kulturneleto.eu/event/hlasy-holokaustu/"]}]},{"@type":"ImageObject","inLanguage":"en-US","@id":"https://kulturneleto.eu/event/hlasy-holokaustu/#primaryimage","url":"https://kulturneleto.eu/wp-content/uploads/2023/07/hlas.jpg","contentUrl":"https://kulturneleto.eu/wp-content/uploads/2023/07/hlas.jpg","width":1920,"height":1005},{"@type":"BreadcrumbList","@id":"https://kulturneleto.eu/event/hlasy-holokaustu/#breadcrumb","itemListElement":[{"@type":"ListItem","position":1,"name":"Domovská stránka","item":"https://kulturneleto.eu/"},{"@type":"ListItem","position":2,"name":"Hlasy holokaustu"}]},{"@type":"WebSite","@id":"https://kulturneleto.eu/#website","url":"https://kulturneleto.eu/","name":"Žilinské kultúrne leto 2025","description":"júl, august, september","publisher":{"@id":"https://kulturneleto.eu/#organization"},"potentialAction":[{"@type":"SearchAction","target":{"@type":"EntryPoint","urlTemplate":"https://kulturneleto.eu/?s={search_term_string}"},"query-input":{"@type":"PropertyValueSpecification","valueRequired":true,"valueName":"search_term_string"}}],"inLanguage":"en-US"},{"@type":"Organization","@id":"https://kulturneleto.eu/#organization","name":"Kultúrne leto","url":"https://kulturneleto.eu/","logo":{"@type":"ImageObject","inLanguage":"en-US","@id":"https://kulturneleto.eu/#/schema/logo/image/","url":"https://kulturneleto.eu/wp-content/uploads/2022/06/logo_zkl_2022_orange.png","contentUrl":"https://kulturneleto.eu/wp-content/uploads/2022/06/logo_zkl_2022_orange.png","width":330,"height":117,"caption":"Kultúrne leto"},"image":{"@id":"https://kulturneleto.eu/#/schema/logo/image/"},"sameAs":["https://www.facebook.com/Mesto-ilina-162541880519007","https://www.youtube.com/channel/UCfY6Cc8yEeMgTWAUW5QaGAw","https://www.instagram.com/mestozilina/?hl=sk"]}]}</script>
<!-- / Yoast SEO plugin. -->

Hlasy holokaustu - Žilinské kultúrne leto 2025

Festival Konvergencie do Žiliny prináša hudobný program venovaný spomienkam pamätníkov 2. svetovej vojny. &nbsp; Nesmieme zabudnúť – a predsa niektorí popierajú holokaust. Pamätníkov, ktorí si pamätajú hrôzy 2. svetovej vojny, je čoraz menej. Ostávajú však ich príbehy pripomínajúce zlo, aké sa v dejinách nesmie zopakovať. Nórsky klavirista Haakon Smith a jeho manželka, operná speváčka Martha [&hellip;]

Žilinské kultúrne leto 2025

Domovská stránka

júl, august, september

Kultúrne leto
