{"id":5486,"date":"2023-07-04T10:49:42","date_gmt":"2023-07-04T08:49:42","guid":{"rendered":"https:\/\/kulturneleto.eu\/?post_type=event_listing&#038;p=5486"},"modified":"2023-08-09T12:17:18","modified_gmt":"2023-08-09T10:17:18","slug":"blizsie-k-umeniu","status":"publish","type":"event_listing","link":"https:\/\/kulturneleto.eu\/en\/event\/blizsie-k-umeniu\/","title":{"rendered":"BLI\u017d\u0160IE K UMENIU"},"content":{"rendered":"<p>Pre\u010do poklad\u00e1me Franza Liszta za slovensk\u00e9ho skladate\u013ea.<\/p>\n<p>&nbsp;<\/p>\n<p>Predn\u00e1\u0161a: Miroslav Demko<\/p>\n<p>&nbsp;<\/p>\n<p>Rosenfeldov pal\u00e1c ako kult\u00farna a umeleck\u00e1 in\u0161tit\u00facia zaradil do svojho pravideln\u00e9ho programu aj s\u00e9riu predn\u00e1\u0161ok o umen\u00ed pod n\u00e1zvom \u201eBli\u017e\u0161ie k umeniu\u201c.\u00a0 Bude predstavova\u0165 a pribli\u017eova\u0165 \u0161irokej verejnosti t\u00e9my dot\u00fdkaj\u00face sa v\u00fdtvarn\u00e9ho umenia vo v\u0161eobecnosti, ale aj v jeho konkr\u00e9tnosti. Na umenie sa nie v\u017edy sta\u010d\u00ed len pozera\u0165, ale treba sa o \u0148om aj rozpr\u00e1va\u0165, pochopi\u0165 a vedie\u0165 \u201cpre\u010d\u00edta\u0165\u201c. Pova\u017eujeme za umenie komunikova\u0165 umenie v\u00e1m \u2013 n\u00e1v\u0161tevn\u00edkom. Tento dial\u00f3g je d\u00f4le\u017eit\u00fd pre jeho uchopenie a pochopenie na \u00farovni ka\u017ed\u00e9ho z n\u00e1s. Chceme informova\u0165, vzdel\u00e1va\u0165, rozv\u00edja\u0165 diskusie nad umen\u00edm \u2013 pribli\u017eova\u0165 ho. Oslovujeme odborn\u00edkov a \u013eud\u00ed ktor\u00ed maj\u00fa \u010do poveda\u0165 k problematike umenia a v\u010faka nim by\u0165 bli\u017e\u0161ie k umeniu.<\/p>\n<p>&nbsp;<\/p>\n<p>Vstup: 3,00 Eur (dospel\u00ed \u2013 18+) \/ 2,00 Eur (\u0161tudenti \u2013 Z\u0160, S\u0160, V\u0160)<br \/>\nDeti (do veku 6 rokov), seniori a Z\u0164P \u2013 vstup zadarmo<\/p>","protected":false},"featured_media":7185,"template":"","meta":[],"event_listing_category":[97],"event_listing_type":[83],"class_list":["post-5486","event_listing","type-event_listing","status-publish","has-post-thumbnail","hentry","event_listing_category-zkl2023","event_listing_type-ine"],"yoast_head":"<!-- This site is optimized with the Yoast SEO plugin v27.1.1 - https:\/\/yoast.com\/product\/yoast-seo-wordpress\/ -->\n<title>BLI\u017d\u0160IE K UMENIU - \u017dilinsk\u00e9 kult\u00farne leto 2025<\/title>\n<meta name=\"robots\" content=\"index, follow, max-snippet:-1, max-image-preview:large, max-video-preview:-1\" \/>\n<link rel=\"canonical\" href=\"https:\/\/kulturneleto.eu\/en\/event\/blizsie-k-umeniu\/\" \/>\n<meta property=\"og:locale\" content=\"en_US\" \/>\n<meta property=\"og:type\" content=\"article\" \/>\n<meta property=\"og:title\" content=\"BLI\u017d\u0160IE K UMENIU - \u017dilinsk\u00e9 kult\u00farne leto 2025\" \/>\n<meta property=\"og:description\" content=\"Pre\u010do poklad\u00e1me Franza Liszta za slovensk\u00e9ho skladate\u013ea. &nbsp; Predn\u00e1\u0161a: Miroslav Demko &nbsp; Rosenfeldov pal\u00e1c ako kult\u00farna a umeleck\u00e1 in\u0161tit\u00facia zaradil do svojho pravideln\u00e9ho programu aj s\u00e9riu predn\u00e1\u0161ok o umen\u00ed pod n\u00e1zvom \u201eBli\u017e\u0161ie k umeniu\u201c.\u00a0 Bude predstavova\u0165 a pribli\u017eova\u0165 \u0161irokej verejnosti t\u00e9my dot\u00fdkaj\u00face sa v\u00fdtvarn\u00e9ho umenia vo v\u0161eobecnosti, ale aj v jeho konkr\u00e9tnosti. Na umenie sa [&hellip;]\" \/>\n<meta property=\"og:url\" content=\"https:\/\/kulturneleto.eu\/en\/event\/blizsie-k-umeniu\/\" \/>\n<meta property=\"og:site_name\" content=\"\u017dilinsk\u00e9 kult\u00farne leto 2025\" \/>\n<meta property=\"article:publisher\" content=\"https:\/\/www.facebook.com\/Mesto-ilina-162541880519007\" \/>\n<meta property=\"article:modified_time\" content=\"2023-08-09T10:17:18+00:00\" \/>\n<meta property=\"og:image\" content=\"https:\/\/kulturneleto.eu\/wp-content\/uploads\/2023\/07\/franz-liszt-upr-1024x576-1.jpg\" \/>\n\t<meta property=\"og:image:width\" content=\"700\" \/>\n\t<meta property=\"og:image:height\" content=\"402\" \/>\n\t<meta property=\"og:image:type\" content=\"image\/jpeg\" \/>\n<meta name=\"twitter:card\" content=\"summary_large_image\" \/>\n<meta name=\"twitter:label1\" content=\"Est. reading time\" \/>\n\t<meta name=\"twitter:data1\" content=\"1 minute\" \/>\n<script type=\"application\/ld+json\" class=\"yoast-schema-graph\">{\"@context\":\"https:\/\/schema.org\",\"@graph\":[{\"@type\":\"WebPage\",\"@id\":\"https:\/\/kulturneleto.eu\/event\/blizsie-k-umeniu\/\",\"url\":\"https:\/\/kulturneleto.eu\/event\/blizsie-k-umeniu\/\",\"name\":\"BLI\u017d\u0160IE K UMENIU - \u017dilinsk\u00e9 kult\u00farne leto 2025\",\"isPartOf\":{\"@id\":\"https:\/\/kulturneleto.eu\/#website\"},\"primaryImageOfPage\":{\"@id\":\"https:\/\/kulturneleto.eu\/event\/blizsie-k-umeniu\/#primaryimage\"},\"image\":{\"@id\":\"https:\/\/kulturneleto.eu\/event\/blizsie-k-umeniu\/#primaryimage\"},\"thumbnailUrl\":\"https:\/\/kulturneleto.eu\/wp-content\/uploads\/2023\/07\/franz-liszt-upr-1024x576-1.jpg\",\"datePublished\":\"2023-07-04T08:49:42+00:00\",\"dateModified\":\"2023-08-09T10:17:18+00:00\",\"breadcrumb\":{\"@id\":\"https:\/\/kulturneleto.eu\/event\/blizsie-k-umeniu\/#breadcrumb\"},\"inLanguage\":\"en-US\",\"potentialAction\":[{\"@type\":\"ReadAction\",\"target\":[\"https:\/\/kulturneleto.eu\/event\/blizsie-k-umeniu\/\"]}]},{\"@type\":\"ImageObject\",\"inLanguage\":\"en-US\",\"@id\":\"https:\/\/kulturneleto.eu\/event\/blizsie-k-umeniu\/#primaryimage\",\"url\":\"https:\/\/kulturneleto.eu\/wp-content\/uploads\/2023\/07\/franz-liszt-upr-1024x576-1.jpg\",\"contentUrl\":\"https:\/\/kulturneleto.eu\/wp-content\/uploads\/2023\/07\/franz-liszt-upr-1024x576-1.jpg\",\"width\":700,\"height\":402},{\"@type\":\"BreadcrumbList\",\"@id\":\"https:\/\/kulturneleto.eu\/event\/blizsie-k-umeniu\/#breadcrumb\",\"itemListElement\":[{\"@type\":\"ListItem\",\"position\":1,\"name\":\"Domovsk\u00e1 str\u00e1nka\",\"item\":\"https:\/\/kulturneleto.eu\/\"},{\"@type\":\"ListItem\",\"position\":2,\"name\":\"BLI\u017d\u0160IE K UMENIU\"}]},{\"@type\":\"WebSite\",\"@id\":\"https:\/\/kulturneleto.eu\/#website\",\"url\":\"https:\/\/kulturneleto.eu\/\",\"name\":\"\u017dilinsk\u00e9 kult\u00farne leto 2025\",\"description\":\"j\u00fal, august, september\",\"publisher\":{\"@id\":\"https:\/\/kulturneleto.eu\/#organization\"},\"potentialAction\":[{\"@type\":\"SearchAction\",\"target\":{\"@type\":\"EntryPoint\",\"urlTemplate\":\"https:\/\/kulturneleto.eu\/?s={search_term_string}\"},\"query-input\":{\"@type\":\"PropertyValueSpecification\",\"valueRequired\":true,\"valueName\":\"search_term_string\"}}],\"inLanguage\":\"en-US\"},{\"@type\":\"Organization\",\"@id\":\"https:\/\/kulturneleto.eu\/#organization\",\"name\":\"Kult\u00farne leto\",\"url\":\"https:\/\/kulturneleto.eu\/\",\"logo\":{\"@type\":\"ImageObject\",\"inLanguage\":\"en-US\",\"@id\":\"https:\/\/kulturneleto.eu\/#\/schema\/logo\/image\/\",\"url\":\"https:\/\/kulturneleto.eu\/wp-content\/uploads\/2022\/06\/logo_zkl_2022_orange.png\",\"contentUrl\":\"https:\/\/kulturneleto.eu\/wp-content\/uploads\/2022\/06\/logo_zkl_2022_orange.png\",\"width\":330,\"height\":117,\"caption\":\"Kult\u00farne leto\"},\"image\":{\"@id\":\"https:\/\/kulturneleto.eu\/#\/schema\/logo\/image\/\"},\"sameAs\":[\"https:\/\/www.facebook.com\/Mesto-ilina-162541880519007\",\"https:\/\/www.youtube.com\/channel\/UCfY6Cc8yEeMgTWAUW5QaGAw\",\"https:\/\/www.instagram.com\/mestozilina\/?hl=sk\"]}]}<\/script>\n<!-- \/ Yoast SEO plugin. -->","yoast_head_json":{"title":"BLI\u017d\u0160IE K UMENIU - \u017dilinsk\u00e9 kult\u00farne leto 2025","robots":{"index":"index","follow":"follow","max-snippet":"max-snippet:-1","max-image-preview":"max-image-preview:large","max-video-preview":"max-video-preview:-1"},"canonical":"https:\/\/kulturneleto.eu\/en\/event\/blizsie-k-umeniu\/","og_locale":"en_US","og_type":"article","og_title":"BLI\u017d\u0160IE K UMENIU - \u017dilinsk\u00e9 kult\u00farne leto 2025","og_description":"Pre\u010do poklad\u00e1me Franza Liszta za slovensk\u00e9ho skladate\u013ea. &nbsp; Predn\u00e1\u0161a: Miroslav Demko &nbsp; Rosenfeldov pal\u00e1c ako kult\u00farna a umeleck\u00e1 in\u0161tit\u00facia zaradil do svojho pravideln\u00e9ho programu aj s\u00e9riu predn\u00e1\u0161ok o umen\u00ed pod n\u00e1zvom \u201eBli\u017e\u0161ie k umeniu\u201c.\u00a0 Bude predstavova\u0165 a pribli\u017eova\u0165 \u0161irokej verejnosti t\u00e9my dot\u00fdkaj\u00face sa v\u00fdtvarn\u00e9ho umenia vo v\u0161eobecnosti, ale aj v jeho konkr\u00e9tnosti. Na umenie sa [&hellip;]","og_url":"https:\/\/kulturneleto.eu\/en\/event\/blizsie-k-umeniu\/","og_site_name":"\u017dilinsk\u00e9 kult\u00farne leto 2025","article_publisher":"https:\/\/www.facebook.com\/Mesto-ilina-162541880519007","article_modified_time":"2023-08-09T10:17:18+00:00","og_image":[{"width":700,"height":402,"url":"https:\/\/kulturneleto.eu\/wp-content\/uploads\/2023\/07\/franz-liszt-upr-1024x576-1.jpg","type":"image\/jpeg"}],"twitter_card":"summary_large_image","twitter_misc":{"Est. reading time":"1 minute"},"schema":{"@context":"https:\/\/schema.org","@graph":[{"@type":"WebPage","@id":"https:\/\/kulturneleto.eu\/event\/blizsie-k-umeniu\/","url":"https:\/\/kulturneleto.eu\/event\/blizsie-k-umeniu\/","name":"BLI\u017d\u0160IE K UMENIU - \u017dilinsk\u00e9 kult\u00farne leto 2025","isPartOf":{"@id":"https:\/\/kulturneleto.eu\/#website"},"primaryImageOfPage":{"@id":"https:\/\/kulturneleto.eu\/event\/blizsie-k-umeniu\/#primaryimage"},"image":{"@id":"https:\/\/kulturneleto.eu\/event\/blizsie-k-umeniu\/#primaryimage"},"thumbnailUrl":"https:\/\/kulturneleto.eu\/wp-content\/uploads\/2023\/07\/franz-liszt-upr-1024x576-1.jpg","datePublished":"2023-07-04T08:49:42+00:00","dateModified":"2023-08-09T10:17:18+00:00","breadcrumb":{"@id":"https:\/\/kulturneleto.eu\/event\/blizsie-k-umeniu\/#breadcrumb"},"inLanguage":"en-US","potentialAction":[{"@type":"ReadAction","target":["https:\/\/kulturneleto.eu\/event\/blizsie-k-umeniu\/"]}]},{"@type":"ImageObject","inLanguage":"en-US","@id":"https:\/\/kulturneleto.eu\/event\/blizsie-k-umeniu\/#primaryimage","url":"https:\/\/kulturneleto.eu\/wp-content\/uploads\/2023\/07\/franz-liszt-upr-1024x576-1.jpg","contentUrl":"https:\/\/kulturneleto.eu\/wp-content\/uploads\/2023\/07\/franz-liszt-upr-1024x576-1.jpg","width":700,"height":402},{"@type":"BreadcrumbList","@id":"https:\/\/kulturneleto.eu\/event\/blizsie-k-umeniu\/#breadcrumb","itemListElement":[{"@type":"ListItem","position":1,"name":"Domovsk\u00e1 str\u00e1nka","item":"https:\/\/kulturneleto.eu\/"},{"@type":"ListItem","position":2,"name":"BLI\u017d\u0160IE K UMENIU"}]},{"@type":"WebSite","@id":"https:\/\/kulturneleto.eu\/#website","url":"https:\/\/kulturneleto.eu\/","name":"\u017dilinsk\u00e9 kult\u00farne leto 2025","description":"j\u00fal, august, september","publisher":{"@id":"https:\/\/kulturneleto.eu\/#organization"},"potentialAction":[{"@type":"SearchAction","target":{"@type":"EntryPoint","urlTemplate":"https:\/\/kulturneleto.eu\/?s={search_term_string}"},"query-input":{"@type":"PropertyValueSpecification","valueRequired":true,"valueName":"search_term_string"}}],"inLanguage":"en-US"},{"@type":"Organization","@id":"https:\/\/kulturneleto.eu\/#organization","name":"Kult\u00farne leto","url":"https:\/\/kulturneleto.eu\/","logo":{"@type":"ImageObject","inLanguage":"en-US","@id":"https:\/\/kulturneleto.eu\/#\/schema\/logo\/image\/","url":"https:\/\/kulturneleto.eu\/wp-content\/uploads\/2022\/06\/logo_zkl_2022_orange.png","contentUrl":"https:\/\/kulturneleto.eu\/wp-content\/uploads\/2022\/06\/logo_zkl_2022_orange.png","width":330,"height":117,"caption":"Kult\u00farne leto"},"image":{"@id":"https:\/\/kulturneleto.eu\/#\/schema\/logo\/image\/"},"sameAs":["https:\/\/www.facebook.com\/Mesto-ilina-162541880519007","https:\/\/www.youtube.com\/channel\/UCfY6Cc8yEeMgTWAUW5QaGAw","https:\/\/www.instagram.com\/mestozilina\/?hl=sk"]}]}},"_links":{"self":[{"href":"https:\/\/kulturneleto.eu\/en\/wp-json\/wp\/v2\/event_listing\/5486","targetHints":{"allow":["GET"]}}],"collection":[{"href":"https:\/\/kulturneleto.eu\/en\/wp-json\/wp\/v2\/event_listing"}],"about":[{"href":"https:\/\/kulturneleto.eu\/en\/wp-json\/wp\/v2\/types\/event_listing"}],"wp:featuredmedia":[{"embeddable":true,"href":"https:\/\/kulturneleto.eu\/en\/wp-json\/wp\/v2\/media\/7185"}],"wp:attachment":[{"href":"https:\/\/kulturneleto.eu\/en\/wp-json\/wp\/v2\/media?parent=5486"}],"wp:term":[{"taxonomy":"event_listing_category","embeddable":true,"href":"https:\/\/kulturneleto.eu\/en\/wp-json\/wp\/v2\/event_listing_category?post=5486"},{"taxonomy":"event_listing_type","embeddable":true,"href":"https:\/\/kulturneleto.eu\/en\/wp-json\/wp\/v2\/event_listing_type?post=5486"}],"curies":[{"name":"wp","href":"https:\/\/api.w.org\/{rel}","templated":true}]}}

BLIŽŠIE K UMENIU

<p>Prečo pokladáme Franza Liszta za slovenského skladateľa.</p>
<p>&nbsp;</p>
<p>Prednáša: Miroslav Demko</p>
<p>&nbsp;</p>
<p>Rosenfeldov palác ako kultúrna a umelecká inštitúcia zaradil do svojho pravidelného programu aj sériu prednášok o umení pod názvom „Bližšie k umeniu“.  Bude predstavovať a približovať širokej verejnosti témy dotýkajúce sa výtvarného umenia vo všeobecnosti, ale aj v jeho konkrétnosti. Na umenie sa nie vždy stačí len pozerať, ale treba sa o ňom aj rozprávať, pochopiť a vedieť “prečítať“. Považujeme za umenie komunikovať umenie vám – návštevníkom. Tento dialóg je dôležitý pre jeho uchopenie a pochopenie na úrovni každého z nás. Chceme informovať, vzdelávať, rozvíjať diskusie nad umením – približovať ho. Oslovujeme odborníkov a ľudí ktorí majú čo povedať k problematike umenia a vďaka nim byť bližšie k umeniu.</p>
<p>&nbsp;</p>
<p>Vstup: 3,00 Eur (dospelí – 18+) / 2,00 Eur (študenti – ZŠ, SŠ, VŠ)<br />
Deti (do veku 6 rokov), seniori a ZŤP – vstup zadarmo</p>

<!-- This site is optimized with the Yoast SEO plugin v27.1.1 - https://yoast.com/product/yoast-seo-wordpress/ -->
<title>BLIŽŠIE K UMENIU - Žilinské kultúrne leto 2025</title>
<meta name="robots" content="index, follow, max-snippet:-1, max-image-preview:large, max-video-preview:-1" />
<link rel="canonical" href="https://kulturneleto.eu/en/event/blizsie-k-umeniu/" />
<meta property="og:locale" content="en_US" />
<meta property="og:type" content="article" />
<meta property="og:title" content="BLIŽŠIE K UMENIU - Žilinské kultúrne leto 2025" />
<meta property="og:description" content="Prečo pokladáme Franza Liszta za slovenského skladateľa. &nbsp; Prednáša: Miroslav Demko &nbsp; Rosenfeldov palác ako kultúrna a umelecká inštitúcia zaradil do svojho pravidelného programu aj sériu prednášok o umení pod názvom „Bližšie k umeniu“.  Bude predstavovať a približovať širokej verejnosti témy dotýkajúce sa výtvarného umenia vo všeobecnosti, ale aj v jeho konkrétnosti. Na umenie sa [&hellip;]" />
<meta property="og:url" content="https://kulturneleto.eu/en/event/blizsie-k-umeniu/" />
<meta property="og:site_name" content="Žilinské kultúrne leto 2025" />
<meta property="article:publisher" content="https://www.facebook.com/Mesto-ilina-162541880519007" />
<meta property="article:modified_time" content="2023-08-09T10:17:18+00:00" />
<meta property="og:image" content="https://kulturneleto.eu/wp-content/uploads/2023/07/franz-liszt-upr-1024x576-1.jpg" />
	<meta property="og:image:width" content="700" />
	<meta property="og:image:height" content="402" />
	<meta property="og:image:type" content="image/jpeg" />
<meta name="twitter:card" content="summary_large_image" />
<meta name="twitter:label1" content="Est. reading time" />
	<meta name="twitter:data1" content="1 minute" />
<script type="application/ld+json" class="yoast-schema-graph">{"@context":"https://schema.org","@graph":[{"@type":"WebPage","@id":"https://kulturneleto.eu/event/blizsie-k-umeniu/","url":"https://kulturneleto.eu/event/blizsie-k-umeniu/","name":"BLIŽŠIE K UMENIU - Žilinské kultúrne leto 2025","isPartOf":{"@id":"https://kulturneleto.eu/#website"},"primaryImageOfPage":{"@id":"https://kulturneleto.eu/event/blizsie-k-umeniu/#primaryimage"},"image":{"@id":"https://kulturneleto.eu/event/blizsie-k-umeniu/#primaryimage"},"thumbnailUrl":"https://kulturneleto.eu/wp-content/uploads/2023/07/franz-liszt-upr-1024x576-1.jpg","datePublished":"2023-07-04T08:49:42+00:00","dateModified":"2023-08-09T10:17:18+00:00","breadcrumb":{"@id":"https://kulturneleto.eu/event/blizsie-k-umeniu/#breadcrumb"},"inLanguage":"en-US","potentialAction":[{"@type":"ReadAction","target":["https://kulturneleto.eu/event/blizsie-k-umeniu/"]}]},{"@type":"ImageObject","inLanguage":"en-US","@id":"https://kulturneleto.eu/event/blizsie-k-umeniu/#primaryimage","url":"https://kulturneleto.eu/wp-content/uploads/2023/07/franz-liszt-upr-1024x576-1.jpg","contentUrl":"https://kulturneleto.eu/wp-content/uploads/2023/07/franz-liszt-upr-1024x576-1.jpg","width":700,"height":402},{"@type":"BreadcrumbList","@id":"https://kulturneleto.eu/event/blizsie-k-umeniu/#breadcrumb","itemListElement":[{"@type":"ListItem","position":1,"name":"Domovská stránka","item":"https://kulturneleto.eu/"},{"@type":"ListItem","position":2,"name":"BLIŽŠIE K UMENIU"}]},{"@type":"WebSite","@id":"https://kulturneleto.eu/#website","url":"https://kulturneleto.eu/","name":"Žilinské kultúrne leto 2025","description":"júl, august, september","publisher":{"@id":"https://kulturneleto.eu/#organization"},"potentialAction":[{"@type":"SearchAction","target":{"@type":"EntryPoint","urlTemplate":"https://kulturneleto.eu/?s={search_term_string}"},"query-input":{"@type":"PropertyValueSpecification","valueRequired":true,"valueName":"search_term_string"}}],"inLanguage":"en-US"},{"@type":"Organization","@id":"https://kulturneleto.eu/#organization","name":"Kultúrne leto","url":"https://kulturneleto.eu/","logo":{"@type":"ImageObject","inLanguage":"en-US","@id":"https://kulturneleto.eu/#/schema/logo/image/","url":"https://kulturneleto.eu/wp-content/uploads/2022/06/logo_zkl_2022_orange.png","contentUrl":"https://kulturneleto.eu/wp-content/uploads/2022/06/logo_zkl_2022_orange.png","width":330,"height":117,"caption":"Kultúrne leto"},"image":{"@id":"https://kulturneleto.eu/#/schema/logo/image/"},"sameAs":["https://www.facebook.com/Mesto-ilina-162541880519007","https://www.youtube.com/channel/UCfY6Cc8yEeMgTWAUW5QaGAw","https://www.instagram.com/mestozilina/?hl=sk"]}]}</script>
<!-- / Yoast SEO plugin. -->

BLIŽŠIE K UMENIU - Žilinské kultúrne leto 2025

Prečo pokladáme Franza Liszta za slovenského skladateľa. &nbsp; Prednáša: Miroslav Demko &nbsp; Rosenfeldov palác ako kultúrna a umelecká inštitúcia zaradil do svojho pravidelného programu aj sériu prednášok o umení pod názvom „Bližšie k umeniu“.  Bude predstavovať a približovať širokej verejnosti témy dotýkajúce sa výtvarného umenia vo všeobecnosti, ale aj v jeho konkrétnosti. Na umenie sa [&hellip;]

Žilinské kultúrne leto 2025

Domovská stránka

júl, august, september

Kultúrne leto
