{"id":8431,"date":"2024-06-25T15:22:27","date_gmt":"2024-06-25T13:22:27","guid":{"rendered":"https:\/\/kulturneleto.eu\/?post_type=event_listing&#038;p=8431"},"modified":"2024-07-10T13:49:13","modified_gmt":"2024-07-10T11:49:13","slug":"teen-summer-24-zentangle-a-relaxacne-omalovanky","status":"publish","type":"event_listing","link":"https:\/\/kulturneleto.eu\/en\/event\/teen-summer-24-zentangle-a-relaxacne-omalovanky\/","title":{"rendered":"Teen Summer \u00b424 &#8211; Zentangle a Relaxa\u010dn\u00e9 oma\u013eov\u00e1nky"},"content":{"rendered":"<p>Ut\u00ed\u0161ime na\u0161u rozb\u00faren\u00fa myse\u013e, spomal\u00edme a zrelaxujeme pri jednoduchom kreslen\u00ed a ma\u013eovan\u00ed. Pre t\u00edned\u017eerov od 12 &#8211; 20 rokov. Vstup vo\u013en\u00fd.<\/p>\n<p>&nbsp;<\/p>\n<p>Zmena programu vyhraden\u00e1.<\/p>","protected":false},"featured_media":8529,"template":"","meta":[],"event_listing_category":[100],"event_listing_type":[83],"class_list":["post-8431","event_listing","type-event_listing","status-publish","has-post-thumbnail","hentry","event_listing_category-zkl2024","event_listing_type-ine"],"yoast_head":"<!-- This site is optimized with the Yoast SEO plugin v27.1.1 - https:\/\/yoast.com\/product\/yoast-seo-wordpress\/ -->\n<title>Teen Summer \u00b424 - Zentangle a Relaxa\u010dn\u00e9 oma\u013eov\u00e1nky - \u017dilinsk\u00e9 kult\u00farne leto 2025<\/title>\n<meta name=\"robots\" content=\"index, follow, max-snippet:-1, max-image-preview:large, max-video-preview:-1\" \/>\n<link rel=\"canonical\" href=\"https:\/\/kulturneleto.eu\/en\/event\/teen-summer-24-zentangle-a-relaxacne-omalovanky\/\" \/>\n<meta property=\"og:locale\" content=\"en_US\" \/>\n<meta property=\"og:type\" content=\"article\" \/>\n<meta property=\"og:title\" content=\"Teen Summer \u00b424 - Zentangle a Relaxa\u010dn\u00e9 oma\u013eov\u00e1nky - \u017dilinsk\u00e9 kult\u00farne leto 2025\" \/>\n<meta property=\"og:description\" content=\"Ut\u00ed\u0161ime na\u0161u rozb\u00faren\u00fa myse\u013e, spomal\u00edme a zrelaxujeme pri jednoduchom kreslen\u00ed a ma\u013eovan\u00ed. Pre t\u00edned\u017eerov od 12 &#8211; 20 rokov. Vstup vo\u013en\u00fd. &nbsp; Zmena programu vyhraden\u00e1.\" \/>\n<meta property=\"og:url\" content=\"https:\/\/kulturneleto.eu\/en\/event\/teen-summer-24-zentangle-a-relaxacne-omalovanky\/\" \/>\n<meta property=\"og:site_name\" content=\"\u017dilinsk\u00e9 kult\u00farne leto 2025\" \/>\n<meta property=\"article:publisher\" content=\"https:\/\/www.facebook.com\/Mesto-ilina-162541880519007\" \/>\n<meta property=\"article:modified_time\" content=\"2024-07-10T11:49:13+00:00\" \/>\n<meta property=\"og:image\" content=\"https:\/\/kulturneleto.eu\/wp-content\/uploads\/2024\/06\/teen-summer-scaled.jpg\" \/>\n\t<meta property=\"og:image:width\" content=\"1810\" \/>\n\t<meta property=\"og:image:height\" content=\"2560\" \/>\n\t<meta property=\"og:image:type\" content=\"image\/jpeg\" \/>\n<meta name=\"twitter:card\" content=\"summary_large_image\" \/>\n<meta name=\"twitter:label1\" content=\"Est. reading time\" \/>\n\t<meta name=\"twitter:data1\" content=\"1 minute\" \/>\n<script type=\"application\/ld+json\" class=\"yoast-schema-graph\">{\"@context\":\"https:\/\/schema.org\",\"@graph\":[{\"@type\":\"WebPage\",\"@id\":\"https:\/\/kulturneleto.eu\/event\/teen-summer-24-zentangle-a-relaxacne-omalovanky\/\",\"url\":\"https:\/\/kulturneleto.eu\/event\/teen-summer-24-zentangle-a-relaxacne-omalovanky\/\",\"name\":\"Teen Summer \u00b424 - Zentangle a Relaxa\u010dn\u00e9 oma\u013eov\u00e1nky - \u017dilinsk\u00e9 kult\u00farne leto 2025\",\"isPartOf\":{\"@id\":\"https:\/\/kulturneleto.eu\/#website\"},\"primaryImageOfPage\":{\"@id\":\"https:\/\/kulturneleto.eu\/event\/teen-summer-24-zentangle-a-relaxacne-omalovanky\/#primaryimage\"},\"image\":{\"@id\":\"https:\/\/kulturneleto.eu\/event\/teen-summer-24-zentangle-a-relaxacne-omalovanky\/#primaryimage\"},\"thumbnailUrl\":\"https:\/\/kulturneleto.eu\/wp-content\/uploads\/2024\/06\/teen-summer-scaled.jpg\",\"datePublished\":\"2024-06-25T13:22:27+00:00\",\"dateModified\":\"2024-07-10T11:49:13+00:00\",\"breadcrumb\":{\"@id\":\"https:\/\/kulturneleto.eu\/event\/teen-summer-24-zentangle-a-relaxacne-omalovanky\/#breadcrumb\"},\"inLanguage\":\"en-US\",\"potentialAction\":[{\"@type\":\"ReadAction\",\"target\":[\"https:\/\/kulturneleto.eu\/event\/teen-summer-24-zentangle-a-relaxacne-omalovanky\/\"]}]},{\"@type\":\"ImageObject\",\"inLanguage\":\"en-US\",\"@id\":\"https:\/\/kulturneleto.eu\/event\/teen-summer-24-zentangle-a-relaxacne-omalovanky\/#primaryimage\",\"url\":\"https:\/\/kulturneleto.eu\/wp-content\/uploads\/2024\/06\/teen-summer-scaled.jpg\",\"contentUrl\":\"https:\/\/kulturneleto.eu\/wp-content\/uploads\/2024\/06\/teen-summer-scaled.jpg\",\"width\":1810,\"height\":2560},{\"@type\":\"BreadcrumbList\",\"@id\":\"https:\/\/kulturneleto.eu\/event\/teen-summer-24-zentangle-a-relaxacne-omalovanky\/#breadcrumb\",\"itemListElement\":[{\"@type\":\"ListItem\",\"position\":1,\"name\":\"Domovsk\u00e1 str\u00e1nka\",\"item\":\"https:\/\/kulturneleto.eu\/\"},{\"@type\":\"ListItem\",\"position\":2,\"name\":\"Teen Summer \u00b424 &#8211; Zentangle a Relaxa\u010dn\u00e9 oma\u013eov\u00e1nky\"}]},{\"@type\":\"WebSite\",\"@id\":\"https:\/\/kulturneleto.eu\/#website\",\"url\":\"https:\/\/kulturneleto.eu\/\",\"name\":\"\u017dilinsk\u00e9 kult\u00farne leto 2025\",\"description\":\"j\u00fal, august, september\",\"publisher\":{\"@id\":\"https:\/\/kulturneleto.eu\/#organization\"},\"potentialAction\":[{\"@type\":\"SearchAction\",\"target\":{\"@type\":\"EntryPoint\",\"urlTemplate\":\"https:\/\/kulturneleto.eu\/?s={search_term_string}\"},\"query-input\":{\"@type\":\"PropertyValueSpecification\",\"valueRequired\":true,\"valueName\":\"search_term_string\"}}],\"inLanguage\":\"en-US\"},{\"@type\":\"Organization\",\"@id\":\"https:\/\/kulturneleto.eu\/#organization\",\"name\":\"Kult\u00farne leto\",\"url\":\"https:\/\/kulturneleto.eu\/\",\"logo\":{\"@type\":\"ImageObject\",\"inLanguage\":\"en-US\",\"@id\":\"https:\/\/kulturneleto.eu\/#\/schema\/logo\/image\/\",\"url\":\"https:\/\/kulturneleto.eu\/wp-content\/uploads\/2022\/06\/logo_zkl_2022_orange.png\",\"contentUrl\":\"https:\/\/kulturneleto.eu\/wp-content\/uploads\/2022\/06\/logo_zkl_2022_orange.png\",\"width\":330,\"height\":117,\"caption\":\"Kult\u00farne leto\"},\"image\":{\"@id\":\"https:\/\/kulturneleto.eu\/#\/schema\/logo\/image\/\"},\"sameAs\":[\"https:\/\/www.facebook.com\/Mesto-ilina-162541880519007\",\"https:\/\/www.youtube.com\/channel\/UCfY6Cc8yEeMgTWAUW5QaGAw\",\"https:\/\/www.instagram.com\/mestozilina\/?hl=sk\"]}]}<\/script>\n<!-- \/ Yoast SEO plugin. -->","yoast_head_json":{"title":"Teen Summer \u00b424 - Zentangle a Relaxa\u010dn\u00e9 oma\u013eov\u00e1nky - \u017dilinsk\u00e9 kult\u00farne leto 2025","robots":{"index":"index","follow":"follow","max-snippet":"max-snippet:-1","max-image-preview":"max-image-preview:large","max-video-preview":"max-video-preview:-1"},"canonical":"https:\/\/kulturneleto.eu\/en\/event\/teen-summer-24-zentangle-a-relaxacne-omalovanky\/","og_locale":"en_US","og_type":"article","og_title":"Teen Summer \u00b424 - Zentangle a Relaxa\u010dn\u00e9 oma\u013eov\u00e1nky - \u017dilinsk\u00e9 kult\u00farne leto 2025","og_description":"Ut\u00ed\u0161ime na\u0161u rozb\u00faren\u00fa myse\u013e, spomal\u00edme a zrelaxujeme pri jednoduchom kreslen\u00ed a ma\u013eovan\u00ed. Pre t\u00edned\u017eerov od 12 &#8211; 20 rokov. Vstup vo\u013en\u00fd. &nbsp; Zmena programu vyhraden\u00e1.","og_url":"https:\/\/kulturneleto.eu\/en\/event\/teen-summer-24-zentangle-a-relaxacne-omalovanky\/","og_site_name":"\u017dilinsk\u00e9 kult\u00farne leto 2025","article_publisher":"https:\/\/www.facebook.com\/Mesto-ilina-162541880519007","article_modified_time":"2024-07-10T11:49:13+00:00","og_image":[{"width":1810,"height":2560,"url":"https:\/\/kulturneleto.eu\/wp-content\/uploads\/2024\/06\/teen-summer-scaled.jpg","type":"image\/jpeg"}],"twitter_card":"summary_large_image","twitter_misc":{"Est. reading time":"1 minute"},"schema":{"@context":"https:\/\/schema.org","@graph":[{"@type":"WebPage","@id":"https:\/\/kulturneleto.eu\/event\/teen-summer-24-zentangle-a-relaxacne-omalovanky\/","url":"https:\/\/kulturneleto.eu\/event\/teen-summer-24-zentangle-a-relaxacne-omalovanky\/","name":"Teen Summer \u00b424 - Zentangle a Relaxa\u010dn\u00e9 oma\u013eov\u00e1nky - \u017dilinsk\u00e9 kult\u00farne leto 2025","isPartOf":{"@id":"https:\/\/kulturneleto.eu\/#website"},"primaryImageOfPage":{"@id":"https:\/\/kulturneleto.eu\/event\/teen-summer-24-zentangle-a-relaxacne-omalovanky\/#primaryimage"},"image":{"@id":"https:\/\/kulturneleto.eu\/event\/teen-summer-24-zentangle-a-relaxacne-omalovanky\/#primaryimage"},"thumbnailUrl":"https:\/\/kulturneleto.eu\/wp-content\/uploads\/2024\/06\/teen-summer-scaled.jpg","datePublished":"2024-06-25T13:22:27+00:00","dateModified":"2024-07-10T11:49:13+00:00","breadcrumb":{"@id":"https:\/\/kulturneleto.eu\/event\/teen-summer-24-zentangle-a-relaxacne-omalovanky\/#breadcrumb"},"inLanguage":"en-US","potentialAction":[{"@type":"ReadAction","target":["https:\/\/kulturneleto.eu\/event\/teen-summer-24-zentangle-a-relaxacne-omalovanky\/"]}]},{"@type":"ImageObject","inLanguage":"en-US","@id":"https:\/\/kulturneleto.eu\/event\/teen-summer-24-zentangle-a-relaxacne-omalovanky\/#primaryimage","url":"https:\/\/kulturneleto.eu\/wp-content\/uploads\/2024\/06\/teen-summer-scaled.jpg","contentUrl":"https:\/\/kulturneleto.eu\/wp-content\/uploads\/2024\/06\/teen-summer-scaled.jpg","width":1810,"height":2560},{"@type":"BreadcrumbList","@id":"https:\/\/kulturneleto.eu\/event\/teen-summer-24-zentangle-a-relaxacne-omalovanky\/#breadcrumb","itemListElement":[{"@type":"ListItem","position":1,"name":"Domovsk\u00e1 str\u00e1nka","item":"https:\/\/kulturneleto.eu\/"},{"@type":"ListItem","position":2,"name":"Teen Summer \u00b424 &#8211; Zentangle a Relaxa\u010dn\u00e9 oma\u013eov\u00e1nky"}]},{"@type":"WebSite","@id":"https:\/\/kulturneleto.eu\/#website","url":"https:\/\/kulturneleto.eu\/","name":"\u017dilinsk\u00e9 kult\u00farne leto 2025","description":"j\u00fal, august, september","publisher":{"@id":"https:\/\/kulturneleto.eu\/#organization"},"potentialAction":[{"@type":"SearchAction","target":{"@type":"EntryPoint","urlTemplate":"https:\/\/kulturneleto.eu\/?s={search_term_string}"},"query-input":{"@type":"PropertyValueSpecification","valueRequired":true,"valueName":"search_term_string"}}],"inLanguage":"en-US"},{"@type":"Organization","@id":"https:\/\/kulturneleto.eu\/#organization","name":"Kult\u00farne leto","url":"https:\/\/kulturneleto.eu\/","logo":{"@type":"ImageObject","inLanguage":"en-US","@id":"https:\/\/kulturneleto.eu\/#\/schema\/logo\/image\/","url":"https:\/\/kulturneleto.eu\/wp-content\/uploads\/2022\/06\/logo_zkl_2022_orange.png","contentUrl":"https:\/\/kulturneleto.eu\/wp-content\/uploads\/2022\/06\/logo_zkl_2022_orange.png","width":330,"height":117,"caption":"Kult\u00farne leto"},"image":{"@id":"https:\/\/kulturneleto.eu\/#\/schema\/logo\/image\/"},"sameAs":["https:\/\/www.facebook.com\/Mesto-ilina-162541880519007","https:\/\/www.youtube.com\/channel\/UCfY6Cc8yEeMgTWAUW5QaGAw","https:\/\/www.instagram.com\/mestozilina\/?hl=sk"]}]}},"_links":{"self":[{"href":"https:\/\/kulturneleto.eu\/en\/wp-json\/wp\/v2\/event_listing\/8431","targetHints":{"allow":["GET"]}}],"collection":[{"href":"https:\/\/kulturneleto.eu\/en\/wp-json\/wp\/v2\/event_listing"}],"about":[{"href":"https:\/\/kulturneleto.eu\/en\/wp-json\/wp\/v2\/types\/event_listing"}],"wp:featuredmedia":[{"embeddable":true,"href":"https:\/\/kulturneleto.eu\/en\/wp-json\/wp\/v2\/media\/8529"}],"wp:attachment":[{"href":"https:\/\/kulturneleto.eu\/en\/wp-json\/wp\/v2\/media?parent=8431"}],"wp:term":[{"taxonomy":"event_listing_category","embeddable":true,"href":"https:\/\/kulturneleto.eu\/en\/wp-json\/wp\/v2\/event_listing_category?post=8431"},{"taxonomy":"event_listing_type","embeddable":true,"href":"https:\/\/kulturneleto.eu\/en\/wp-json\/wp\/v2\/event_listing_type?post=8431"}],"curies":[{"name":"wp","href":"https:\/\/api.w.org\/{rel}","templated":true}]}}

Teen Summer ´24 &#8211; Zentangle a Relaxačné omaľovánky

<p>Utíšime našu rozbúrenú myseľ, spomalíme a zrelaxujeme pri jednoduchom kreslení a maľovaní. Pre tínedžerov od 12 &#8211; 20 rokov. Vstup voľný.</p>
<p>&nbsp;</p>
<p>Zmena programu vyhradená.</p>

<!-- This site is optimized with the Yoast SEO plugin v27.1.1 - https://yoast.com/product/yoast-seo-wordpress/ -->
<title>Teen Summer ´24 - Zentangle a Relaxačné omaľovánky - Žilinské kultúrne leto 2025</title>
<meta name="robots" content="index, follow, max-snippet:-1, max-image-preview:large, max-video-preview:-1" />
<link rel="canonical" href="https://kulturneleto.eu/en/event/teen-summer-24-zentangle-a-relaxacne-omalovanky/" />
<meta property="og:locale" content="en_US" />
<meta property="og:type" content="article" />
<meta property="og:title" content="Teen Summer ´24 - Zentangle a Relaxačné omaľovánky - Žilinské kultúrne leto 2025" />
<meta property="og:description" content="Utíšime našu rozbúrenú myseľ, spomalíme a zrelaxujeme pri jednoduchom kreslení a maľovaní. Pre tínedžerov od 12 &#8211; 20 rokov. Vstup voľný. &nbsp; Zmena programu vyhradená." />
<meta property="og:url" content="https://kulturneleto.eu/en/event/teen-summer-24-zentangle-a-relaxacne-omalovanky/" />
<meta property="og:site_name" content="Žilinské kultúrne leto 2025" />
<meta property="article:publisher" content="https://www.facebook.com/Mesto-ilina-162541880519007" />
<meta property="article:modified_time" content="2024-07-10T11:49:13+00:00" />
<meta property="og:image" content="https://kulturneleto.eu/wp-content/uploads/2024/06/teen-summer-scaled.jpg" />
	<meta property="og:image:width" content="1810" />
	<meta property="og:image:height" content="2560" />
	<meta property="og:image:type" content="image/jpeg" />
<meta name="twitter:card" content="summary_large_image" />
<meta name="twitter:label1" content="Est. reading time" />
	<meta name="twitter:data1" content="1 minute" />
<script type="application/ld+json" class="yoast-schema-graph">{"@context":"https://schema.org","@graph":[{"@type":"WebPage","@id":"https://kulturneleto.eu/event/teen-summer-24-zentangle-a-relaxacne-omalovanky/","url":"https://kulturneleto.eu/event/teen-summer-24-zentangle-a-relaxacne-omalovanky/","name":"Teen Summer ´24 - Zentangle a Relaxačné omaľovánky - Žilinské kultúrne leto 2025","isPartOf":{"@id":"https://kulturneleto.eu/#website"},"primaryImageOfPage":{"@id":"https://kulturneleto.eu/event/teen-summer-24-zentangle-a-relaxacne-omalovanky/#primaryimage"},"image":{"@id":"https://kulturneleto.eu/event/teen-summer-24-zentangle-a-relaxacne-omalovanky/#primaryimage"},"thumbnailUrl":"https://kulturneleto.eu/wp-content/uploads/2024/06/teen-summer-scaled.jpg","datePublished":"2024-06-25T13:22:27+00:00","dateModified":"2024-07-10T11:49:13+00:00","breadcrumb":{"@id":"https://kulturneleto.eu/event/teen-summer-24-zentangle-a-relaxacne-omalovanky/#breadcrumb"},"inLanguage":"en-US","potentialAction":[{"@type":"ReadAction","target":["https://kulturneleto.eu/event/teen-summer-24-zentangle-a-relaxacne-omalovanky/"]}]},{"@type":"ImageObject","inLanguage":"en-US","@id":"https://kulturneleto.eu/event/teen-summer-24-zentangle-a-relaxacne-omalovanky/#primaryimage","url":"https://kulturneleto.eu/wp-content/uploads/2024/06/teen-summer-scaled.jpg","contentUrl":"https://kulturneleto.eu/wp-content/uploads/2024/06/teen-summer-scaled.jpg","width":1810,"height":2560},{"@type":"BreadcrumbList","@id":"https://kulturneleto.eu/event/teen-summer-24-zentangle-a-relaxacne-omalovanky/#breadcrumb","itemListElement":[{"@type":"ListItem","position":1,"name":"Domovská stránka","item":"https://kulturneleto.eu/"},{"@type":"ListItem","position":2,"name":"Teen Summer ´24 &#8211; Zentangle a Relaxačné omaľovánky"}]},{"@type":"WebSite","@id":"https://kulturneleto.eu/#website","url":"https://kulturneleto.eu/","name":"Žilinské kultúrne leto 2025","description":"júl, august, september","publisher":{"@id":"https://kulturneleto.eu/#organization"},"potentialAction":[{"@type":"SearchAction","target":{"@type":"EntryPoint","urlTemplate":"https://kulturneleto.eu/?s={search_term_string}"},"query-input":{"@type":"PropertyValueSpecification","valueRequired":true,"valueName":"search_term_string"}}],"inLanguage":"en-US"},{"@type":"Organization","@id":"https://kulturneleto.eu/#organization","name":"Kultúrne leto","url":"https://kulturneleto.eu/","logo":{"@type":"ImageObject","inLanguage":"en-US","@id":"https://kulturneleto.eu/#/schema/logo/image/","url":"https://kulturneleto.eu/wp-content/uploads/2022/06/logo_zkl_2022_orange.png","contentUrl":"https://kulturneleto.eu/wp-content/uploads/2022/06/logo_zkl_2022_orange.png","width":330,"height":117,"caption":"Kultúrne leto"},"image":{"@id":"https://kulturneleto.eu/#/schema/logo/image/"},"sameAs":["https://www.facebook.com/Mesto-ilina-162541880519007","https://www.youtube.com/channel/UCfY6Cc8yEeMgTWAUW5QaGAw","https://www.instagram.com/mestozilina/?hl=sk"]}]}</script>
<!-- / Yoast SEO plugin. -->

Teen Summer ´24 - Zentangle a Relaxačné omaľovánky - Žilinské kultúrne leto 2025

Utíšime našu rozbúrenú myseľ, spomalíme a zrelaxujeme pri jednoduchom kreslení a maľovaní. Pre tínedžerov od 12 &#8211; 20 rokov. Vstup voľný. &nbsp; Zmena programu vyhradená.

Žilinské kultúrne leto 2025

Domovská stránka

júl, august, september

Kultúrne leto
